-- https://www.phpmyadmin.net/
--
-- Hôte : 127.0.0.1:3306
-- Généré le :  mar. 03 juin 2025 à 17:44
-- Version du serveur :  5.7.26
-- Version de PHP :  7.3.5

START TRANSACTION;



--
-- Base de données :  `closdanthonyresidence_2021`
--

-- --------------------------------------------------------

--
-- Structure de la table `cerber_acl`
--

CREATE TABLE IF NOT EXISTS `cerber_acl` (
  `ip` varchar(81) CHARACTER SET ascii NOT NULL,
  `ip_long_begin` bigint(20) UNSIGNED NOT NULL DEFAULT '0',
  `ip_long_end` bigint(20) UNSIGNED NOT NULL DEFAULT '0',
  `tag` char(1) NOT NULL COMMENT 'Type: B or W',
  `comments` varchar(250) NOT NULL,
  `acl_slice` smallint(5) UNSIGNED NOT NULL DEFAULT '0',
  `ver6` smallint(5) UNSIGNED NOT NULL DEFAULT '0',
  `v6range` varchar(255) CHARACTER SET ascii NOT NULL DEFAULT '',
  `req_uri` varchar(255) CHARACTER SET ascii NOT NULL DEFAULT '',
  KEY `main_for_selects` (`acl_slice`,`ver6`,`ip_long_begin`,`ip_long_end`,`tag`)
) ENGINE=InnoDB DEFAULT CHARSET=utf8 COMMENT='Cerber IP Access Lists';

--
-- Déchargement des données de la table `cerber_acl`
--

INSERT INTO `cerber_acl` (`ip`, `ip_long_begin`, `ip_long_end`, `tag`, `comments`, `acl_slice`, `ver6`, `v6range`, `req_uri`) VALUES
('41.202.219.*', 701160192, 701160447, 'W', 'My Subnet', 0, 0, '', '');

-- --------------------------------------------------------

--
-- Structure de la table `cerber_blocks`
--

CREATE TABLE IF NOT EXISTS `cerber_blocks` (
  `ip` varchar(39) CHARACTER SET ascii NOT NULL COMMENT 'Remote IP',
  `block_until` bigint(20) UNSIGNED NOT NULL COMMENT 'Unix timestamp',
  `reason` varchar(250) NOT NULL COMMENT 'Why IP was blocked',
  `reason_id` int(11) UNSIGNED NOT NULL DEFAULT '0',
  UNIQUE KEY `ip` (`ip`)
) ENGINE=InnoDB DEFAULT CHARSET=utf8 COMMENT='Cerber list of currently blocked IPs';

-- --------------------------------------------------------

--
-- Structure de la table `cerber_countries`
--

CREATE TABLE IF NOT EXISTS `cerber_countries` (
  `country` char(3) NOT NULL DEFAULT '' COMMENT 'Country code',
  `locale` char(10) NOT NULL DEFAULT '' COMMENT 'Locale i18n',
  `country_name` varchar(250) NOT NULL DEFAULT '' COMMENT 'Country name',
  PRIMARY KEY (`country`,`locale`)
) ENGINE=InnoDB DEFAULT CHARSET=utf8;

-- --------------------------------------------------------

--
-- Structure de la table `cerber_lab`
--

CREATE TABLE IF NOT EXISTS `cerber_lab` (
  `ip` varchar(39) CHARACTER SET ascii NOT NULL COMMENT 'Remote IP',
  `reason_id` int(11) UNSIGNED NOT NULL DEFAULT '0',
  `stamp` bigint(20) UNSIGNED NOT NULL COMMENT 'Unix timestamp',
  `details` text NOT NULL
) ENGINE=InnoDB DEFAULT CHARSET=utf8 COMMENT='Cerber lab cache';

-- --------------------------------------------------------

--
-- Structure de la table `cerber_lab_ip`
--

CREATE TABLE IF NOT EXISTS `cerber_lab_ip` (
  `ip` varchar(39) CHARACTER SET ascii NOT NULL COMMENT 'IP',
  `reputation` int(11) UNSIGNED NOT NULL COMMENT 'Reputation of IP',
  `expires` int(11) UNSIGNED NOT NULL COMMENT 'Unix timestamp',
  PRIMARY KEY (`ip`)
) ENGINE=InnoDB DEFAULT CHARSET=utf8 COMMENT='Cerber lab IP cache';

-- --------------------------------------------------------

--
-- Structure de la table `cerber_lab_net`
--

CREATE TABLE IF NOT EXISTS `cerber_lab_net` (
  `ip` varchar(39) CHARACTER SET ascii NOT NULL DEFAULT '' COMMENT 'IP address',
  `ip_long_begin` bigint(20) UNSIGNED NOT NULL DEFAULT '0',
  `ip_long_end` bigint(20) UNSIGNED NOT NULL DEFAULT '0',
  `country` char(3) CHARACTER SET ascii NOT NULL DEFAULT '' COMMENT 'Country code',
  `expires` int(11) UNSIGNED NOT NULL DEFAULT '0',
  PRIMARY KEY (`ip`),
  UNIQUE KEY `begin_end` (`ip_long_begin`,`ip_long_end`)
) ENGINE=InnoDB DEFAULT CHARSET=utf8 COMMENT='Cerber lab network cache';

-- --------------------------------------------------------

--
-- Structure de la table `cerber_log`
--

CREATE TABLE IF NOT EXISTS `cerber_log` (
  `ip` varchar(39) CHARACTER SET ascii NOT NULL COMMENT 'Remote IP',
  `ip_long` bigint(20) UNSIGNED NOT NULL DEFAULT '0',
  `user_login` varchar(60) NOT NULL COMMENT 'Username from HTTP request',
  `user_id` bigint(20) UNSIGNED NOT NULL DEFAULT '0',
  `stamp` decimal(14,4) NOT NULL,
  `activity` int(10) UNSIGNED NOT NULL DEFAULT '0',
  `session_id` char(32) CHARACTER SET ascii NOT NULL DEFAULT '',
  `country` char(3) CHARACTER SET ascii NOT NULL DEFAULT '' COMMENT 'Country code',
  `details` varchar(250) CHARACTER SET ascii NOT NULL DEFAULT '' COMMENT 'Details about HTTP request',
  KEY `ip` (`ip`),
  KEY `ip_long` (`ip_long`),
  KEY `session_index` (`session_id`)
) ENGINE=InnoDB DEFAULT CHARSET=utf8 COMMENT='Cerber activity log';

--
-- Déchargement des données de la table `cerber_log`
--

INSERT INTO `cerber_log` (`ip`, `ip_long`, `user_login`, `user_id`, `stamp`, `activity`, `session_id`, `country`, `details`) VALUES
('41.202.219.71', 701160263, 'Cl0d@nt2o', 0, '1613684105.2959', 7, 'sKnyzTO67h951NetCBjba2Yo', '', '39|0|0|0|closdanthonyresidence.com/wp-admin/admin-ajax.php'),
('41.202.219.71', 701160263, 'Cl0d@nt2o', 0, '1613684106.0065', 7, '5JeX7U8GyukMxtCA2adljvf9', '', '39|0|0|0|closdanthonyresidence.com/wp-login.php'),
('41.202.219.71', 701160263, 'Cl0d@nt2o', 0, '1613684226.1240', 7, '2kZoRLwqUbF3ey06xSDNXpYg', '', '39|0|0|0|closdanthonyresidence.com/wp-admin/admin-ajax.php'),
('41.202.219.71', 701160263, 'Cl0d@nt2o', 0, '1613684288.5182', 7, 's6ZiOHbSAYITNFjK1QdPWkXh', '', '39|0|0|0|closdanthonyresidence.com/wp-admin/admin-ajax.php'),
('41.202.219.71', 701160263, 'Cl0d@nt2o', 0, '1613684407.8001', 7, 'QfuLrvdl9SwJUx1ATIhYGm2k', '', '39|0|0|0|closdanthonyresidence.com/wp-admin/admin-ajax.php'),
('41.202.219.71', 701160263, 'Cl0d@nt2o', 0, '1613684526.7212', 7, 'oprnBNXS6QJmeTIa3V9ORLxg', '', '39|0|0|0|closdanthonyresidence.com/wp-admin/admin-ajax.php'),
('41.202.219.71', 701160263, 'Cl0d@nt2o', 0, '1613684650.7209', 7, 'qgmidH41wbjM7QAtf9CJs8Pe', '', '39|0|0|0|closdanthonyresidence.com/wp-admin/admin-ajax.php'),
('41.202.219.71', 701160263, 'Cl0d@nt2o', 0, '1613684767.4310', 7, 'm1WdTtVRa98lsIU7DeP5j26r', '', '39|0|0|0|closdanthonyresidence.com/wp-admin/admin-ajax.php'),
('41.202.219.71', 701160263, 'Cl0d@nt2o', 0, '1613686154.4484', 7, 'CzOjVvcqR2ETnylbZkguNAU8', '', '39|0|0|0|closdanthonyresidence.com/wp-admin/admin-ajax.php'),
('41.202.219.71', 701160263, 'Cl0d@nt2o', 0, '1613686170.8696', 7, '275KbfeORxdUyv98mE6N0hoj', '', '39|0|0|0|closdanthonyresidence.com/wp-login.php'),
('41.202.219.71', 701160263, 'Cl0d@nt2o', 1, '1613686170.9679', 5, '275KbfeORxdUyv98mE6N0hoj', '', '39|0|0|0|closdanthonyresidence.com/wp-login.php'),
('69.12.66.210', 1158431442, 'admin', 0, '1613688163.1591', 51, 'oE8NQJkpZmAUxbH6rPvSqG9T', '', '0|0|0|0|closdanthonyresidence.com/wp-login.php'),
('69.12.66.198', 1158431430, 'admin', 0, '1613702000.9659', 51, 'lGWHawZuiVRx8evhC4F1ojb5', '', '0|0|0|0|www.closdanthonyresidence.com/wp-login.php'),
('46.105.100.82', 778658898, 'admin', 0, '1613702824.8249', 51, 'xqA8wGL0jNTC9cSYbhUyJaOv', '', '0|0|0|0|closdanthonyresidence.com/wp-login.php'),
('192.99.5.14', 3227714830, 'admin', 0, '1613703275.3788', 51, 'ITxeBRqZa9UspgH6NYKnPDiF', '', '0|0|0|0|www.closdanthonyresidence.com/wp-login.php'),
('192.99.0.98', 3227713634, 'admin', 0, '1613707281.6188', 51, 'EGaRq9uXTxpKwMAoJc3YVZSN', '', '0|0|0|0|closdanthonyresidence.com/wp-login.php'),
('188.165.228.188', 3164988604, 'admin', 0, '1613711776.0688', 51, 'w1NOapGJMy345WsrLDY7XIUn', '', '0|0|0|0|www.closdanthonyresidence.com/wp-login.php'),
('62.210.83.193', 1053971393, 'admin', 0, '1613718045.4457', 51, 'vwRVIaNuQHTPt8hXjSGFeobl', '', '0|0|0|0|www.closdanthonyresidence.com/wp-login.php'),
('37.59.54.36', 624637476, 'admin', 0, '1613719621.6752', 51, 'ZHjCfzloXwvU04uYkFVxWp3J', '', '0|0|0|0|www.closdanthonyresidence.com/wp-login.php'),
('188.165.210.14', 3164983822, 'admin', 0, '1613720768.4246', 51, 'nZqt1Rem0aDBosEzb6UIG3fX', '', '0|0|0|0|www.closdanthonyresidence.com/wp-login.php'),
('69.12.66.210', 1158431442, 'admin', 0, '1613723898.0496', 51, '1VFtMUNkHlhE6AdWZGKRwngf', '', '0|0|0|0|closdanthonyresidence.com/wp-login.php'),
('192.99.14.189', 3227717309, 'admin', 0, '1613728879.3324', 51, 'HwcjYR8yzDWU3qpV7BKJ6OnX', '', '0|0|0|0|www.closdanthonyresidence.com/wp-login.php'),
('5.39.64.29', 86458397, 'admin', 0, '1613732854.4016', 51, 'hCsUTVGZzyljtdE42bn56gf1', '', '0|0|0|0|www.closdanthonyresidence.com/wp-login.php'),
('188.165.228.188', 3164988604, 'admin', 0, '1613737256.5794', 51, 'vnLDHChOKjABS9E3Z5myq8Pz', '', '0|0|0|0|www.closdanthonyresidence.com/wp-login.php'),
('69.12.66.203', 1158431435, 'admin', 0, '1613737818.3770', 51, 'egFpODKL0vJRdauoxtbk3rz5', '', '0|0|0|0|www.closdanthonyresidence.com/wp-login.php'),
('192.99.0.98', 3227713634, 'admin', 0, '1613738369.0065', 51, 'wE4QLA5Ue9I2hxDX3uj0dmiY', '', '0|0|0|0|closdanthonyresidence.com/wp-login.php'),
('5.39.64.46', 86458414, 'admin', 0, '1613740706.4748', 51, 's7JXMWkgR0ybO95oIrih2zja', '', '0|0|0|0|www.closdanthonyresidence.com/wp-login.php'),
('176.31.123.203', 2954853323, 'admin', 0, '1613742712.7669', 51, 'weK2gaLIm9xr50FYQvXkbPGu', '', '0|0|0|0|closdanthonyresidence.com/wp-login.php'),
('188.165.239.211', 3164991443, 'admin', 0, '1613744619.5475', 51, '6DE8ZMHWSaz2FULBT1xdYvCR', '', '0|0|0|0|www.closdanthonyresidence.com/wp-login.php'),
('188.165.239.119', 3164991351, 'admin', 0, '1613747407.7551', 51, '67Sb2TdUNvfCY0I1uVFnoP8t', '', '0|0|0|0|closdanthonyresidence.com/wp-login.php'),
('188.165.211.206', 3164984270, 'admin', 0, '1613749391.5685', 51, 'kaJBwTvzcCDAUItsPhMEo36V', '', '0|0|0|0|closdanthonyresidence.com/wp-login.php'),
('5.39.64.46', 86458414, 'admin', 0, '1613751535.1452', 51, 'qQRCrIoaESitVUWPu6dB80Tl', '', '0|0|0|0|closdanthonyresidence.com/wp-login.php'),
('192.95.30.59', 3227459131, 'admin', 0, '1613759322.5542', 51, 'R2Fken4QlDNw9xforqYsL8ga', '', '0|0|0|0|closdanthonyresidence.com/wp-login.php'),
('192.99.0.98', 3227713634, 'admin', 0, '1613761982.5533', 51, 'vmPqkeo1xhr7Etzj6KRflagB', '', '0|0|0|0|www.closdanthonyresidence.com/wp-login.php'),
('69.12.66.251', 1158431483, 'admin', 0, '1613762571.1256', 51, 'bV4tdielq298vsSArnxUHDyP', '', '0|0|0|0|closdanthonyresidence.com/wp-login.php'),
('192.95.30.59', 3227459131, 'admin', 0, '1613764169.2534', 51, 'EslSLCQnap4jOhwUdFMHrPu2', '', '0|0|0|0|closdanthonyresidence.com/wp-login.php'),
('192.99.14.189', 3227717309, 'admin', 0, '1613768423.0011', 51, '8XTUYfZG1rNP2jQHJlWImngh', '', '0|0|0|0|closdanthonyresidence.com/wp-login.php'),
('41.202.219.72', 701160264, 'Cl0d@nt2o', 1, '1613772764.9157', 5, 'YdOrnKbhiEtW4uvpHSjf7exA', '', '500|0|0|0|closdanthonyresidence.com/wp-login.php'),
('188.165.210.14', 3164983822, 'admin', 0, '1613780497.3912', 51, 'KlMHrNkbgX8Be4qYGpu6yLTF', '', '0|0|0|0|closdanthonyresidence.com/wp-login.php'),
('5.39.64.29', 86458397, 'admin', 0, '1613785677.2987', 51, 'VijCWsUYGSnh8MdOy9RzrBkJ', '', '0|0|0|0|www.closdanthonyresidence.com/wp-login.php'),
('5.39.64.46', 86458414, 'admin', 0, '1613786462.6285', 51, 'xrSD7RYpgtfG8TkXwFyCBoO1', '', '0|0|0|0|www.closdanthonyresidence.com/wp-login.php'),
('192.99.14.189', 3227717309, 'admin', 0, '1613789477.5176', 51, 'l9BJwMGF14o3tyCIrSOHLd6U', '', '0|0|0|0|closdanthonyresidence.com/wp-login.php'),
('188.165.239.211', 3164991443, 'admin', 0, '1613791183.3818', 51, 'krM5yBTiE7jRhKlQ82gtXGIH', '', '0|0|0|0|closdanthonyresidence.com/wp-login.php'),
('69.12.66.203', 1158431435, 'admin', 0, '1613795302.5677', 51, 'ScFNptZVo9HTfMrbUYdA2LXj', '', '0|0|0|0|www.closdanthonyresidence.com/wp-login.php'),
('69.12.66.210', 1158431442, 'admin', 0, '1613801673.0471', 51, 'aPj1UCYi5bh3pD9quBTZKy0z', '', '0|0|0|0|closdanthonyresidence.com/wp-login.php'),
('188.165.194.99', 3164979811, 'admin', 0, '1613803882.5621', 51, 'YlVEq1S7fAyxRKT63C29zhFs', '', '0|0|0|0|www.closdanthonyresidence.com/wp-login.php'),
('158.69.253.57', 2655386937, 'admin', 0, '1613804382.3816', 51, 'AZ61hlqaBJSdw5L4frP90nK3', '', '0|0|0|0|closdanthonyresidence.com/wp-login.php'),
('192.95.30.59', 3227459131, 'admin', 0, '1613806460.8576', 51, 'fMpckvoYyJbFB5tX39Q2CHxw', '', '0|0|0|0|closdanthonyresidence.com/wp-login.php'),
('37.59.47.61', 624635709, 'admin', 0, '1613810520.5854', 51, 'NbAaLo0tZMkcehCOTmWGYzSw', '', '0|0|0|0|closdanthonyresidence.com/wp-login.php'),
('158.69.250.210', 2655386322, 'admin', 0, '1613813427.4682', 51, 'Ivdt5jNRQBx86V7OnfZElyWi', '', '0|0|0|0|www.closdanthonyresidence.com/wp-login.php'),
('5.39.64.46', 86458414, 'admin', 0, '1613815516.8414', 51, '3iDtNUjcYeoZw81E7m4TqSa2', '', '0|0|0|0|www.closdanthonyresidence.com/wp-login.php'),
('62.210.82.165', 1053971109, 'admin', 0, '1613816774.7896', 51, 'c6iZaf0ot1WeNPhzrQXGJ5An', '', '0|0|0|0|www.closdanthonyresidence.com/wp-login.php'),
('62.210.82.165', 1053971109, 'admin', 0, '1613834253.8808', 51, 'EqT6AGVxj1LfetiNsldHmavh', '', '0|0|0|0|www.closdanthonyresidence.com/wp-login.php'),
('37.187.74.109', 633031277, 'admin', 0, '1613835100.3707', 51, '6nlIQ59vVhabMsABi20cCk8F', '', '0|0|0|0|www.closdanthonyresidence.com/wp-login.php'),
('192.99.8.102', 3227715686, 'admin', 0, '1613838303.5395', 51, 'gZVR4DyFeCGJAPuTHhxXSIw2', '', '0|0|0|0|www.closdanthonyresidence.com/wp-login.php'),
('192.95.30.59', 3227459131, 'admin', 0, '1613840295.7865', 51, 'Kw10S4eqOkYLrE6uvgNaVCsD', '', '0|0|0|0|www.closdanthonyresidence.com/wp-login.php'),
('188.165.228.188', 3164988604, 'admin', 0, '1613840734.4552', 51, '5Fu07awE6UyeschQY8Ov2XZM', '', '0|0|0|0|closdanthonyresidence.com/wp-login.php'),
('5.39.64.46', 86458414, 'admin', 0, '1613864895.0243', 51, 'McNadoqQZtrRlj8s9I3kBgex', '', '0|0|0|0|closdanthonyresidence.com/wp-login.php'),
('188.165.239.211', 3164991443, 'admin', 0, '1613867323.1260', 51, 'H67MagUmOrzCIvfGDhPS5VF3', '', '0|0|0|0|www.closdanthonyresidence.com/wp-login.php'),
('188.165.239.119', 3164991351, 'admin', 0, '1613872831.7610', 51, 'fQXHBCLock0s9DNYp2xWhKUl', '', '0|0|0|0|www.closdanthonyresidence.com/wp-login.php'),
('69.12.66.198', 1158431430, 'admin', 0, '1613873145.7329', 51, 'x8nwKJRlEou9NbpZGgesPm61', '', '0|0|0|0|www.closdanthonyresidence.com/wp-login.php'),
('62.210.83.172', 1053971372, 'admin', 0, '1613879529.5507', 51, 'Xt03A2pYozMREfaG1q6IPyLK', '', '0|0|0|0|closdanthonyresidence.com/wp-login.php'),
('188.165.194.99', 3164979811, 'admin', 0, '1613891216.5924', 51, 'jy0FeEh3kzqBltL1TMHDUNa4', '', '0|0|0|0|closdanthonyresidence.com/wp-login.php'),
('69.12.66.198', 1158431430, 'admin', 0, '1613894595.7336', 51, 'fQcuvhzANIPgyL5j7lStxBrp', '', '0|0|0|0|www.closdanthonyresidence.com/wp-login.php'),
('37.59.47.61', 624635709, 'admin', 0, '1613900505.1676', 51, 'vukiEOX26omF7TpVy8bY1fQs', '', '0|0|0|0|www.closdanthonyresidence.com/wp-login.php'),
('188.165.239.211', 3164991443, 'admin', 0, '1613901709.5075', 51, 'eHK1RxNQFqMVi7bfYA3ztnXj', '', '0|0|0|0|www.closdanthonyresidence.com/wp-login.php'),
('192.95.30.65', 3227459137, 'admin', 0, '1613908714.5588', 51, 'ROToPxl5NJGp69cVYLbhSdns', '', '0|0|0|0|www.closdanthonyresidence.com/wp-login.php'),
('62.210.83.193', 1053971393, 'admin', 0, '1613912040.0085', 51, 'noB1FGWVlNkwSTODXRLmiba5', '', '0|0|0|0|www.closdanthonyresidence.com/wp-login.php'),
('188.165.210.14', 3164983822, 'admin', 0, '1613916727.2043', 51, 'gheAkEvdTVor9mHZ7SYqbjaR', '', '0|0|0|0|www.closdanthonyresidence.com/wp-login.php'),
('62.210.83.193', 1053971393, 'admin', 0, '1613918335.9431', 51, 'PnKR4l9JiD07zvxwAOgYsFbM', '', '0|0|0|0|closdanthonyresidence.com/wp-login.php'),
('37.187.74.109', 633031277, 'admin', 0, '1613930123.7112', 51, 'iP7fOTbr30twWZ4szcJFyhBK', '', '0|0|0|0|closdanthonyresidence.com/wp-login.php'),
('62.210.83.172', 1053971372, 'admin', 0, '1613933433.9430', 51, 'UoshnZSLjDKTgPW3fvpM79Qe', '', '0|0|0|0|www.closdanthonyresidence.com/wp-login.php'),
('62.210.83.193', 1053971393, 'admin', 0, '1613951038.8022', 51, 'T5eizfbG9xNDW4L3gstHmXRd', '', '0|0|0|0|www.closdanthonyresidence.com/wp-login.php'),
('5.39.64.29', 86458397, 'admin', 0, '1613955135.3159', 51, 'UhpfvZVP5usMm1xbcyK3G70i', '', '0|0|0|0|www.closdanthonyresidence.com/wp-login.php'),
('69.12.66.251', 1158431483, 'admin', 0, '1613957470.5896', 51, '5F7249aqNovbOHV3rewMRnd6', '', '0|0|0|0|closdanthonyresidence.com/wp-login.php'),
('37.59.54.36', 624637476, 'admin', 0, '1613959797.7587', 51, 'AD2q1ntSjC9rdRGlifL8azIx', '', '0|0|0|0|closdanthonyresidence.com/wp-login.php'),
('195.154.185.7', 3281697031, 'admin', 0, '1613972591.2028', 51, 'MbNUVgBl9etoP5s6Su8LGa4r', '', '0|0|0|0|www.closdanthonyresidence.com/wp-login.php'),
('62.210.83.193', 1053971393, 'admin', 0, '1613990095.7212', 51, '3LGXVJHChNge5AI92S4jxsKo', '', '0|0|0|0|www.closdanthonyresidence.com/wp-login.php'),
('69.12.66.210', 1158431442, 'admin', 0, '1613996483.6619', 51, 'J1tGYepEPAz098gclQf5Ix2s', '', '0|0|0|0|closdanthonyresidence.com/wp-login.php'),
('41.202.219.78', 701160270, 'Cl0d@nt2o', 1, '1614090076.1227', 5, '2c46BpaRA7mS1XQUrEDJhtKO', '', '500|0|0|0|closdanthonyresidence.com/wp-login.php'),
('41.202.219.78', 701160270, 'Cl0d@nt2o', 1, '1614090091.6019', 5, 'u5yxaG9FVTA3ErhpngDf0ozv', '', '500|0|0|0|closdanthonyresidence.com/wp-login.php'),
('41.202.219.72', 701160264, 'Cl0d@nt2o', 1, '1614367510.9163', 5, 'W4apTPmG9bE6zkuBqLUCeDxF', '', '500|0|0|0|closdanthonyresidence.com/wp-login.php'),
('41.202.219.71', 701160263, 'Cl0d@nt2o', 1, '1614721729.0977', 5, 'GyB48mUqczIH7F56rMNoDdvL', '', '500|0|0|0|closdanthonyresidence.com/wp-login.php'),
('41.202.219.68', 701160260, 'Cl0d@nt2o', 1, '1614806395.7545', 5, '18QGOD3pXod4PYswjRkVUSem', '', '500|0|0|0|closdanthonyresidence.com/wp-login.php'),
('41.202.219.68', 701160260, '@Birk0v_2806', 0, '1614806886.2130', 51, 'ChlJy2HeUAzdYNaFPWfE5pVQ', '', '0|0|0|0|closdanthonyresidence.com/wp-login.php'),
('41.202.219.68', 701160260, '@Birk0v_2806', 0, '1614806893.7935', 51, 'kQcdRxPYwDqtWpyohvIjK3ul', '', '0|0|0|0|closdanthonyresidence.com/wp-login.php'),
('::1', 1, 'admin', 2, '1614808431.8822', 20, 'ZmJsXkMYTgKqfbce94aQyrSj', '', '0|0|0|0|localhost/closdanthonyresidence.com_new/wp-login.php'),
('::1', 1, 'admin', 2, '1614808431.9274', 5, 'ZmJsXkMYTgKqfbce94aQyrSj', '', '0|0|0|0|localhost/closdanthonyresidence.com_new/wp-login.php'),
('127.0.0.1', 2130706433, 'admin', 2, '1614808567.8376', 5, 'KzUrZfO8AoVL6CJdF05lThYQ', '', '0|0|0|0|localhost/closdanthonyresidence.com_new/wp-login.php'),
('127.0.0.1', 2130706433, '', 2, '1614808590.0265', 6, '8eYX7UmIdGizSHfhWCTApvLq', '', '0|0|0|0|localhost/closdanthonyresidence.com_new/wp-login.php'),
('127.0.0.1', 2130706433, 'admin', 2, '1614808593.4210', 5, 'IcuXJfmUA6GwH4ZFbj8tdW9M', '', '0|0|0|0|localhost/closdanthonyresidence.com_new/wp-login.php'),
('127.0.0.1', 2130706433, '', 2, '1614808636.9136', 6, 'VLh83fkuJQlaAmvi4t9IMepj', '', '0|0|0|0|localhost/closdanthonyresidence.com_new/wp-login.php'),
('127.0.0.1', 2130706433, 'admin', 2, '1614808641.4066', 5, 'UH2Clf9aON75KpD80gjd6sRL', '', '0|0|0|0|localhost/closdanthonyresidence.com_new/wp-login.php'),
('::1', 1, 'admin', 0, '1614808675.3385', 7, '3ntR9imEeQCvz6SABds7GXxO', '', '39|0|0|0|localhost/closdanthonyresidence.com_new/wp-admin/'),
('::1', 1, 'admin', 0, '1614808676.1770', 7, 'j9VmqYyQP8XCObuL6MTRziDw', '', '39|0|0|0|localhost/closdanthonyresidence.com_new/wp-login.php'),
('::1', 1, 'admin', 2, '1614808685.1048', 20, 'mYe4a6SbigzLJd05A18wRGHr', '', '0|0|0|0|localhost/closdanthonyresidence.com_new/wp-login.php'),
('::1', 1, 'admin', 2, '1614808685.1703', 5, 'mYe4a6SbigzLJd05A18wRGHr', '', '0|0|0|0|localhost/closdanthonyresidence.com_new/wp-login.php'),
('::1', 1, 'admin', 0, '1614808914.8206', 51, 'zIqyQGW3VPguAcasB0EJjLRm', '', '39|0|0|0|localhost/closdanthonyresidence.com_new/wp-admin/'),
('::1', 1, 'admin', 0, '1614808915.6475', 51, 'ScvZ0ri5nGh6KzodeHlsPQLg', '', '39|0|0|0|localhost/closdanthonyresidence.com_new/wp-login.php'),
('::1', 1, 'Cl0d@nt2o', 1, '1614808932.3676', 5, 'opHM6QmvnCK27Pj0SFxDYNs9', '', '0|0|0|0|localhost/closdanthonyresidence.com_new/wp-login.php'),
('::1', 1, 'adm1n', 1, '1614808999.7087', 20, '3FaAQR91WmNsd0xCTY7LvIru', '', '0|0|0|0|localhost/closdanthonyresidence.com_new/wp-login.php'),
('::1', 1, 'adm1n', 1, '1614808999.7357', 5, '3FaAQR91WmNsd0xCTY7LvIru', '', '0|0|0|0|localhost/closdanthonyresidence.com_new/wp-login.php'),
('::1', 1, '', 1, '1614809008.0748', 6, 'c1qlAuYt3aMZBCPjJ8bNRnTI', '', '0|0|0|0|localhost/closdanthonyresidence.com_new/wp-login.php'),
('::1', 1, 'adm1n', 1, '1614809013.2550', 5, 'HUBQY3focaiF6zMkxXjZP10l', '', '0|0|0|0|localhost/closdanthonyresidence.com_new/wp-login.php'),
('127.0.0.1', 2130706433, 'admin', 0, '1614809946.2941', 51, 'VbDvkSrXZz5oAxMBylUEWgHG', '', '39|0|0|0|localhost/closdanthonyresidence.com_new/'),
('127.0.0.1', 2130706433, 'admin', 0, '1614809947.3667', 51, 'ChETXAjMr4ya6PH5W79RFmZi', '', '39|0|0|0|localhost/closdanthonyresidence.com_new/'),
('127.0.0.1', 2130706433, 'admin', 0, '1614811289.9596', 51, '1rgldIH4vKo7J2hFpSZN985x', '', '39|0|0|0|localhost/closdanthonyresidence.com_new/'),
('127.0.0.1', 2130706433, 'admin', 0, '1614811290.9823', 51, 'tExwjm5pYzrML2AqihUC7Ddk', '', '39|0|0|0|localhost/closdanthonyresidence.com_new/wp-content/themes/hotel-galaxy/images/residence.jpeg'),
('127.0.0.1', 2130706433, 'admin', 0, '1614811291.0277', 51, 'gE5Fwhnqbcs3jvpz1O8BfJXu', '', '39|0|0|0|localhost/closdanthonyresidence.com_new/'),
('127.0.0.1', 2130706433, '', 0, '1614811291.0493', 10, 'gE5Fwhnqbcs3jvpz1O8BfJXu', '', '701|0|0|0|localhost/closdanthonyresidence.com_new/'),
('127.0.0.1', 2130706433, 'admin', 0, '1614811762.4168', 51, 'm8KwfniMlNVQOUyLWSPAozqC', '', '39|0|0|0|localhost/closdanthonyresidence.com_new/'),
('127.0.0.1', 2130706433, 'admin', 0, '1614811763.3514', 51, '5efnACdsTPYiIpqH13v4NaQ8', '', '39|0|0|0|localhost/closdanthonyresidence.com_new/wp-content/themes/hotel-galaxy/images/residence.jpeg'),
('127.0.0.1', 2130706433, 'admin', 0, '1614811763.6293', 51, 'JIk3bHipdqmArzhas4lVcGu1', '', '39|0|0|0|localhost/closdanthonyresidence.com_new/'),
('127.0.0.1', 2130706433, 'admin', 0, '1614812271.9130', 51, 'amfPrync8z63YCgKFIlOpeUW', '', '39|0|0|0|localhost/closdanthonyresidence.com_new/'),
('127.0.0.1', 2130706433, 'admin', 0, '1614812273.0094', 51, 'ikoHa6jdE9LtDzAQwhOZpC73', '', '39|0|0|0|localhost/closdanthonyresidence.com_new/wp-content/themes/hotel-galaxy/images/residence.jpeg'),
('127.0.0.1', 2130706433, 'admin', 0, '1614812273.1768', 51, 'dSFGVoyIbiNnP6Z23j8Oqmc9', '', '39|0|0|0|localhost/closdanthonyresidence.com_new/'),
('127.0.0.1', 2130706433, 'admin', 0, '1614812472.3746', 51, '5jPJkA2StL4MzyDvosqigKal', '', '39|0|0|0|localhost/closdanthonyresidence.com_new/'),
('127.0.0.1', 2130706433, 'admin', 0, '1614812473.3656', 51, 'C1hgbUiTmdyGz7Hf8IOnlw5x', '', '39|0|0|0|localhost/closdanthonyresidence.com_new/wp-content/themes/hotel-galaxy/images/residence.jpeg'),
('127.0.0.1', 2130706433, 'admin', 0, '1614812473.4375', 51, 'BGzAbsLnQJia3UwvlrmgMe5y', '', '39|0|0|0|localhost/closdanthonyresidence.com_new/'),
('127.0.0.1', 2130706433, 'admin', 0, '1614821253.0869', 51, 'evqxfTUGOFu1Lj9M3PX8sWlC', '', '39|0|0|0|localhost/closdanthonyresidence.com_new/'),
('127.0.0.1', 2130706433, 'admin', 0, '1614821255.3434', 51, 'i23zDI6rgwNOJBQ0KGCHyMPX', '', '39|0|0|0|localhost/closdanthonyresidence.com_new/'),
('127.0.0.1', 2130706433, 'admin', 0, '1614822207.7925', 51, 'ocTBxHJFdEAlw7OirGSuYs8v', '', '39|0|0|0|localhost/closdanthonyresidence.com_new/'),
('127.0.0.1', 2130706433, 'admin', 0, '1614822209.3103', 51, 'iYTgzd0rHeLsoQxwSlqpCtMh', '', '39|0|0|0|localhost/closdanthonyresidence.com_new/'),
('127.0.0.1', 2130706433, 'admin', 0, '1614822218.0487', 51, 'yLsIMUS6JdAuKrB8a1xCczWF', '', '39|0|0|0|localhost/closdanthonyresidence.com_new/'),
('127.0.0.1', 2130706433, '', 0, '1614822218.0891', 10, 'yLsIMUS6JdAuKrB8a1xCczWF', '', '701|0|0|0|localhost/closdanthonyresidence.com_new/'),
('127.0.0.1', 2130706433, 'admin', 0, '1614822219.0086', 51, 'oOAGDx8mVzwFM9EJgbuHn7pW', '', '39|0|0|0|localhost/closdanthonyresidence.com_new/'),
('127.0.0.1', 2130706433, 'admin', 0, '1614822222.7794', 51, 'A4YFhRuOlWB9QVyxHXeo3qs7', '', '39|0|0|0|localhost/closdanthonyresidence.com_new/'),
('127.0.0.1', 2130706433, 'admin', 0, '1614822223.8548', 51, 'vkgNAfDhoCq9ZuOW5KtdrMEG', '', '39|0|0|0|localhost/closdanthonyresidence.com_new/'),
('127.0.0.1', 2130706433, 'admin', 0, '1614824289.9036', 51, 'dseiIluHLyBn1XwEvq74omSf', '', '39|0|0|0|localhost/closdanthonyresidence.com_new/'),
('127.0.0.1', 2130706433, 'admin', 0, '1614824291.0397', 51, 'kZjwJhnWi7Hx5got8bMedvFu', '', '39|0|0|0|localhost/closdanthonyresidence.com_new/');

-- --------------------------------------------------------

--
-- Structure de la table `cerber_qmem`
--

CREATE TABLE IF NOT EXISTS `cerber_qmem` (
  `ip` varchar(39) CHARACTER SET ascii NOT NULL,
  `http_code` int(10) UNSIGNED NOT NULL,
  `stamp` int(10) UNSIGNED NOT NULL,
  KEY `ip_stamp` (`ip`,`stamp`)
) ENGINE=InnoDB DEFAULT CHARSET=utf8;

-- --------------------------------------------------------

--
-- Structure de la table `cerber_traffic`
--

CREATE TABLE IF NOT EXISTS `cerber_traffic` (
  `ip` varchar(39) CHARACTER SET ascii NOT NULL,
  `ip_long` bigint(20) UNSIGNED NOT NULL DEFAULT '0',
  `hostname` varchar(250) NOT NULL DEFAULT '',
  `uri` text NOT NULL,
  `request_fields` mediumtext CHARACTER SET utf8mb4 COLLATE utf8mb4_unicode_ci,
  `request_details` mediumtext NOT NULL,
  `session_id` char(32) CHARACTER SET ascii NOT NULL,
  `user_id` bigint(20) UNSIGNED NOT NULL DEFAULT '0',
  `stamp` decimal(14,4) NOT NULL,
  `processing` int(10) NOT NULL DEFAULT '0',
  `country` char(3) CHARACTER SET ascii NOT NULL DEFAULT '',
  `request_method` char(8) CHARACTER SET ascii NOT NULL,
  `http_code` int(10) UNSIGNED NOT NULL,
  `wp_id` bigint(20) UNSIGNED NOT NULL DEFAULT '0',
  `wp_type` int(10) UNSIGNED NOT NULL DEFAULT '0',
  `is_bot` int(10) UNSIGNED NOT NULL DEFAULT '0',
  `blog_id` int(10) UNSIGNED NOT NULL DEFAULT '0',
  `php_errors` text NOT NULL,
  `req_status` int(10) UNSIGNED NOT NULL DEFAULT '0',
  KEY `stamp` (`stamp`)
) ENGINE=InnoDB DEFAULT CHARSET=utf8;

--
-- Déchargement des données de la table `cerber_traffic`
--

INSERT INTO `cerber_traffic` (`ip`, `ip_long`, `hostname`, `uri`, `request_fields`, `request_details`, `session_id`, `user_id`, `stamp`, `processing`, `country`, `request_method`, `http_code`, `wp_id`, `wp_type`, `is_bot`, `blog_id`, `php_errors`, `req_status`) VALUES
('41.202.219.71', 701160263, '', 'http://localhost/closdanthonyresidence.com/wp-admin/admin-ajax.php', '', '{\"1\":\"Mozilla\\/5.0 (Windows NT 6.3; Win64; x64; rv:85.0) Gecko\\/20100101 Firefox\\/85.0\",\"2\":\"http:\\/\\/localhost\\/closdanthonyresidence.com\\/wp-admin\\/plugins.php?plugin_status=all&paged=1&s\"}', 'sKnyzTO67h951NetCBjba2Yo', 0, '1613684105.1521', 370, '', 'POST', 200, 0, 500, 0, 1, '', 510),
('41.202.219.71', 701160263, '', 'http://localhost/closdanthonyresidence.com/wp-login.php?interim-login=1&wp_lang=fr_FR', '', '{\"1\":\"Mozilla\\/5.0 (Windows NT 6.3; Win64; x64; rv:85.0) Gecko\\/20100101 Firefox\\/85.0\",\"2\":\"http:\\/\\/localhost\\/closdanthonyresidence.com\\/wp-admin\\/plugins.php?plugin_status=all&paged=1&s\"}', '5JeX7U8GyukMxtCA2adljvf9', 0, '1613684105.9252', 181, '', 'GET', 200, 0, 600, 0, 1, '', 510),
('41.202.219.71', 701160263, '', 'http://localhost/closdanthonyresidence.com/wp-admin/admin-ajax.php', '', '{\"1\":\"Mozilla\\/5.0 (Windows NT 6.3; Win64; x64; rv:85.0) Gecko\\/20100101 Firefox\\/85.0\",\"2\":\"http:\\/\\/localhost\\/closdanthonyresidence.com\\/wp-admin\\/plugins.php?plugin_status=all&paged=1&s\"}', '2kZoRLwqUbF3ey06xSDNXpYg', 0, '1613684225.9548', 382, '', 'POST', 200, 0, 500, 0, 1, '', 510),
('41.202.219.71', 701160263, '', 'http://localhost/closdanthonyresidence.com/wp-admin/admin-ajax.php', '', '{\"1\":\"Mozilla\\/5.0 (Windows NT 6.3; Win64; x64; rv:85.0) Gecko\\/20100101 Firefox\\/85.0\",\"2\":\"http:\\/\\/localhost\\/closdanthonyresidence.com\\/wp-admin\\/plugins.php?plugin_status=all&paged=1&s\"}', 's6ZiOHbSAYITNFjK1QdPWkXh', 0, '1613684288.3663', 322, '', 'POST', 200, 0, 500, 0, 1, '', 510),
('41.202.219.71', 701160263, '', 'http://localhost/closdanthonyresidence.com/wp-admin/admin-ajax.php', '', '{\"1\":\"Mozilla\\/5.0 (Windows NT 6.3; Win64; x64; rv:85.0) Gecko\\/20100101 Firefox\\/85.0\",\"2\":\"http:\\/\\/localhost\\/closdanthonyresidence.com\\/wp-admin\\/plugins.php?plugin_status=all&paged=1&s\"}', 'QfuLrvdl9SwJUx1ATIhYGm2k', 0, '1613684407.0943', 2817, '', 'POST', 200, 0, 500, 0, 1, '', 510),
('41.202.219.71', 701160263, '', 'http://localhost/closdanthonyresidence.com/wp-admin/admin-ajax.php', '', '{\"1\":\"Mozilla\\/5.0 (Windows NT 6.3; Win64; x64; rv:85.0) Gecko\\/20100101 Firefox\\/85.0\",\"2\":\"http:\\/\\/localhost\\/closdanthonyresidence.com\\/wp-admin\\/plugins.php?plugin_status=all&paged=1&s\"}', 'oprnBNXS6QJmeTIa3V9ORLxg', 0, '1613684526.5623', 1866, '', 'POST', 200, 0, 500, 0, 1, '', 510),
('41.202.219.71', 701160263, '', 'http://localhost/closdanthonyresidence.com/wp-admin/admin-ajax.php', '', '{\"1\":\"Mozilla\\/5.0 (Windows NT 6.3; Win64; x64; rv:85.0) Gecko\\/20100101 Firefox\\/85.0\",\"2\":\"http:\\/\\/localhost\\/closdanthonyresidence.com\\/wp-admin\\/plugins.php?plugin_status=all&paged=1&s\"}', 'qgmidH41wbjM7QAtf9CJs8Pe', 0, '1613684650.5645', 460, '', 'POST', 200, 0, 500, 0, 1, '', 510),
('41.202.219.71', 701160263, '', 'http://localhost/closdanthonyresidence.com/wp-admin/admin-ajax.php', '', '{\"1\":\"Mozilla\\/5.0 (Windows NT 6.3; Win64; x64; rv:85.0) Gecko\\/20100101 Firefox\\/85.0\",\"2\":\"http:\\/\\/localhost\\/closdanthonyresidence.com\\/wp-admin\\/plugins.php?plugin_status=all&paged=1&s\"}', 'm1WdTtVRa98lsIU7DeP5j26r', 0, '1613684767.2929', 305, '', 'POST', 200, 0, 500, 0, 1, '', 510),
('41.202.219.71', 701160263, '', 'http://localhost/closdanthonyresidence.com/wp-admin/admin-ajax.php', '', '{\"1\":\"Mozilla\\/5.0 (Windows NT 6.3; Win64; x64; rv:85.0) Gecko\\/20100101 Firefox\\/85.0\",\"2\":\"http:\\/\\/localhost\\/closdanthonyresidence.com\\/wp-admin\\/plugins.php?plugin_status=all&paged=1&s\"}', 'CzOjVvcqR2ETnylbZkguNAU8', 0, '1613686154.1470', 2049, '', 'POST', 200, 0, 500, 0, 1, '', 510),
('41.202.219.71', 701160263, '', 'http://localhost/closdanthonyresidence.com/wp-login.php', '', '{\"1\":\"Mozilla\\/5.0 (Windows NT 6.3; Win64; x64; rv:85.0) Gecko\\/20100101 Firefox\\/85.0\",\"2\":\"http:\\/\\/localhost\\/closdanthonyresidence.com\\/wp-login.php?interim-login=1&wp_lang=fr_FR\"}', '275KbfeORxdUyv98mE6N0hoj', 1, '1613686170.7851', 189, '', 'POST', 200, 0, 600, 0, 1, '', 510),
('69.12.66.210', 1158431442, '', 'http://localhost/closdanthonyresidence.com/wp-login.php', '', '{\"1\":\"Mozilla\\/5.0 (Windows NT 10.0; WOW64) AppleWebKit\\/537.36 (KHTML, like Gecko) Chrome\\/56.0.2924.87 Safari\\/537.36\"}', 'oE8NQJkpZmAUxbH6rPvSqG9T', 0, '1613688160.6559', 2522, '', 'POST', 403, 0, 600, 0, 1, '', 0),
('69.12.66.198', 1158431430, '', 'https://www.closdanthonyresidence.com/wp-login.php', '', '{\"1\":\"Mozilla\\/5.0 (Windows NT 6.1; Win64; x64) AppleWebKit\\/537.36 (KHTML, like Gecko) Chrome\\/60.0.3112.113 Safari\\/537.36\"}', 'lGWHawZuiVRx8evhC4F1ojb5', 0, '1613702000.5718', 421, '', 'POST', 403, 0, 600, 0, 1, '', 0),
('46.105.100.82', 778658898, '', 'http://localhost/closdanthonyresidence.com/wp-login.php?redirect_to=http://localhost/closdanthonyresidence.com/wp-admin/', '', '{\"1\":\"Mozilla\\/5.0 (Macintosh; Intel Mac OS X 10.15; rv:75.0) Gecko\\/20100101 Firefox\\/75.0\"}', 'xqA8wGL0jNTC9cSYbhUyJaOv', 0, '1613702822.5470', 2295, '', 'POST', 403, 0, 600, 0, 1, '', 0),
('192.99.5.14', 3227714830, '', 'https://www.closdanthonyresidence.com/wp-login.php?redirect_to=https://www.closdanthonyresidence.com/wp-admin/', '', '{\"1\":\"Mozilla\\/5.0 (Macintosh; Intel Mac OS X 10.15; rv:75.0) Gecko\\/20100101 Firefox\\/75.0\"}', 'ITxeBRqZa9UspgH6NYKnPDiF', 0, '1613703275.1059', 294, '', 'POST', 403, 0, 600, 0, 1, '', 0),
('192.99.0.98', 3227713634, '', 'http://localhost/closdanthonyresidence.com/wp-login.php?redirect_to=http://localhost/closdanthonyresidence.com/wp-admin/', '', '{\"1\":\"Mozilla\\/5.0 (Macintosh; Intel Mac OS X 10.15; rv:75.0) Gecko\\/20100101 Firefox\\/75.0\"}', 'EGaRq9uXTxpKwMAoJc3YVZSN', 0, '1613707279.8378', 1804, '', 'POST', 403, 0, 600, 0, 1, '', 0),
('188.165.228.188', 3164988604, '', 'https://www.closdanthonyresidence.com/wp-login.php?redirect_to=https://www.closdanthonyresidence.com/wp-admin/', '', '{\"1\":\"Mozilla\\/5.0 (Macintosh; Intel Mac OS X 10.15; rv:75.0) Gecko\\/20100101 Firefox\\/75.0\"}', 'w1NOapGJMy345WsrLDY7XIUn', 0, '1613711774.3206', 1761, '', 'POST', 403, 0, 600, 0, 1, '', 0),
('62.210.83.193', 1053971393, '', 'https://www.closdanthonyresidence.com/wp-login.php', '', '{\"1\":\"Mozilla\\/5.0 (Windows NT 6.1) AppleWebKit\\/537.36 (KHTML, like Gecko) Chrome\\/58.0.3029.110 Safari\\/537.36\"}', 'vwRVIaNuQHTPt8hXjSGFeobl', 0, '1613718045.1936', 264, '', 'POST', 403, 0, 600, 0, 1, '', 0),
('37.59.54.36', 624637476, '', 'https://www.closdanthonyresidence.com/wp-login.php?redirect_to=https://www.closdanthonyresidence.com/wp-admin/', '', '{\"1\":\"Mozilla\\/5.0 (Macintosh; Intel Mac OS X 10.15; rv:75.0) Gecko\\/20100101 Firefox\\/75.0\"}', 'ZHjCfzloXwvU04uYkFVxWp3J', 0, '1613719619.8454', 1866, '', 'POST', 403, 0, 600, 0, 1, '', 0),
('188.165.210.14', 3164983822, '', 'https://www.closdanthonyresidence.com/wp-login.php?redirect_to=https://www.closdanthonyresidence.com/wp-admin/', '', '{\"1\":\"Mozilla\\/5.0 (Macintosh; Intel Mac OS X 10.15; rv:75.0) Gecko\\/20100101 Firefox\\/75.0\"}', 'nZqt1Rem0aDBosEzb6UIG3fX', 0, '1613720765.9539', 2487, '', 'POST', 403, 0, 600, 0, 1, '', 0),
('69.12.66.210', 1158431442, '', 'http://localhost/closdanthonyresidence.com/wp-login.php', '', '{\"1\":\"Mozilla\\/5.0 (Windows NT 6.1; Win64; x64) AppleWebKit\\/537.36 (KHTML, like Gecko) Chrome\\/81.0.4044.122 Safari\\/537.36\"}', '1VFtMUNkHlhE6AdWZGKRwngf', 0, '1613723896.2748', 1789, '', 'POST', 403, 0, 600, 0, 1, '', 0),
('192.99.14.189', 3227717309, '', 'https://www.closdanthonyresidence.com/wp-login.php?redirect_to=https://www.closdanthonyresidence.com/wp-admin/', '', '{\"1\":\"Mozilla\\/5.0 (Macintosh; Intel Mac OS X 10.15; rv:75.0) Gecko\\/20100101 Firefox\\/75.0\"}', 'HwcjYR8yzDWU3qpV7BKJ6OnX', 0, '1613728879.1089', 241, '', 'POST', 403, 0, 600, 0, 1, '', 0),
('5.39.64.29', 86458397, '', 'https://www.closdanthonyresidence.com/wp-login.php?redirect_to=https://www.closdanthonyresidence.com/wp-admin/', '', '{\"1\":\"Mozilla\\/5.0 (Macintosh; Intel Mac OS X 10.15; rv:75.0) Gecko\\/20100101 Firefox\\/75.0\"}', 'hCsUTVGZzyljtdE42bn56gf1', 0, '1613732852.5891', 1826, '', 'POST', 403, 0, 600, 0, 1, '', 0),
('188.165.228.188', 3164988604, '', 'https://www.closdanthonyresidence.com/wp-login.php?redirect_to=https://www.closdanthonyresidence.com/wp-admin/', '', '{\"1\":\"Mozilla\\/5.0 (Macintosh; Intel Mac OS X 10.15; rv:75.0) Gecko\\/20100101 Firefox\\/75.0\"}', 'vnLDHChOKjABS9E3Z5myq8Pz', 0, '1613737254.7967', 1797, '', 'POST', 403, 0, 600, 0, 1, '', 0),
('69.12.66.203', 1158431435, '', 'https://www.closdanthonyresidence.com/wp-login.php', '', '{\"1\":\"Mozilla\\/5.0 (Windows NT 10.0; Win64; x64) AppleWebKit\\/537.36 (KHTML, like Gecko) Chrome\\/66.0.3359.117 Safari\\/537.36\"}', 'egFpODKL0vJRdauoxtbk3rz5', 0, '1613737816.6615', 1727, '', 'POST', 403, 0, 600, 0, 1, '', 0),
('192.99.0.98', 3227713634, '', 'http://localhost/closdanthonyresidence.com/wp-login.php?redirect_to=http://localhost/closdanthonyresidence.com/wp-admin/', '', '{\"1\":\"Mozilla\\/5.0 (Macintosh; Intel Mac OS X 10.15; rv:75.0) Gecko\\/20100101 Firefox\\/75.0\"}', 'wE4QLA5Ue9I2hxDX3uj0dmiY', 0, '1613738368.6654', 363, '', 'POST', 403, 0, 600, 0, 1, '', 0),
('5.39.64.46', 86458414, '', 'https://www.closdanthonyresidence.com/wp-login.php?redirect_to=https://www.closdanthonyresidence.com/wp-admin/', '', '{\"1\":\"Mozilla\\/5.0 (Macintosh; Intel Mac OS X 10.15; rv:75.0) Gecko\\/20100101 Firefox\\/75.0\"}', 's7JXMWkgR0ybO95oIrih2zja', 0, '1613740705.8820', 613, '', 'POST', 403, 0, 600, 0, 1, '', 0),
('176.31.123.203', 2954853323, '', 'http://localhost/closdanthonyresidence.com/wp-login.php?redirect_to=http://localhost/closdanthonyresidence.com/wp-admin/', '', '{\"1\":\"Mozilla\\/5.0 (Macintosh; Intel Mac OS X 10.15; rv:75.0) Gecko\\/20100101 Firefox\\/75.0\"}', 'weK2gaLIm9xr50FYQvXkbPGu', 0, '1613742710.5211', 2261, '', 'POST', 403, 0, 600, 0, 1, '', 0),
('188.165.239.211', 3164991443, '', 'https://www.closdanthonyresidence.com/wp-login.php?redirect_to=https://www.closdanthonyresidence.com/wp-admin/', '', '{\"1\":\"Mozilla\\/5.0 (Macintosh; Intel Mac OS X 10.15; rv:75.0) Gecko\\/20100101 Firefox\\/75.0\"}', '6DE8ZMHWSaz2FULBT1xdYvCR', 0, '1613744617.7763', 1787, '', 'POST', 403, 0, 600, 0, 1, '', 0),
('188.165.239.119', 3164991351, '', 'http://localhost/closdanthonyresidence.com/wp-login.php?redirect_to=http://localhost/closdanthonyresidence.com/wp-admin/', '', '{\"1\":\"Mozilla\\/5.0 (Macintosh; Intel Mac OS X 10.15; rv:75.0) Gecko\\/20100101 Firefox\\/75.0\"}', '67Sb2TdUNvfCY0I1uVFnoP8t', 0, '1613747406.0068', 1760, '', 'POST', 403, 0, 600, 0, 1, '', 0),
('188.165.211.206', 3164984270, '', 'http://localhost/closdanthonyresidence.com/wp-login.php?redirect_to=http://localhost/closdanthonyresidence.com/wp-admin/', '', '{\"1\":\"Mozilla\\/5.0 (Macintosh; Intel Mac OS X 10.15; rv:75.0) Gecko\\/20100101 Firefox\\/75.0\"}', 'kaJBwTvzcCDAUItsPhMEo36V', 0, '1613749390.6162', 968, '', 'POST', 403, 0, 600, 0, 1, '', 0),
('5.39.64.46', 86458414, '', 'http://localhost/closdanthonyresidence.com/wp-login.php?redirect_to=http://localhost/closdanthonyresidence.com/wp-admin/', '', '{\"1\":\"Mozilla\\/5.0 (Macintosh; Intel Mac OS X 10.15; rv:75.0) Gecko\\/20100101 Firefox\\/75.0\"}', 'qQRCrIoaESitVUWPu6dB80Tl', 0, '1613751533.3083', 1848, '', 'POST', 403, 0, 600, 0, 1, '', 0),
('192.95.30.59', 3227459131, '', 'http://localhost/closdanthonyresidence.com/wp-login.php?redirect_to=http://localhost/closdanthonyresidence.com/wp-admin/', '', '{\"1\":\"Mozilla\\/5.0 (Macintosh; Intel Mac OS X 10.15; rv:75.0) Gecko\\/20100101 Firefox\\/75.0\"}', 'R2Fken4QlDNw9xforqYsL8ga', 0, '1613759322.4107', 164, '', 'POST', 403, 0, 600, 0, 1, '', 0),
('192.99.0.98', 3227713634, '', 'https://www.closdanthonyresidence.com/wp-login.php?redirect_to=https://www.closdanthonyresidence.com/wp-admin/', '', '{\"1\":\"Mozilla\\/5.0 (Macintosh; Intel Mac OS X 10.15; rv:75.0) Gecko\\/20100101 Firefox\\/75.0\"}', 'vmPqkeo1xhr7Etzj6KRflagB', 0, '1613761982.2966', 276, '', 'POST', 403, 0, 600, 0, 1, '', 0),
('69.12.66.251', 1158431483, '', 'http://localhost/closdanthonyresidence.com/wp-login.php', '', '{\"1\":\"Mozilla\\/5.0 (Windows NT 6.3; Win64; x64) AppleWebKit\\/537.36 (KHTML, like Gecko) Chrome\\/62.0.3202.94 Safari\\/537.36\"}', 'bV4tdielq298vsSArnxUHDyP', 0, '1613762570.9813', 159, '', 'POST', 403, 0, 600, 0, 1, '', 0),
('192.95.30.59', 3227459131, '', 'http://localhost/closdanthonyresidence.com/wp-login.php?redirect_to=http://localhost/closdanthonyresidence.com/wp-admin/', '', '{\"1\":\"Mozilla\\/5.0 (Macintosh; Intel Mac OS X 10.15; rv:75.0) Gecko\\/20100101 Firefox\\/75.0\"}', 'EslSLCQnap4jOhwUdFMHrPu2', 0, '1613764166.9208', 2350, '', 'POST', 403, 0, 600, 0, 1, '', 0),
('192.99.14.189', 3227717309, '', 'http://localhost/closdanthonyresidence.com/wp-login.php?redirect_to=http://localhost/closdanthonyresidence.com/wp-admin/', '', '{\"1\":\"Mozilla\\/5.0 (Macintosh; Intel Mac OS X 10.15; rv:75.0) Gecko\\/20100101 Firefox\\/75.0\"}', '8XTUYfZG1rNP2jQHJlWImngh', 0, '1613768421.1564', 1862, '', 'POST', 403, 0, 600, 0, 1, '', 0),
('41.202.219.72', 701160264, '', 'http://localhost/closdanthonyresidence.com/wp-login.php', '', '{\"1\":\"Mozilla\\/5.0 (Windows NT 6.3; Win64; x64; rv:85.0) Gecko\\/20100101 Firefox\\/85.0\",\"2\":\"http:\\/\\/localhost\\/closdanthonyresidence.com\\/wp-login.php?interim-login=1&wp_lang=fr_FR\"}', 'YdOrnKbhiEtW4uvpHSjf7exA', 1, '1613772764.7107', 213, '', 'POST', 200, 0, 600, 0, 1, '', 510),
('188.165.210.14', 3164983822, '', 'http://localhost/closdanthonyresidence.com/wp-login.php?redirect_to=http://localhost/closdanthonyresidence.com/wp-admin/', '', '{\"1\":\"Mozilla\\/5.0 (Macintosh; Intel Mac OS X 10.15; rv:75.0) Gecko\\/20100101 Firefox\\/75.0\"}', 'KlMHrNkbgX8Be4qYGpu6yLTF', 0, '1613780494.4231', 3001, '', 'POST', 403, 0, 600, 0, 1, '', 0),
('5.39.64.29', 86458397, '', 'https://www.closdanthonyresidence.com/wp-login.php?redirect_to=https://www.closdanthonyresidence.com/wp-admin/', '', '{\"1\":\"Mozilla\\/5.0 (Macintosh; Intel Mac OS X 10.15; rv:75.0) Gecko\\/20100101 Firefox\\/75.0\"}', 'VijCWsUYGSnh8MdOy9RzrBkJ', 0, '1613785677.0121', 309, '', 'POST', 403, 0, 600, 0, 1, '', 0),
('5.39.64.46', 86458414, '', 'https://www.closdanthonyresidence.com/wp-login.php?redirect_to=https://www.closdanthonyresidence.com/wp-admin/', '', '{\"1\":\"Mozilla\\/5.0 (Macintosh; Intel Mac OS X 10.15; rv:75.0) Gecko\\/20100101 Firefox\\/75.0\"}', 'xrSD7RYpgtfG8TkXwFyCBoO1', 0, '1613786462.1860', 459, '', 'POST', 403, 0, 600, 0, 1, '', 0),
('192.99.14.189', 3227717309, '', 'http://localhost/closdanthonyresidence.com/wp-login.php?redirect_to=http://localhost/closdanthonyresidence.com/wp-admin/', '', '{\"1\":\"Mozilla\\/5.0 (Macintosh; Intel Mac OS X 10.15; rv:75.0) Gecko\\/20100101 Firefox\\/75.0\"}', 'l9BJwMGF14o3tyCIrSOHLd6U', 0, '1613789475.3983', 2138, '', 'POST', 403, 0, 600, 0, 1, '', 0),
('188.165.239.211', 3164991443, '', 'http://localhost/closdanthonyresidence.com/wp-login.php?redirect_to=http://localhost/closdanthonyresidence.com/wp-admin/', '', '{\"1\":\"Mozilla\\/5.0 (Macintosh; Intel Mac OS X 10.15; rv:75.0) Gecko\\/20100101 Firefox\\/75.0\"}', 'krM5yBTiE7jRhKlQ82gtXGIH', 0, '1613791181.5546', 1842, '', 'POST', 403, 0, 600, 0, 1, '', 0),
('69.12.66.203', 1158431435, '', 'https://www.closdanthonyresidence.com/wp-login.php', '', '{\"1\":\"Mozilla\\/5.0 (Windows NT 6.1; WOW64) AppleWebKit\\/537.36 (KHTML, like Gecko) Chrome\\/41.0.2272.101 Safari\\/537.36\"}', 'ScFNptZVo9HTfMrbUYdA2LXj', 0, '1613795302.3623', 222, '', 'POST', 403, 0, 600, 0, 1, '', 0),
('69.12.66.210', 1158431442, '', 'http://localhost/closdanthonyresidence.com/wp-login.php', '', '{\"1\":\"Mozilla\\/5.0 (Windows NT 6.1; Win64; x64) AppleWebKit\\/537.36 (KHTML, like Gecko) Chrome\\/80.0.3987.163 Safari\\/537.36\"}', 'aPj1UCYi5bh3pD9quBTZKy0z', 0, '1613801672.8127', 249, '', 'POST', 403, 0, 600, 0, 1, '', 0),
('188.165.194.99', 3164979811, '', 'https://www.closdanthonyresidence.com/wp-login.php?redirect_to=https://www.closdanthonyresidence.com/wp-admin/', '', '{\"1\":\"Mozilla\\/5.0 (Macintosh; Intel Mac OS X 10.15; rv:75.0) Gecko\\/20100101 Firefox\\/75.0\"}', 'YlVEq1S7fAyxRKT63C29zhFs', 0, '1613803880.7773', 1824, '', 'POST', 403, 0, 600, 0, 1, '', 0),
('158.69.253.57', 2655386937, '', 'http://localhost/closdanthonyresidence.com/wp-login.php?redirect_to=http://localhost/closdanthonyresidence.com/wp-admin/', '', '{\"1\":\"Mozilla\\/5.0 (Macintosh; Intel Mac OS X 10.15; rv:75.0) Gecko\\/20100101 Firefox\\/75.0\"}', 'AZ61hlqaBJSdw5L4frP90nK3', 0, '1613804381.8775', 516, '', 'POST', 403, 0, 600, 0, 1, '', 0),
('192.95.30.59', 3227459131, '', 'http://localhost/closdanthonyresidence.com/wp-login.php?redirect_to=http://localhost/closdanthonyresidence.com/wp-admin/', '', '{\"1\":\"Mozilla\\/5.0 (Macintosh; Intel Mac OS X 10.15; rv:75.0) Gecko\\/20100101 Firefox\\/75.0\"}', 'fMpckvoYyJbFB5tX39Q2CHxw', 0, '1613806459.1384', 1734, '', 'POST', 403, 0, 600, 0, 1, '', 0),
('37.59.47.61', 624635709, '', 'http://localhost/closdanthonyresidence.com/wp-login.php?redirect_to=http://localhost/closdanthonyresidence.com/wp-admin/', '', '{\"1\":\"Mozilla\\/5.0 (Macintosh; Intel Mac OS X 10.15; rv:75.0) Gecko\\/20100101 Firefox\\/75.0\"}', 'NbAaLo0tZMkcehCOTmWGYzSw', 0, '1613810518.4666', 2135, '', 'POST', 403, 0, 600, 0, 1, '', 0),
('158.69.250.210', 2655386322, '', 'https://www.closdanthonyresidence.com/wp-login.php?redirect_to=https://www.closdanthonyresidence.com/wp-admin/', '', '{\"1\":\"Mozilla\\/5.0 (Macintosh; Intel Mac OS X 10.15; rv:75.0) Gecko\\/20100101 Firefox\\/75.0\"}', 'Ivdt5jNRQBx86V7OnfZElyWi', 0, '1613813425.7411', 1739, '', 'POST', 403, 0, 600, 0, 1, '', 0),
('5.39.64.46', 86458414, '', 'https://www.closdanthonyresidence.com/wp-login.php?redirect_to=https://www.closdanthonyresidence.com/wp-admin/', '', '{\"1\":\"Mozilla\\/5.0 (Macintosh; Intel Mac OS X 10.15; rv:75.0) Gecko\\/20100101 Firefox\\/75.0\"}', '3iDtNUjcYeoZw81E7m4TqSa2', 0, '1613815515.0284', 1826, '', 'POST', 403, 0, 600, 0, 1, '', 0),
('62.210.82.165', 1053971109, '', 'https://www.closdanthonyresidence.com/wp-login.php', '', '{\"1\":\"Mozilla\\/5.0 (Windows NT 6.1; WOW64) AppleWebKit\\/537.36 (KHTML, like Gecko) Chrome\\/46.0.2490.86 Safari\\/537.36\"}', 'c6iZaf0ot1WeNPhzrQXGJ5An', 0, '1613816773.0262', 1776, '', 'POST', 403, 0, 600, 0, 1, '', 0),
('62.210.82.165', 1053971109, '', 'https://www.closdanthonyresidence.com/wp-login.php', '', '{\"1\":\"Mozilla\\/5.0 (Windows NT 6.1; WOW64) AppleWebKit\\/537.36 (KHTML, like Gecko) Chrome\\/36.0.1985.125 Safari\\/537.36\"}', 'EqT6AGVxj1LfetiNsldHmavh', 0, '1613834252.0546', 1847, '', 'POST', 403, 0, 600, 0, 1, '', 0),
('37.187.74.109', 633031277, '', 'https://www.closdanthonyresidence.com/wp-login.php?redirect_to=https://www.closdanthonyresidence.com/wp-admin/', '', '{\"1\":\"Mozilla\\/5.0 (Macintosh; Intel Mac OS X 10.15; rv:75.0) Gecko\\/20100101 Firefox\\/75.0\"}', '6nlIQ59vVhabMsABi20cCk8F', 0, '1613835098.6383', 1806, '', 'POST', 403, 0, 600, 0, 1, '', 0),
('192.99.8.102', 3227715686, '', 'https://www.closdanthonyresidence.com/wp-login.php?redirect_to=https://www.closdanthonyresidence.com/wp-admin/', '', '{\"1\":\"Mozilla\\/5.0 (Macintosh; Intel Mac OS X 10.15; rv:75.0) Gecko\\/20100101 Firefox\\/75.0\"}', 'gZVR4DyFeCGJAPuTHhxXSIw2', 0, '1613838300.8668', 2697, '', 'POST', 403, 0, 600, 0, 1, '', 0),
('192.95.30.59', 3227459131, '', 'https://www.closdanthonyresidence.com/wp-login.php?redirect_to=https://www.closdanthonyresidence.com/wp-admin/', '', '{\"1\":\"Mozilla\\/5.0 (Macintosh; Intel Mac OS X 10.15; rv:75.0) Gecko\\/20100101 Firefox\\/75.0\"}', 'Kw10S4eqOkYLrE6uvgNaVCsD', 0, '1613840293.5192', 2285, '', 'POST', 403, 0, 600, 0, 1, '', 0),
('188.165.228.188', 3164988604, '', 'http://localhost/closdanthonyresidence.com/wp-login.php?redirect_to=http://localhost/closdanthonyresidence.com/wp-admin/', '', '{\"1\":\"Mozilla\\/5.0 (Macintosh; Intel Mac OS X 10.15; rv:75.0) Gecko\\/20100101 Firefox\\/75.0\"}', '5Fu07awE6UyeschQY8Ov2XZM', 0, '1613840732.7529', 1714, '', 'POST', 403, 0, 600, 0, 1, '', 0),
('5.39.64.46', 86458414, '', 'http://localhost/closdanthonyresidence.com/wp-login.php?redirect_to=http://localhost/closdanthonyresidence.com/wp-admin/', '', '{\"1\":\"Mozilla\\/5.0 (Macintosh; Intel Mac OS X 10.15; rv:75.0) Gecko\\/20100101 Firefox\\/75.0\"}', 'McNadoqQZtrRlj8s9I3kBgex', 0, '1613864892.4154', 2740, '', 'POST', 403, 0, 600, 0, 1, '', 0),
('188.165.239.211', 3164991443, '', 'https://www.closdanthonyresidence.com/wp-login.php?redirect_to=https://www.closdanthonyresidence.com/wp-admin/', '', '{\"1\":\"Mozilla\\/5.0 (Macintosh; Intel Mac OS X 10.15; rv:75.0) Gecko\\/20100101 Firefox\\/75.0\"}', 'H67MagUmOrzCIvfGDhPS5VF3', 0, '1613867320.6901', 2464, '', 'POST', 403, 0, 600, 0, 1, '', 0),
('188.165.239.119', 3164991351, '', 'https://www.closdanthonyresidence.com/wp-login.php?redirect_to=https://www.closdanthonyresidence.com/wp-admin/', '', '{\"1\":\"Mozilla\\/5.0 (Macintosh; Intel Mac OS X 10.15; rv:75.0) Gecko\\/20100101 Firefox\\/75.0\"}', 'fQXHBCLock0s9DNYp2xWhKUl', 0, '1613872829.9396', 1842, '', 'POST', 403, 0, 600, 0, 1, '', 0),
('69.12.66.198', 1158431430, '', 'https://www.closdanthonyresidence.com/wp-login.php', '', '{\"1\":\"Mozilla\\/5.0 (Windows NT 6.1; Win64; x64) AppleWebKit\\/537.36 (KHTML, like Gecko) Chrome\\/79.0.3945.117 Safari\\/537.36\"}', 'x8nwKJRlEou9NbpZGgesPm61', 0, '1613873144.0160', 1730, '', 'POST', 403, 0, 600, 0, 1, '', 0),
('62.210.83.172', 1053971372, '', 'http://localhost/closdanthonyresidence.com/wp-login.php', '', '{\"1\":\"Mozilla\\/5.0 (Windows NT 6.1; WOW64) AppleWebKit\\/537.36 (KHTML, like Gecko) Chrome\\/52.0.2743.116 Safari\\/537.36\"}', 'Xt03A2pYozMREfaG1q6IPyLK', 0, '1613879527.4172', 2150, '', 'POST', 403, 0, 600, 0, 1, '', 0),
('188.165.194.99', 3164979811, '', 'http://localhost/closdanthonyresidence.com/wp-login.php?redirect_to=http://localhost/closdanthonyresidence.com/wp-admin/', '', '{\"1\":\"Mozilla\\/5.0 (Macintosh; Intel Mac OS X 10.15; rv:75.0) Gecko\\/20100101 Firefox\\/75.0\"}', 'jy0FeEh3kzqBltL1TMHDUNa4', 0, '1613891214.8102', 1800, '', 'POST', 403, 0, 600, 0, 1, '', 0),
('69.12.66.198', 1158431430, '', 'https://www.closdanthonyresidence.com/wp-login.php', '', '{\"1\":\"Mozilla\\/5.0 (Windows NT 6.1; WOW64) AppleWebKit\\/537.36 (KHTML, like Gecko) Chrome\\/52.0.2743.116 Safari\\/537.36\"}', 'fQcuvhzANIPgyL5j7lStxBrp', 0, '1613894593.9661', 1783, '', 'POST', 403, 0, 600, 0, 1, '', 0),
('37.59.47.61', 624635709, '', 'https://www.closdanthonyresidence.com/wp-login.php?redirect_to=https://www.closdanthonyresidence.com/wp-admin/', '', '{\"1\":\"Mozilla\\/5.0 (Macintosh; Intel Mac OS X 10.15; rv:75.0) Gecko\\/20100101 Firefox\\/75.0\"}', 'vukiEOX26omF7TpVy8bY1fQs', 0, '1613900504.9111', 276, '', 'POST', 403, 0, 600, 0, 1, '', 0),
('188.165.239.211', 3164991443, '', 'https://www.closdanthonyresidence.com/wp-login.php?redirect_to=https://www.closdanthonyresidence.com/wp-admin/', '', '{\"1\":\"Mozilla\\/5.0 (Macintosh; Intel Mac OS X 10.15; rv:75.0) Gecko\\/20100101 Firefox\\/75.0\"}', 'eHK1RxNQFqMVi7bfYA3ztnXj', 0, '1613901707.6110', 1912, '', 'POST', 403, 0, 600, 0, 1, '', 0),
('192.95.30.65', 3227459137, '', 'https://www.closdanthonyresidence.com/wp-login.php?redirect_to=https://www.closdanthonyresidence.com/wp-admin/', '', '{\"1\":\"Mozilla\\/5.0 (Macintosh; Intel Mac OS X 10.15; rv:75.0) Gecko\\/20100101 Firefox\\/75.0\"}', 'ROToPxl5NJGp69cVYLbhSdns', 0, '1613908714.3133', 262, '', 'POST', 403, 0, 600, 0, 1, '', 0),
('62.210.83.193', 1053971393, '', 'https://www.closdanthonyresidence.com/wp-login.php', '', '{\"1\":\"Mozilla\\/5.0 (Windows NT 6.1) AppleWebKit\\/537.36 (KHTML, like Gecko) Chrome\\/63.0.3239.84 Safari\\/537.36\"}', 'noB1FGWVlNkwSTODXRLmiba5', 0, '1613912038.1334', 1897, '', 'POST', 403, 0, 600, 0, 1, '', 0),
('188.165.210.14', 3164983822, '', 'https://www.closdanthonyresidence.com/wp-login.php?redirect_to=https://www.closdanthonyresidence.com/wp-admin/', '', '{\"1\":\"Mozilla\\/5.0 (Macintosh; Intel Mac OS X 10.15; rv:75.0) Gecko\\/20100101 Firefox\\/75.0\"}', 'gheAkEvdTVor9mHZ7SYqbjaR', 0, '1613916725.3981', 1822, '', 'POST', 403, 0, 600, 0, 1, '', 0),
('62.210.83.193', 1053971393, '', 'http://localhost/closdanthonyresidence.com/wp-login.php', '', '{\"1\":\"Mozilla\\/5.0 (Windows NT 10.0; Win64; x64) AppleWebKit\\/537.36 (KHTML, like Gecko) Chrome\\/87.0.4280.88 Safari\\/537.36\"}', 'PnKR4l9JiD07zvxwAOgYsFbM', 0, '1613918334.1906', 1772, '', 'POST', 403, 0, 600, 0, 1, '', 0),
('37.187.74.109', 633031277, '', 'http://localhost/closdanthonyresidence.com/wp-login.php?redirect_to=http://localhost/closdanthonyresidence.com/wp-admin/', '', '{\"1\":\"Mozilla\\/5.0 (Macintosh; Intel Mac OS X 10.15; rv:75.0) Gecko\\/20100101 Firefox\\/75.0\"}', 'iP7fOTbr30twWZ4szcJFyhBK', 0, '1613930121.2536', 2478, '', 'POST', 403, 0, 600, 0, 1, '', 0),
('62.210.83.172', 1053971372, '', 'https://www.closdanthonyresidence.com/wp-login.php', '', '{\"1\":\"Mozilla\\/5.0 (Windows NT 6.1) AppleWebKit\\/537.36 (KHTML, like Gecko) Chrome\\/65.0.3325.181 Safari\\/537.36\"}', 'UoshnZSLjDKTgPW3fvpM79Qe', 0, '1613933431.5461', 2422, '', 'POST', 403, 0, 600, 0, 1, '', 0),
('62.210.83.193', 1053971393, '', 'https://www.closdanthonyresidence.com/wp-login.php', '', '{\"1\":\"Mozilla\\/5.0 (Windows NT 6.1; WOW64) AppleWebKit\\/537.36 (KHTML, like Gecko) Chrome\\/47.0.2526.111 Safari\\/537.36\"}', 'T5eizfbG9xNDW4L3gstHmXRd', 0, '1613951037.8186', 1023, '', 'POST', 403, 0, 600, 0, 1, '', 0),
('5.39.64.29', 86458397, '', 'https://www.closdanthonyresidence.com/wp-login.php?redirect_to=https://www.closdanthonyresidence.com/wp-admin/', '', '{\"1\":\"Mozilla\\/5.0 (Macintosh; Intel Mac OS X 10.15; rv:75.0) Gecko\\/20100101 Firefox\\/75.0\"}', 'UhpfvZVP5usMm1xbcyK3G70i', 0, '1613955132.7701', 2578, '', 'POST', 403, 0, 600, 0, 1, '', 0),
('69.12.66.251', 1158431483, '', 'http://localhost/closdanthonyresidence.com/wp-login.php', '', '{\"1\":\"Mozilla\\/5.0 (Windows NT 6.1) AppleWebKit\\/537.36 (KHTML, like Gecko) Chrome\\/65.0.3325.181 Safari\\/537.36\"}', '5F7249aqNovbOHV3rewMRnd6', 0, '1613957468.7585', 1857, '', 'POST', 403, 0, 600, 0, 1, '', 0),
('37.59.54.36', 624637476, '', 'http://localhost/closdanthonyresidence.com/wp-login.php?redirect_to=http://localhost/closdanthonyresidence.com/wp-admin/', '', '{\"1\":\"Mozilla\\/5.0 (Macintosh; Intel Mac OS X 10.15; rv:75.0) Gecko\\/20100101 Firefox\\/75.0\"}', 'AD2q1ntSjC9rdRGlifL8azIx', 0, '1613959795.5942', 2188, '', 'POST', 403, 0, 600, 0, 1, '', 0),
('195.154.185.7', 3281697031, '', 'https://www.closdanthonyresidence.com/wp-login.php', '', '{\"1\":\"Mozilla\\/5.0 (Windows NT 10.0; WOW64) AppleWebKit\\/537.36 (KHTML, like Gecko) Chrome\\/57.0.2987.133 Safari\\/537.36\"}', 'MbNUVgBl9etoP5s6Su8LGa4r', 0, '1613972590.9694', 252, '', 'POST', 403, 0, 600, 0, 1, '', 0),
('62.210.83.193', 1053971393, '', 'https://www.closdanthonyresidence.com/wp-login.php', '', '{\"1\":\"Mozilla\\/5.0 (Windows NT 10.0; Win64; x64) AppleWebKit\\/537.36 (KHTML, like Gecko) Chrome\\/78.0.3904.70 Safari\\/537.36\"}', '3LGXVJHChNge5AI92S4jxsKo', 0, '1613990095.3456', 481, '', 'POST', 403, 0, 600, 0, 1, '', 0),
('69.12.66.210', 1158431442, '', 'http://localhost/closdanthonyresidence.com/wp-login.php', '', '{\"1\":\"Mozilla\\/5.0 (Windows NT 6.1; WOW64) AppleWebKit\\/537.36 (KHTML, like Gecko) Chrome\\/47.0.2526.111 Safari\\/537.36\"}', 'J1tGYepEPAz098gclQf5Ix2s', 0, '1613996481.9189', 1761, '', 'POST', 403, 0, 600, 0, 1, '', 0),
('41.202.219.78', 701160270, '', 'http://localhost/closdanthonyresidence.com/wp-login.php', '', '{\"1\":\"Mozilla\\/5.0 (Windows NT 6.3; Win64; x64; rv:85.0) Gecko\\/20100101 Firefox\\/85.0\",\"2\":\"http:\\/\\/localhost\\/closdanthonyresidence.com\\/wp-login.php?interim-login=1&wp_lang=fr_FR\"}', '2c46BpaRA7mS1XQUrEDJhtKO', 1, '1614090075.9406', 188, '', 'POST', 200, 0, 600, 0, 1, '', 510),
('41.202.219.78', 701160270, '', 'http://localhost/closdanthonyresidence.com/wp-login.php', '', '{\"1\":\"Mozilla\\/5.0 (Windows NT 6.3; Win64; x64; rv:85.0) Gecko\\/20100101 Firefox\\/85.0\",\"2\":\"http:\\/\\/localhost\\/closdanthonyresidence.com\\/wp-login.php\"}', 'u5yxaG9FVTA3ErhpngDf0ozv', 1, '1614090091.3938', 216, '', 'POST', 200, 0, 600, 0, 1, '', 510),
('41.202.219.72', 701160264, '', 'http://localhost/closdanthonyresidence.com/wp-login.php', '', '{\"1\":\"Mozilla\\/5.0 (Windows NT 6.3; Win64; x64; rv:86.0) Gecko\\/20100101 Firefox\\/86.0\",\"2\":\"http:\\/\\/localhost\\/closdanthonyresidence.com\\/wp-login.php?redirect_to=http%3A%2F%2Flocalhost%2Fclosdanthonyresidence.com%2Fwp-admin%2F&reauth=1\"}', 'W4apTPmG9bE6zkuBqLUCeDxF', 1, '1614367510.6806', 243, '', 'POST', 302, 0, 600, 0, 1, '', 510),
('41.202.219.71', 701160263, '', 'http://localhost/closdanthonyresidence.com/wp-login.php', '', '{\"1\":\"Mozilla\\/5.0 (Windows NT 6.3; Win64; x64; rv:86.0) Gecko\\/20100101 Firefox\\/86.0\",\"2\":\"http:\\/\\/localhost\\/closdanthonyresidence.com\\/wp-login.php?redirect_to=http%3A%2F%2Flocalhost%2Fclosdanthonyresidence.com%2Fwp-admin%2F&reauth=1\"}', 'GyB48mUqczIH7F56rMNoDdvL', 1, '1614721728.8933', 209, '', 'POST', 302, 0, 600, 0, 1, '', 510),
('41.202.219.68', 701160260, '', 'http://localhost/closdanthonyresidence.com/wp-login.php', '', '{\"1\":\"Mozilla\\/5.0 (Windows NT 6.3; Win64; x64) AppleWebKit\\/537.36 (KHTML, like Gecko) Chrome\\/88.0.4324.190 Safari\\/537.36\",\"2\":\"http:\\/\\/localhost\\/closdanthonyresidence.com\\/wp-login.php?redirect_to=http%3A%2F%2Flocalhost%2Fclosdanthonyresidence.com%2Fwp-admin%2F&reauth=1\"}', '18QGOD3pXod4PYswjRkVUSem', 1, '1614806395.5394', 222, '', 'POST', 302, 0, 600, 0, 1, '', 510),
('41.202.219.68', 701160260, '', 'http://localhost/closdanthonyresidence.com/wp-login.php', '', '{\"1\":\"Mozilla\\/5.0 (Windows NT 6.3; Win64; x64; rv:86.0) Gecko\\/20100101 Firefox\\/86.0\",\"2\":\"http:\\/\\/localhost\\/closdanthonyresidence.com\\/wp-login.php?interim-login=1&wp_lang=fr_FR\"}', 'ChlJy2HeUAzdYNaFPWfE5pVQ', 0, '1614806886.0280', 197, '', 'POST', 200, 0, 600, 0, 1, '', 510),
('41.202.219.68', 701160260, '', 'http://localhost/closdanthonyresidence.com/wp-login.php', '', '{\"1\":\"Mozilla\\/5.0 (Windows NT 6.3; Win64; x64; rv:86.0) Gecko\\/20100101 Firefox\\/86.0\",\"2\":\"http:\\/\\/localhost\\/closdanthonyresidence.com\\/wp-login.php\"}', 'kQcdRxPYwDqtWpyohvIjK3ul', 0, '1614806893.6031', 205, '', 'POST', 200, 0, 600, 0, 1, '', 510),
('::1', 0, '', 'http://localhost/closdanthonyresidence.com/wp-login.php', '', '{\"1\":\"Mozilla\\/5.0 (Windows NT 6.3; Win64; x64) AppleWebKit\\/537.36 (KHTML, like Gecko) Chrome\\/88.0.4324.190 Safari\\/537.36\",\"2\":\"http:\\/\\/localhost\\/closdanthonyresidence.com\\/wp-login.php?redirect_to=http%3A%2F%2Flocalhost%2Fclosdanthonyresidence.com%2Fwp-admin%2Fadmin.php%3Fpage%3Dduplicator-tools%26tab%3Ddiagnostics%26section%3Dinfo%26package%3D20210226_closda_337839961623a5ba5427210303212859_archive.zip%26safe_mode%3D0\"}', 'ZmJsXkMYTgKqfbce94aQyrSj', 2, '1614808431.1350', 799, '', 'POST', 302, 0, 600, 0, 1, '', 0),
('127.0.0.1', 2130706433, '', 'http://localhost/closdanthonyresidence.com/wp-login.php', '', '{\"1\":\"Mozilla\\/5.0 (Windows NT 6.3; Win64; x64; rv:86.0) Gecko\\/20100101 Firefox\\/86.0\",\"2\":\"http:\\/\\/localhost\\/closdanthonyresidence.com\\/wp-login.php?redirect_to=http%3A%2F%2Flocalhost%2Fclosdanthonyresidence.com%2Fwp-admin%2F&reauth=1\"}', 'KzUrZfO8AoVL6CJdF05lThYQ', 2, '1614808567.0670', 779, '', 'POST', 302, 0, 600, 0, 1, '', 0),
('127.0.0.1', 2130706433, '', 'http://localhost/closdanthonyresidence.com/wp-login.php?redirect_to=http%3A%2F%2Flocalhost%2Fclosdanthonyresidence.com%2Fwp-admin%2F&reauth=1', '', '{\"1\":\"Mozilla\\/5.0 (Windows NT 6.3; Win64; x64; rv:86.0) Gecko\\/20100101 Firefox\\/86.0\"}', '8eYX7UmIdGizSHfhWCTApvLq', 2, '1614808589.3190', 734, '', 'GET', 200, 0, 600, 0, 1, '', 0),
('127.0.0.1', 2130706433, '', 'http://localhost/closdanthonyresidence.com/wp-login.php', '', '{\"1\":\"Mozilla\\/5.0 (Windows NT 6.3; Win64; x64; rv:86.0) Gecko\\/20100101 Firefox\\/86.0\",\"2\":\"http:\\/\\/localhost\\/closdanthonyresidence.com\\/wp-login.php?redirect_to=http%3A%2F%2Flocalhost%2Fclosdanthonyresidence.com%2Fwp-admin%2F&reauth=1\"}', 'IcuXJfmUA6GwH4ZFbj8tdW9M', 2, '1614808592.6650', 762, '', 'POST', 302, 0, 600, 0, 1, '', 0),
('127.0.0.1', 2130706433, '', 'http://localhost/closdanthonyresidence.com/wp-login.php?redirect_to=http%3A%2F%2Flocalhost%2Fclosdanthonyresidence.com%2Fwp-admin%2F&reauth=1', '', '{\"1\":\"Mozilla\\/5.0 (Windows NT 6.3; Win64; x64; rv:86.0) Gecko\\/20100101 Firefox\\/86.0\"}', 'VLh83fkuJQlaAmvi4t9IMepj', 2, '1614808636.2070', 729, '', 'GET', 200, 0, 600, 0, 1, '', 0),
('127.0.0.1', 2130706433, '', 'http://localhost/closdanthonyresidence.com/wp-login.php', '', '{\"1\":\"Mozilla\\/5.0 (Windows NT 6.3; Win64; x64; rv:86.0) Gecko\\/20100101 Firefox\\/86.0\",\"2\":\"http:\\/\\/localhost\\/closdanthonyresidence.com\\/wp-login.php?redirect_to=http%3A%2F%2Flocalhost%2Fclosdanthonyresidence.com%2Fwp-admin%2F&reauth=1\"}', 'UH2Clf9aON75KpD80gjd6sRL', 2, '1614808640.6360', 776, '', 'POST', 302, 0, 600, 0, 1, '', 0),
('::1', 0, '', 'http://localhost/closdanthonyresidence.com/wp-admin/', '', '{\"1\":\"Mozilla\\/5.0 (Windows NT 6.3; Win64; x64) AppleWebKit\\/537.36 (KHTML, like Gecko) Chrome\\/88.0.4324.190 Safari\\/537.36\"}', '3ntR9imEeQCvz6SABds7GXxO', 0, '1614808675.1800', 900, '', 'GET', 302, 0, 501, 0, 1, '', 0),
('::1', 0, '', 'http://localhost/closdanthonyresidence.com/wp-login.php?redirect_to=http%3A%2F%2Flocalhost%2Fclosdanthonyresidence.com%2Fwp-admin%2F&reauth=1', '', '{\"1\":\"Mozilla\\/5.0 (Windows NT 6.3; Win64; x64) AppleWebKit\\/537.36 (KHTML, like Gecko) Chrome\\/88.0.4324.190 Safari\\/537.36\"}', 'j9VmqYyQP8XCObuL6MTRziDw', 0, '1614808676.1030', 791, '', 'GET', 403, 0, 600, 0, 1, '', 0),
('::1', 0, '', 'http://localhost/closdanthonyresidence.com/wp-login.php', '', '{\"1\":\"Mozilla\\/5.0 (Windows NT 6.3; Win64; x64) AppleWebKit\\/537.36 (KHTML, like Gecko) Chrome\\/88.0.4324.190 Safari\\/537.36\",\"2\":\"http:\\/\\/localhost\\/closdanthonyresidence.com\\/wp-login.php?redirect_to=http%3A%2F%2Flocalhost%2Fclosdanthonyresidence.com%2Fwp-admin%2F&reauth=1\"}', 'mYe4a6SbigzLJd05A18wRGHr', 2, '1614808684.1580', 1020, '', 'POST', 302, 0, 600, 0, 1, '', 0),
('::1', 0, '', 'http://localhost/closdanthonyresidence.com/wp-admin/', '', '{\"1\":\"Mozilla\\/5.0 (Windows NT 6.3; Win64; x64) AppleWebKit\\/537.36 (KHTML, like Gecko) Chrome\\/88.0.4324.190 Safari\\/537.36\"}', 'zIqyQGW3VPguAcasB0EJjLRm', 0, '1614808914.6900', 866, '', 'GET', 302, 0, 501, 0, 1, '', 0),
('::1', 0, '', 'http://localhost/closdanthonyresidence.com/wp-login.php?redirect_to=http%3A%2F%2Flocalhost%2Fclosdanthonyresidence.com%2Fwp-admin%2F&reauth=1', '', '{\"1\":\"Mozilla\\/5.0 (Windows NT 6.3; Win64; x64) AppleWebKit\\/537.36 (KHTML, like Gecko) Chrome\\/88.0.4324.190 Safari\\/537.36\"}', 'ScvZ0ri5nGh6KzodeHlsPQLg', 0, '1614808915.5760', 706, '', 'GET', 403, 0, 600, 0, 1, '', 0),
('::1', 0, '', 'http://localhost/closdanthonyresidence.com/wp-login.php', '', '{\"1\":\"Mozilla\\/5.0 (Windows NT 6.3; Win64; x64) AppleWebKit\\/537.36 (KHTML, like Gecko) Chrome\\/88.0.4324.190 Safari\\/537.36\",\"2\":\"http:\\/\\/localhost\\/closdanthonyresidence.com\\/wp-login.php?redirect_to=http%3A%2F%2Flocalhost%2Fclosdanthonyresidence.com%2Fwp-admin%2F&reauth=1\"}', 'opHM6QmvnCK27Pj0SFxDYNs9', 1, '1614808931.6270', 746, '', 'POST', 302, 0, 600, 0, 1, '', 0),
('::1', 0, '', 'http://localhost/closdanthonyresidence.com/wp-login.php', '', '{\"1\":\"Mozilla\\/5.0 (Windows NT 6.3; Win64; x64) AppleWebKit\\/537.36 (KHTML, like Gecko) Chrome\\/88.0.4324.190 Safari\\/537.36\",\"2\":\"http:\\/\\/localhost\\/closdanthonyresidence.com\\/wp-login.php?loggedout=true&wp_lang=fr_FR\"}', '3FaAQR91WmNsd0xCTY7LvIru', 1, '1614808998.9880', 752, '', 'POST', 302, 0, 600, 0, 1, '', 0),
('::1', 0, '', 'http://localhost/closdanthonyresidence.com/wp-login.php?action=logout&_wpnonce=aceee36e36', '', '{\"1\":\"Mozilla\\/5.0 (Windows NT 6.3; Win64; x64) AppleWebKit\\/537.36 (KHTML, like Gecko) Chrome\\/88.0.4324.190 Safari\\/537.36\",\"2\":\"http:\\/\\/localhost\\/closdanthonyresidence.com\\/wp-admin\\/\"}', 'c1qlAuYt3aMZBCPjJ8bNRnTI', 1, '1614809007.7090', 376, '', 'GET', 302, 0, 600, 0, 1, '', 0),
('::1', 0, '', 'http://localhost/closdanthonyresidence.com/wp-login.php', '', '{\"1\":\"Mozilla\\/5.0 (Windows NT 6.3; Win64; x64) AppleWebKit\\/537.36 (KHTML, like Gecko) Chrome\\/88.0.4324.190 Safari\\/537.36\",\"2\":\"http:\\/\\/localhost\\/closdanthonyresidence.com\\/wp-login.php?loggedout=true&wp_lang=fr_FR\"}', 'HUBQY3focaiF6zMkxXjZP10l', 1, '1614809012.5240', 736, '', 'POST', 302, 0, 600, 0, 1, '', 0),
('127.0.0.1', 2130706433, '', 'http://localhost/closdanthonyresidence.com/?page_id=14', '', '{\"1\":\"Mozilla\\/5.0 (Windows NT 6.3; Win64; x64; rv:86.0) Gecko\\/20100101 Firefox\\/86.0\"}', 'VbDvkSrXZz5oAxMBylUEWgHG', 0, '1614809946.1720', 1076, '', 'GET', 200, 14, 601, 0, 1, '', 0),
('127.0.0.1', 2130706433, '', 'http://localhost/closdanthonyresidence.com/?page_id=14', '', '{\"1\":\"Mozilla\\/5.0 (Windows NT 6.3; Win64; x64; rv:86.0) Gecko\\/20100101 Firefox\\/86.0\",\"2\":\"http:\\/\\/localhost\\/closdanthonyresidence.com\\/?page_id=14\"}', 'ChETXAjMr4ya6PH5W79RFmZi', 0, '1614809947.2040', 1356, '', 'GET', 200, 14, 601, 0, 1, '', 0),
('127.0.0.1', 2130706433, '', 'http://localhost/closdanthonyresidence.com/', '', '{\"1\":\"Mozilla\\/5.0 (Windows NT 6.3; Win64; x64; rv:86.0) Gecko\\/20100101 Firefox\\/86.0\"}', '1rgldIH4vKo7J2hFpSZN985x', 0, '1614811289.8640', 932, '', 'GET', 200, 32, 601, 0, 1, '', 0),
('127.0.0.1', 2130706433, '', 'http://localhost/closdanthonyresidence.com/', '', '{\"1\":\"Mozilla\\/5.0 (Windows NT 6.3; Win64; x64; rv:86.0) Gecko\\/20100101 Firefox\\/86.0\",\"2\":\"http:\\/\\/localhost\\/closdanthonyresidence.com\\/\"}', 'gE5Fwhnqbcs3jvpz1O8BfJXu', 0, '1614811290.9180', 590, '', 'GET', 200, 32, 601, 0, 1, '', 0),
('127.0.0.1', 2130706433, '', 'http://localhost/closdanthonyresidence.com/wp-content/themes/hotel-galaxy/images/residence.jpeg', '', '{\"1\":\"Mozilla\\/5.0 (Windows NT 6.3; Win64; x64; rv:86.0) Gecko\\/20100101 Firefox\\/86.0\",\"2\":\"http:\\/\\/localhost\\/closdanthonyresidence.com\\/\"}', 'tExwjm5pYzrML2AqihUC7Ddk', 0, '1614811290.8240', 1198, '', 'GET', 404, 0, 600, 0, 1, '', 0),
('127.0.0.1', 2130706433, '', 'http://localhost/closdanthonyresidence.com/', '', '{\"1\":\"Mozilla\\/5.0 (Windows NT 6.3; Win64; x64; rv:86.0) Gecko\\/20100101 Firefox\\/86.0\"}', 'm8KwfniMlNVQOUyLWSPAozqC', 0, '1614811762.2860', 999, '', 'GET', 200, 32, 601, 0, 1, '', 0),
('127.0.0.1', 2130706433, '', 'http://localhost/closdanthonyresidence.com/', '', '{\"1\":\"Mozilla\\/5.0 (Windows NT 6.3; Win64; x64; rv:86.0) Gecko\\/20100101 Firefox\\/86.0\",\"2\":\"http:\\/\\/localhost\\/closdanthonyresidence.com\\/\"}', 'JIk3bHipdqmArzhas4lVcGu1', 0, '1614811763.4790', 721, '', 'GET', 200, 32, 601, 0, 1, '', 0),
('127.0.0.1', 2130706433, '', 'http://localhost/closdanthonyresidence.com/wp-content/themes/hotel-galaxy/images/residence.jpeg', '', '{\"1\":\"Mozilla\\/5.0 (Windows NT 6.3; Win64; x64; rv:86.0) Gecko\\/20100101 Firefox\\/86.0\",\"2\":\"http:\\/\\/localhost\\/closdanthonyresidence.com\\/\"}', '5efnACdsTPYiIpqH13v4NaQ8', 0, '1614811763.2400', 1327, '', 'GET', 404, 0, 600, 0, 1, '', 0),
('127.0.0.1', 2130706433, '', 'http://localhost/closdanthonyresidence.com/', '', '{\"1\":\"Mozilla\\/5.0 (Windows NT 6.3; Win64; x64; rv:86.0) Gecko\\/20100101 Firefox\\/86.0\"}', 'amfPrync8z63YCgKFIlOpeUW', 0, '1614812271.8080', 1049, '', 'GET', 200, 32, 601, 0, 1, '', 0),
('127.0.0.1', 2130706433, '', 'http://localhost/closdanthonyresidence.com/', '', '{\"1\":\"Mozilla\\/5.0 (Windows NT 6.3; Win64; x64; rv:86.0) Gecko\\/20100101 Firefox\\/86.0\",\"2\":\"http:\\/\\/localhost\\/closdanthonyresidence.com\\/\"}', 'dSFGVoyIbiNnP6Z23j8Oqmc9', 0, '1614812273.0370', 713, '', 'GET', 200, 32, 601, 0, 1, '', 0),
('127.0.0.1', 2130706433, '', 'http://localhost/closdanthonyresidence.com/wp-content/themes/hotel-galaxy/images/residence.jpeg', '', '{\"1\":\"Mozilla\\/5.0 (Windows NT 6.3; Win64; x64; rv:86.0) Gecko\\/20100101 Firefox\\/86.0\",\"2\":\"http:\\/\\/localhost\\/closdanthonyresidence.com\\/\"}', 'ikoHa6jdE9LtDzAQwhOZpC73', 0, '1614812272.8950', 1445, '', 'GET', 404, 0, 600, 0, 1, '', 0),
('127.0.0.1', 2130706433, '', 'http://localhost/closdanthonyresidence.com/', '', '{\"1\":\"Mozilla\\/5.0 (Windows NT 6.3; Win64; x64; rv:86.0) Gecko\\/20100101 Firefox\\/86.0\"}', '5jPJkA2StL4MzyDvosqigKal', 0, '1614812472.2680', 993, '', 'GET', 200, 32, 601, 0, 1, '', 0),
('127.0.0.1', 2130706433, '', 'http://localhost/closdanthonyresidence.com/', '', '{\"1\":\"Mozilla\\/5.0 (Windows NT 6.3; Win64; x64; rv:86.0) Gecko\\/20100101 Firefox\\/86.0\",\"2\":\"http:\\/\\/localhost\\/closdanthonyresidence.com\\/\"}', 'BGzAbsLnQJia3UwvlrmgMe5y', 0, '1614812473.3170', 635, '', 'GET', 200, 32, 601, 0, 1, '', 0),
('127.0.0.1', 2130706433, '', 'http://localhost/closdanthonyresidence.com/wp-content/themes/hotel-galaxy/images/residence.jpeg', '', '{\"1\":\"Mozilla\\/5.0 (Windows NT 6.3; Win64; x64; rv:86.0) Gecko\\/20100101 Firefox\\/86.0\",\"2\":\"http:\\/\\/localhost\\/closdanthonyresidence.com\\/\"}', 'C1hgbUiTmdyGz7Hf8IOnlw5x', 0, '1614812473.2170', 1317, '', 'GET', 404, 0, 600, 0, 1, '', 0),
('127.0.0.1', 2130706433, '', 'http://localhost/closdanthonyresidence.com/', '', '{\"1\":\"Mozilla\\/5.0 (Windows NT 6.3; Win64; x64; rv:86.0) Gecko\\/20100101 Firefox\\/86.0\"}', 'evqxfTUGOFu1Lj9M3PX8sWlC', 0, '1614821252.9360', 1051, '', 'GET', 200, 32, 601, 0, 1, '', 0),
('127.0.0.1', 2130706433, '', 'http://localhost/closdanthonyresidence.com/', '', '{\"1\":\"Mozilla\\/5.0 (Windows NT 6.3; Win64; x64; rv:86.0) Gecko\\/20100101 Firefox\\/86.0\",\"2\":\"http:\\/\\/localhost\\/closdanthonyresidence.com\\/\"}', 'i23zDI6rgwNOJBQ0KGCHyMPX', 0, '1614821255.2100', 1164, '', 'GET', 200, 32, 601, 0, 1, '', 0),
('127.0.0.1', 2130706433, '', 'http://localhost/closdanthonyresidence.com/', '', '{\"1\":\"Mozilla\\/5.0 (Windows NT 6.3; Win64; x64; rv:86.0) Gecko\\/20100101 Firefox\\/86.0\"}', 'ocTBxHJFdEAlw7OirGSuYs8v', 0, '1614822207.5670', 1493, '', 'GET', 200, 32, 601, 0, 1, '', 0),
('127.0.0.1', 2130706433, '', 'http://localhost/closdanthonyresidence.com/', '', '{\"1\":\"Mozilla\\/5.0 (Windows NT 6.3; Win64; x64; rv:86.0) Gecko\\/20100101 Firefox\\/86.0\",\"2\":\"http:\\/\\/localhost\\/closdanthonyresidence.com\\/\"}', 'iYTgzd0rHeLsoQxwSlqpCtMh', 0, '1614822209.1200', 1841, '', 'GET', 200, 32, 601, 0, 1, '', 0),
('127.0.0.1', 2130706433, '', 'http://localhost/closdanthonyresidence.com/?na=s', '', '{\"1\":\"Mozilla\\/5.0 (Windows NT 6.3; Win64; x64; rv:86.0) Gecko\\/20100101 Firefox\\/86.0\",\"2\":\"http:\\/\\/localhost\\/closdanthonyresidence.com\\/\"}', 'yLsIMUS6JdAuKrB8a1xCczWF', 0, '1614822217.9220', 918, '', 'POST', 403, 0, 600, 0, 1, '', 0),
('127.0.0.1', 2130706433, '', 'http://localhost/closdanthonyresidence.com/', '', '{\"1\":\"Mozilla\\/5.0 (Windows NT 6.3; Win64; x64; rv:86.0) Gecko\\/20100101 Firefox\\/86.0\",\"2\":\"http:\\/\\/localhost\\/closdanthonyresidence.com\\/?na=s\"}', 'oOAGDx8mVzwFM9EJgbuHn7pW', 0, '1614822218.8920', 3551, '', 'POST', 302, 0, 600, 0, 1, '', 0),
('127.0.0.1', 2130706433, '', 'http://localhost/closdanthonyresidence.com/?nm=confirmed&nk=2-040c1773b0', '', '{\"1\":\"Mozilla\\/5.0 (Windows NT 6.3; Win64; x64; rv:86.0) Gecko\\/20100101 Firefox\\/86.0\",\"2\":\"http:\\/\\/localhost\\/closdanthonyresidence.com\\/?na=s\"}', 'A4YFhRuOlWB9QVyxHXeo3qs7', 0, '1614822222.6360', 995, '', 'GET', 200, 32, 601, 0, 1, '', 0),
('127.0.0.1', 2130706433, '', 'http://localhost/closdanthonyresidence.com/?nm=confirmed&nk=2-040c1773b0', '', '{\"1\":\"Mozilla\\/5.0 (Windows NT 6.3; Win64; x64; rv:86.0) Gecko\\/20100101 Firefox\\/86.0\",\"2\":\"http:\\/\\/localhost\\/closdanthonyresidence.com\\/?nm=confirmed&nk=2-040c1773b0\"}', 'vkgNAfDhoCq9ZuOW5KtdrMEG', 0, '1614822223.6680', 1623, '', 'GET', 200, 32, 601, 0, 1, '', 0),
('127.0.0.1', 2130706433, '', 'http://localhost/closdanthonyresidence.com/?nm=confirmed&nk=2-040c1773b0', '', '{\"1\":\"Mozilla\\/5.0 (Windows NT 6.3; Win64; x64; rv:86.0) Gecko\\/20100101 Firefox\\/86.0\",\"2\":\"http:\\/\\/localhost\\/closdanthonyresidence.com\\/?na=s\"}', 'dseiIluHLyBn1XwEvq74omSf', 0, '1614824289.7480', 1335, '', 'GET', 200, 32, 601, 0, 1, '', 0),
('127.0.0.1', 2130706433, '', 'http://localhost/closdanthonyresidence.com/?nm=confirmed&nk=2-040c1773b0', '', '{\"1\":\"Mozilla\\/5.0 (Windows NT 6.3; Win64; x64; rv:86.0) Gecko\\/20100101 Firefox\\/86.0\",\"2\":\"http:\\/\\/localhost\\/closdanthonyresidence.com\\/?nm=confirmed&nk=2-040c1773b0\"}', 'kZjwJhnWi7Hx5got8bMedvFu', 0, '1614824290.8550', 1313, '', 'GET', 200, 32, 601, 0, 1, '', 0);

-- --------------------------------------------------------

--
-- Structure de la table `wp_actionscheduler_actions`
--

CREATE TABLE IF NOT EXISTS `wp_actionscheduler_actions` (
  `action_id` bigint(20) UNSIGNED NOT NULL AUTO_INCREMENT,
  `hook` varchar(191) COLLATE utf8mb4_unicode_520_ci NOT NULL,
  `status` varchar(20) COLLATE utf8mb4_unicode_520_ci NOT NULL,
  `scheduled_date_gmt` datetime DEFAULT '0000-00-00 00:00:00',
  `scheduled_date_local` datetime DEFAULT '0000-00-00 00:00:00',
  `args` varchar(191) COLLATE utf8mb4_unicode_520_ci DEFAULT NULL,
  `schedule` longtext COLLATE utf8mb4_unicode_520_ci,
  `group_id` bigint(20) UNSIGNED NOT NULL DEFAULT '0',
  `attempts` int(11) NOT NULL DEFAULT '0',
  `last_attempt_gmt` datetime DEFAULT '0000-00-00 00:00:00',
  `last_attempt_local` datetime DEFAULT '0000-00-00 00:00:00',
  `claim_id` bigint(20) UNSIGNED NOT NULL DEFAULT '0',
  `extended_args` varchar(8000) COLLATE utf8mb4_unicode_520_ci DEFAULT NULL,
  PRIMARY KEY (`action_id`),
  KEY `hook` (`hook`),
  KEY `status` (`status`),
  KEY `scheduled_date_gmt` (`scheduled_date_gmt`),
  KEY `args` (`args`),
  KEY `group_id` (`group_id`),
  KEY `last_attempt_gmt` (`last_attempt_gmt`),
  KEY `claim_id` (`claim_id`),
  KEY `claim_id_status_scheduled_date_gmt` (`claim_id`,`status`,`scheduled_date_gmt`)
) ENGINE=MyISAM AUTO_INCREMENT=1320 DEFAULT CHARSET=utf8mb4 COLLATE=utf8mb4_unicode_520_ci;

--
-- Déchargement des données de la table `wp_actionscheduler_actions`
--

INSERT INTO `wp_actionscheduler_actions` (`action_id`, `hook`, `status`, `scheduled_date_gmt`, `scheduled_date_local`, `args`, `schedule`, `group_id`, `attempts`, `last_attempt_gmt`, `last_attempt_local`, `claim_id`, `extended_args`) VALUES
(1290, 'wpforms_email_summaries_fetch_info_blocks', 'complete', '2024-12-10 15:01:03', '2024-12-10 16:01:03', '{\"tasks_meta_id\":null}', 'O:32:\"ActionScheduler_IntervalSchedule\":5:{s:22:\"\0*\0scheduled_timestamp\";i:1733842863;s:18:\"\0*\0first_timestamp\";i:1623550327;s:13:\"\0*\0recurrence\";i:604800;s:49:\"\0ActionScheduler_IntervalSchedule\0start_timestamp\";i:1733842863;s:53:\"\0ActionScheduler_IntervalSchedule\0interval_in_seconds\";i:604800;}', 3, 1, '2025-06-02 19:44:13', '2025-06-02 21:44:13', 0, NULL),
(1308, 'wpforms_process_entry_emails_meta_cleanup', 'pending', '2025-06-03 19:44:17', '2025-06-03 21:44:17', '{\"tasks_meta_id\":21}', 'O:32:\"ActionScheduler_IntervalSchedule\":5:{s:22:\"\0*\0scheduled_timestamp\";i:1748979857;s:18:\"\0*\0first_timestamp\";i:1657843200;s:13:\"\0*\0recurrence\";i:86400;s:49:\"\0ActionScheduler_IntervalSchedule\0start_timestamp\";i:1748979857;s:53:\"\0ActionScheduler_IntervalSchedule\0interval_in_seconds\";i:86400;}', 3, 0, '0000-00-00 00:00:00', '0000-00-00 00:00:00', 0, NULL),
(1309, 'facebook_for_woocommerce_hourly_heartbeat', 'complete', '2025-06-02 19:44:17', '2025-06-02 21:44:17', '[]', 'O:30:\"ActionScheduler_SimpleSchedule\":2:{s:22:\"\0*\0scheduled_timestamp\";i:1748893457;s:41:\"\0ActionScheduler_SimpleSchedule\0timestamp\";i:1748893457;}', 0, 1, '2025-06-02 19:45:03', '2025-06-02 21:45:03', 0, NULL),
(1303, 'wpforms_email_summaries_fetch_info_blocks', 'pending', '2025-06-09 19:44:13', '2025-06-09 21:44:13', '{\"tasks_meta_id\":null}', 'O:32:\"ActionScheduler_IntervalSchedule\":5:{s:22:\"\0*\0scheduled_timestamp\";i:1749498253;s:18:\"\0*\0first_timestamp\";i:1623550327;s:13:\"\0*\0recurrence\";i:604800;s:49:\"\0ActionScheduler_IntervalSchedule\0start_timestamp\";i:1749498253;s:53:\"\0ActionScheduler_IntervalSchedule\0interval_in_seconds\";i:604800;}', 3, 0, '0000-00-00 00:00:00', '0000-00-00 00:00:00', 0, NULL),
(1293, 'wpforms_admin_addons_cache_update', 'complete', '2024-12-10 15:01:03', '2024-12-10 16:01:03', '{\"tasks_meta_id\":2}', 'O:32:\"ActionScheduler_IntervalSchedule\":5:{s:22:\"\0*\0scheduled_timestamp\";i:1733842863;s:18:\"\0*\0first_timestamp\";i:1624181312;s:13:\"\0*\0recurrence\";i:604800;s:49:\"\0ActionScheduler_IntervalSchedule\0start_timestamp\";i:1733842863;s:53:\"\0ActionScheduler_IntervalSchedule\0interval_in_seconds\";i:604800;}', 3, 1, '2025-06-02 19:44:13', '2025-06-02 21:44:13', 0, NULL),
(1318, 'action_scheduler/migration_hook', 'complete', '2025-06-03 16:01:14', '2025-06-03 18:01:14', '[]', 'O:30:\"ActionScheduler_SimpleSchedule\":2:{s:22:\"\0*\0scheduled_timestamp\";i:1748966474;s:41:\"\0ActionScheduler_SimpleSchedule\0timestamp\";i:1748966474;}', 1, 1, '2025-06-03 16:02:11', '2025-06-03 18:02:11', 0, NULL),
(1319, 'facebook_for_woocommerce_hourly_heartbeat', 'complete', '2025-06-03 16:47:13', '2025-06-03 18:47:13', '[]', 'O:30:\"ActionScheduler_SimpleSchedule\":2:{s:22:\"\0*\0scheduled_timestamp\";i:1748969233;s:41:\"\0ActionScheduler_SimpleSchedule\0timestamp\";i:1748969233;}', 0, 1, '2025-06-03 16:49:14', '2025-06-03 18:49:14', 0, NULL),
(1292, 'wp_mail_smtp_send_usage_data', 'complete', '2024-12-10 15:01:03', '2024-12-10 16:01:03', '[3]', 'O:32:\"ActionScheduler_IntervalSchedule\":5:{s:22:\"\0*\0scheduled_timestamp\";i:1733842863;s:18:\"\0*\0first_timestamp\";i:1622367752;s:13:\"\0*\0recurrence\";i:604800;s:49:\"\0ActionScheduler_IntervalSchedule\0start_timestamp\";i:1733842863;s:53:\"\0ActionScheduler_IntervalSchedule\0interval_in_seconds\";i:604800;}', 2, 1, '2025-06-02 19:44:15', '2025-06-02 21:44:15', 0, NULL),
(1291, 'wpforms_builder_help_cache_update', 'complete', '2024-12-10 15:01:03', '2024-12-10 16:01:03', '{\"tasks_meta_id\":4}', 'O:32:\"ActionScheduler_IntervalSchedule\":5:{s:22:\"\0*\0scheduled_timestamp\";i:1733842863;s:18:\"\0*\0first_timestamp\";i:1624181379;s:13:\"\0*\0recurrence\";i:604800;s:49:\"\0ActionScheduler_IntervalSchedule\0start_timestamp\";i:1733842863;s:53:\"\0ActionScheduler_IntervalSchedule\0interval_in_seconds\";i:604800;}', 3, 1, '2025-06-02 19:44:16', '2025-06-02 21:44:16', 0, NULL),
(1304, 'wpforms_admin_addons_cache_update', 'pending', '2025-06-09 19:44:13', '2025-06-09 21:44:13', '{\"tasks_meta_id\":2}', 'O:32:\"ActionScheduler_IntervalSchedule\":5:{s:22:\"\0*\0scheduled_timestamp\";i:1749498253;s:18:\"\0*\0first_timestamp\";i:1624181312;s:13:\"\0*\0recurrence\";i:604800;s:49:\"\0ActionScheduler_IntervalSchedule\0start_timestamp\";i:1749498253;s:53:\"\0ActionScheduler_IntervalSchedule\0interval_in_seconds\";i:604800;}', 3, 0, '0000-00-00 00:00:00', '0000-00-00 00:00:00', 0, NULL),
(1305, 'wp_mail_smtp_send_usage_data', 'pending', '2025-06-09 19:44:15', '2025-06-09 21:44:15', '[3]', 'O:32:\"ActionScheduler_IntervalSchedule\":5:{s:22:\"\0*\0scheduled_timestamp\";i:1749498255;s:18:\"\0*\0first_timestamp\";i:1622367752;s:13:\"\0*\0recurrence\";i:604800;s:49:\"\0ActionScheduler_IntervalSchedule\0start_timestamp\";i:1749498255;s:53:\"\0ActionScheduler_IntervalSchedule\0interval_in_seconds\";i:604800;}', 2, 0, '0000-00-00 00:00:00', '0000-00-00 00:00:00', 0, NULL),
(1306, 'wpforms_builder_help_cache_update', 'pending', '2025-06-09 19:44:16', '2025-06-09 21:44:16', '{\"tasks_meta_id\":4}', 'O:32:\"ActionScheduler_IntervalSchedule\":5:{s:22:\"\0*\0scheduled_timestamp\";i:1749498256;s:18:\"\0*\0first_timestamp\";i:1624181379;s:13:\"\0*\0recurrence\";i:604800;s:49:\"\0ActionScheduler_IntervalSchedule\0start_timestamp\";i:1749498256;s:53:\"\0ActionScheduler_IntervalSchedule\0interval_in_seconds\";i:604800;}', 3, 0, '0000-00-00 00:00:00', '0000-00-00 00:00:00', 0, NULL),
(1307, 'wpforms_process_entry_emails_meta_cleanup', 'pending', '2025-06-03 19:44:17', '2025-06-03 21:44:17', '{\"tasks_meta_id\":1}', 'O:32:\"ActionScheduler_IntervalSchedule\":5:{s:22:\"\0*\0scheduled_timestamp\";i:1748979857;s:18:\"\0*\0first_timestamp\";i:1623628800;s:13:\"\0*\0recurrence\";i:86400;s:49:\"\0ActionScheduler_IntervalSchedule\0start_timestamp\";i:1748979857;s:53:\"\0ActionScheduler_IntervalSchedule\0interval_in_seconds\";i:86400;}', 3, 0, '0000-00-00 00:00:00', '0000-00-00 00:00:00', 0, NULL),
(1317, 'action_scheduler/migration_hook', 'complete', '2025-06-03 15:59:46', '2025-06-03 17:59:46', '[]', 'O:30:\"ActionScheduler_SimpleSchedule\":2:{s:22:\"\0*\0scheduled_timestamp\";i:1748966386;s:41:\"\0ActionScheduler_SimpleSchedule\0timestamp\";i:1748966386;}', 1, 1, '2025-06-03 16:00:13', '2025-06-03 18:00:13', 0, NULL),
(1312, 'facebook_for_woocommerce_hourly_heartbeat', 'complete', '2025-06-02 21:57:01', '2025-06-02 23:57:01', '[]', 'O:30:\"ActionScheduler_SimpleSchedule\":2:{s:22:\"\0*\0scheduled_timestamp\";i:1748901421;s:41:\"\0ActionScheduler_SimpleSchedule\0timestamp\";i:1748901421;}', 0, 1, '2025-06-03 13:52:32', '2025-06-03 15:52:32', 0, NULL),
(1313, 'facebook_for_woocommerce_hourly_heartbeat', 'complete', '2025-06-03 13:52:32', '2025-06-03 15:52:32', '[]', 'O:30:\"ActionScheduler_SimpleSchedule\":2:{s:22:\"\0*\0scheduled_timestamp\";i:1748958752;s:41:\"\0ActionScheduler_SimpleSchedule\0timestamp\";i:1748958752;}', 0, 1, '2025-06-03 13:55:24', '2025-06-03 15:55:24', 0, NULL),
(1314, 'wpforms_admin_notifications_update', 'complete', '0000-00-00 00:00:00', '0000-00-00 00:00:00', '{\"tasks_meta_id\":32}', 'O:28:\"ActionScheduler_NullSchedule\":0:{}', 3, 1, '2025-06-03 13:57:03', '2025-06-03 15:57:03', 0, NULL),
(1315, 'facebook_for_woocommerce_hourly_heartbeat', 'complete', '2025-06-03 15:04:09', '2025-06-03 17:04:09', '[]', 'O:30:\"ActionScheduler_SimpleSchedule\":2:{s:22:\"\0*\0scheduled_timestamp\";i:1748963049;s:41:\"\0ActionScheduler_SimpleSchedule\0timestamp\";i:1748963049;}', 0, 1, '2025-06-03 15:05:09', '2025-06-03 17:05:09', 0, NULL),
(1316, 'facebook_for_woocommerce_hourly_heartbeat', 'complete', '2025-06-03 15:47:12', '2025-06-03 17:47:12', '[]', 'O:30:\"ActionScheduler_SimpleSchedule\":2:{s:22:\"\0*\0scheduled_timestamp\";i:1748965632;s:41:\"\0ActionScheduler_SimpleSchedule\0timestamp\";i:1748965632;}', 0, 1, '2025-06-03 15:47:12', '2025-06-03 17:47:12', 0, NULL),
(1310, 'facebook_for_woocommerce_daily_heartbeat', 'complete', '2025-06-02 19:44:52', '2025-06-02 21:44:52', '[]', 'O:30:\"ActionScheduler_SimpleSchedule\":2:{s:22:\"\0*\0scheduled_timestamp\";i:1748893492;s:41:\"\0ActionScheduler_SimpleSchedule\0timestamp\";i:1748893492;}', 0, 1, '2025-06-02 19:45:03', '2025-06-02 21:45:03', 0, NULL),
(1311, 'facebook_for_woocommerce_daily_heartbeat', 'complete', '2025-06-02 19:45:13', '2025-06-02 21:45:13', '[]', 'O:30:\"ActionScheduler_SimpleSchedule\":2:{s:22:\"\0*\0scheduled_timestamp\";i:1748893513;s:41:\"\0ActionScheduler_SimpleSchedule\0timestamp\";i:1748893513;}', 0, 1, '2025-06-02 19:45:34', '2025-06-02 21:45:34', 0, NULL),
(1296, 'wpforms_process_entry_emails_meta_cleanup', 'complete', '2024-12-05 15:03:33', '2024-12-05 16:03:33', '{\"tasks_meta_id\":1}', 'O:32:\"ActionScheduler_IntervalSchedule\":5:{s:22:\"\0*\0scheduled_timestamp\";i:1733411013;s:18:\"\0*\0first_timestamp\";i:1623628800;s:13:\"\0*\0recurrence\";i:86400;s:49:\"\0ActionScheduler_IntervalSchedule\0start_timestamp\";i:1733411013;s:53:\"\0ActionScheduler_IntervalSchedule\0interval_in_seconds\";i:86400;}', 3, 1, '2025-06-02 19:44:17', '2025-06-02 21:44:17', 0, NULL),
(1295, 'wpforms_process_entry_emails_meta_cleanup', 'complete', '2024-12-05 15:03:33', '2024-12-05 16:03:33', '{\"tasks_meta_id\":21}', 'O:32:\"ActionScheduler_IntervalSchedule\":5:{s:22:\"\0*\0scheduled_timestamp\";i:1733411013;s:18:\"\0*\0first_timestamp\";i:1657843200;s:13:\"\0*\0recurrence\";i:86400;s:49:\"\0ActionScheduler_IntervalSchedule\0start_timestamp\";i:1733411013;s:53:\"\0ActionScheduler_IntervalSchedule\0interval_in_seconds\";i:86400;}', 3, 1, '2025-06-02 19:44:17', '2025-06-02 21:44:17', 0, NULL);

-- --------------------------------------------------------

--
-- Structure de la table `wp_actionscheduler_claims`
--

CREATE TABLE IF NOT EXISTS `wp_actionscheduler_claims` (
  `claim_id` bigint(20) UNSIGNED NOT NULL AUTO_INCREMENT,
  `date_created_gmt` datetime NOT NULL DEFAULT '0000-00-00 00:00:00',
  PRIMARY KEY (`claim_id`),
  KEY `date_created_gmt` (`date_created_gmt`)
) ENGINE=MyISAM AUTO_INCREMENT=10833 DEFAULT CHARSET=utf8mb4 COLLATE=utf8mb4_unicode_520_ci;

-- --------------------------------------------------------

--
-- Structure de la table `wp_actionscheduler_groups`
--

CREATE TABLE IF NOT EXISTS `wp_actionscheduler_groups` (
  `group_id` bigint(20) UNSIGNED NOT NULL AUTO_INCREMENT,
  `slug` varchar(255) COLLATE utf8mb4_unicode_520_ci NOT NULL,
  PRIMARY KEY (`group_id`),
  KEY `slug` (`slug`(191))
) ENGINE=MyISAM AUTO_INCREMENT=4 DEFAULT CHARSET=utf8mb4 COLLATE=utf8mb4_unicode_520_ci;

--
-- Déchargement des données de la table `wp_actionscheduler_groups`
--

INSERT INTO `wp_actionscheduler_groups` (`group_id`, `slug`) VALUES
(1, 'action-scheduler-migration'),
(2, 'wp_mail_smtp'),
(3, 'wpforms');

-- --------------------------------------------------------

--
-- Structure de la table `wp_actionscheduler_logs`
--

CREATE TABLE IF NOT EXISTS `wp_actionscheduler_logs` (
  `log_id` bigint(20) UNSIGNED NOT NULL AUTO_INCREMENT,
  `action_id` bigint(20) UNSIGNED NOT NULL,
  `message` text COLLATE utf8mb4_unicode_520_ci NOT NULL,
  `log_date_gmt` datetime DEFAULT '0000-00-00 00:00:00',
  `log_date_local` datetime DEFAULT '0000-00-00 00:00:00',
  PRIMARY KEY (`log_id`),
  KEY `action_id` (`action_id`),
  KEY `log_date_gmt` (`log_date_gmt`)
) ENGINE=MyISAM AUTO_INCREMENT=1414 DEFAULT CHARSET=utf8mb4 COLLATE=utf8mb4_unicode_520_ci;

--
-- Déchargement des données de la table `wp_actionscheduler_logs`
--

INSERT INTO `wp_actionscheduler_logs` (`log_id`, `action_id`, `message`, `log_date_gmt`, `log_date_local`) VALUES
(1365, 1303, 'action created', '2025-06-02 19:44:13', '2025-06-02 21:44:13'),
(1366, 1293, 'action started via WP Cron', '2025-06-02 19:44:13', '2025-06-02 21:44:13'),
(1367, 1293, 'action complete via WP Cron', '2025-06-02 19:44:13', '2025-06-02 21:44:13'),
(1368, 1304, 'action created', '2025-06-02 19:44:13', '2025-06-02 21:44:13'),
(1369, 1292, 'action started via WP Cron', '2025-06-02 19:44:13', '2025-06-02 21:44:13'),
(1370, 1292, 'action complete via WP Cron', '2025-06-02 19:44:15', '2025-06-02 21:44:15'),
(1371, 1305, 'action created', '2025-06-02 19:44:15', '2025-06-02 21:44:15'),
(1372, 1291, 'action started via WP Cron', '2025-06-02 19:44:15', '2025-06-02 21:44:15'),
(1373, 1291, 'action complete via WP Cron', '2025-06-02 19:44:16', '2025-06-02 21:44:16'),
(1374, 1306, 'action created', '2025-06-02 19:44:16', '2025-06-02 21:44:16'),
(1375, 1296, 'action started via WP Cron', '2025-06-02 19:44:16', '2025-06-02 21:44:16'),
(1376, 1296, 'action complete via WP Cron', '2025-06-02 19:44:17', '2025-06-02 21:44:17'),
(1377, 1307, 'action created', '2025-06-02 19:44:17', '2025-06-02 21:44:17'),
(1378, 1295, 'action started via WP Cron', '2025-06-02 19:44:17', '2025-06-02 21:44:17'),
(1379, 1295, 'action complete via WP Cron', '2025-06-02 19:44:17', '2025-06-02 21:44:17'),
(1380, 1308, 'action created', '2025-06-02 19:44:17', '2025-06-02 21:44:17'),
(1381, 1309, 'action created', '2025-06-02 19:44:17', '2025-06-02 21:44:17'),
(1382, 1310, 'action created', '2025-06-02 19:44:52', '2025-06-02 21:44:52'),
(1383, 1309, 'action started via Async Request', '2025-06-02 19:45:03', '2025-06-02 21:45:03'),
(1384, 1309, 'action complete via Async Request', '2025-06-02 19:45:03', '2025-06-02 21:45:03'),
(1385, 1310, 'action started via Async Request', '2025-06-02 19:45:03', '2025-06-02 21:45:03'),
(1386, 1310, 'action complete via Async Request', '2025-06-02 19:45:03', '2025-06-02 21:45:03'),
(1387, 1311, 'action created', '2025-06-02 19:45:13', '2025-06-02 21:45:13'),
(1388, 1311, 'action started via WP Cron', '2025-06-02 19:45:34', '2025-06-02 21:45:34'),
(1389, 1311, 'action complete via WP Cron', '2025-06-02 19:45:34', '2025-06-02 21:45:34'),
(1390, 1312, 'action created', '2025-06-02 21:57:01', '2025-06-02 23:57:01'),
(1391, 1312, 'action started via WP Cron', '2025-06-03 13:52:32', '2025-06-03 15:52:32'),
(1392, 1312, 'action complete via WP Cron', '2025-06-03 13:52:32', '2025-06-03 15:52:32'),
(1393, 1313, 'action created', '2025-06-03 13:52:32', '2025-06-03 15:52:32'),
(1394, 1313, 'action started via WP Cron', '2025-06-03 13:55:24', '2025-06-03 15:55:24'),
(1395, 1313, 'action complete via WP Cron', '2025-06-03 13:55:24', '2025-06-03 15:55:24'),
(1396, 1314, 'action created', '2025-06-03 13:56:56', '2025-06-03 15:56:56'),
(1397, 1314, 'action started via Async Request', '2025-06-03 13:57:02', '2025-06-03 15:57:02'),
(1398, 1314, 'action complete via Async Request', '2025-06-03 13:57:03', '2025-06-03 15:57:03'),
(1399, 1315, 'action created', '2025-06-03 15:04:09', '2025-06-03 17:04:09'),
(1400, 1315, 'action started via WP Cron', '2025-06-03 15:05:09', '2025-06-03 17:05:09'),
(1401, 1315, 'action complete via WP Cron', '2025-06-03 15:05:09', '2025-06-03 17:05:09'),
(1402, 1316, 'action created', '2025-06-03 15:47:12', '2025-06-03 17:47:12'),
(1403, 1316, 'action started via WP Cron', '2025-06-03 15:47:12', '2025-06-03 17:47:12'),
(1404, 1316, 'action complete via WP Cron', '2025-06-03 15:47:12', '2025-06-03 17:47:12'),
(1405, 1317, 'action created', '2025-06-03 15:58:46', '2025-06-03 17:58:46'),
(1406, 1317, 'action started via WP Cron', '2025-06-03 16:00:13', '2025-06-03 18:00:13'),
(1407, 1317, 'action complete via WP Cron', '2025-06-03 16:00:13', '2025-06-03 18:00:13'),
(1408, 1318, 'action created', '2025-06-03 16:00:14', '2025-06-03 18:00:14'),
(1409, 1318, 'action started via WP Cron', '2025-06-03 16:02:11', '2025-06-03 18:02:11'),
(1410, 1318, 'action complete via WP Cron', '2025-06-03 16:02:11', '2025-06-03 18:02:11'),
(1411, 1319, 'action created', '2025-06-03 16:47:13', '2025-06-03 18:47:13'),
(1412, 1319, 'action started via WP Cron', '2025-06-03 16:49:14', '2025-06-03 18:49:14'),
(1413, 1319, 'action complete via WP Cron', '2025-06-03 16:49:14', '2025-06-03 18:49:14'),
(1331, 1293, 'action created', '2024-12-03 15:01:03', '2024-12-03 16:01:03'),
(1328, 1292, 'action created', '2024-12-03 15:01:03', '2024-12-03 16:01:03'),
(1325, 1291, 'action created', '2024-12-03 15:01:03', '2024-12-03 16:01:03'),
(1322, 1290, 'action created', '2024-12-03 15:01:03', '2024-12-03 16:01:03'),
(1344, 1296, 'action created', '2024-12-04 15:03:33', '2024-12-04 16:03:33'),
(1363, 1290, 'action started via WP Cron', '2025-06-02 19:44:12', '2025-06-02 21:44:12'),
(1364, 1290, 'action complete via WP Cron', '2025-06-02 19:44:13', '2025-06-02 21:44:13'),
(1341, 1295, 'action created', '2024-12-04 15:03:33', '2024-12-04 16:03:33');

-- --------------------------------------------------------

--
-- Structure de la table `wp_captcha_bank`
--

CREATE TABLE IF NOT EXISTS `wp_captcha_bank` (
  `id` int(10) NOT NULL AUTO_INCREMENT,
  `type` longtext COLLATE utf8mb4_unicode_520_ci NOT NULL,
  `parent_id` int(10) NOT NULL,
  PRIMARY KEY (`id`)
) ENGINE=InnoDB AUTO_INCREMENT=16 DEFAULT CHARSET=utf8mb4 COLLATE=utf8mb4_unicode_520_ci;

--
-- Déchargement des données de la table `wp_captcha_bank`
--

INSERT INTO `wp_captcha_bank` (`id`, `type`, `parent_id`) VALUES
(1, 'captcha_setup', 0),
(2, 'general_settings', 0),
(3, 'logs', 0),
(4, 'whitelist_ip_addresses', 0),
(5, 'collation_type', 0),
(6, 'other_settings', 0),
(7, 'advance_security', 0),
(8, 'captcha_type', 1),
(9, 'display_settings', 1),
(10, 'alert_setup', 2),
(11, 'error_message', 2),
(12, 'email_templates', 2),
(13, 'roles_and_capabilities', 2),
(14, 'blocking_options', 7),
(15, 'country_blocks', 7);

-- --------------------------------------------------------

--
-- Structure de la table `wp_captcha_bank_ip_locations`
--

CREATE TABLE IF NOT EXISTS `wp_captcha_bank_ip_locations` (
  `id` int(11) NOT NULL AUTO_INCREMENT,
  `ip` varchar(100) COLLATE utf8mb4_unicode_520_ci NOT NULL,
  `country_code` varchar(5) COLLATE utf8mb4_unicode_520_ci DEFAULT NULL,
  `country_name` varchar(100) COLLATE utf8mb4_unicode_520_ci DEFAULT NULL,
  `region_code` varchar(5) COLLATE utf8mb4_unicode_520_ci DEFAULT NULL,
  `region_name` varchar(100) COLLATE utf8mb4_unicode_520_ci DEFAULT NULL,
  `city` varchar(100) COLLATE utf8mb4_unicode_520_ci DEFAULT NULL,
  `latitude` varchar(100) COLLATE utf8mb4_unicode_520_ci DEFAULT NULL,
  `longitude` varchar(100) COLLATE utf8mb4_unicode_520_ci DEFAULT NULL,
  PRIMARY KEY (`id`)
) ENGINE=MyISAM AUTO_INCREMENT=2 DEFAULT CHARSET=utf8mb4 COLLATE=utf8mb4_unicode_520_ci;

--
-- Déchargement des données de la table `wp_captcha_bank_ip_locations`
--

INSERT INTO `wp_captcha_bank_ip_locations` (`id`, `ip`, `country_code`, `country_name`, `region_code`, `region_name`, `city`, `latitude`, `longitude`) VALUES
(1, '41.202.219.68', 'CM', 'Cameroon', 'LT', 'Littoral', 'Douala', '4.0503', '9.7');

-- --------------------------------------------------------

--
-- Structure de la table `wp_captcha_bank_meta`
--

CREATE TABLE IF NOT EXISTS `wp_captcha_bank_meta` (
  `id` int(10) NOT NULL AUTO_INCREMENT,
  `meta_id` int(10) NOT NULL,
  `meta_key` varchar(200) COLLATE utf8mb4_unicode_520_ci NOT NULL,
  `meta_value` longtext COLLATE utf8mb4_unicode_520_ci NOT NULL,
  PRIMARY KEY (`id`)
) ENGINE=InnoDB AUTO_INCREMENT=15 DEFAULT CHARSET=utf8mb4 COLLATE=utf8mb4_unicode_520_ci;

--
-- Déchargement des données de la table `wp_captcha_bank_meta`
--

INSERT INTO `wp_captcha_bank_meta` (`id`, `meta_id`, `meta_key`, `meta_value`) VALUES
(1, 6, 'other_settings', 'a:5:{s:24:\"automatic_plugin_updates\";s:7:\"disable\";s:26:\"remove_tables_at_uninstall\";s:7:\"disable\";s:23:\"live_traffic_monitoring\";s:7:\"disable\";s:23:\"visitor_logs_monitoring\";s:7:\"disable\";s:26:\"ip_address_fetching_method\";s:0:\"\";}'),
(2, 8, 'captcha_type', 'a:33:{s:25:\"captcha_type_text_logical\";s:9:\"recaptcha\";s:18:\"captcha_characters\";i:4;s:12:\"captcha_type\";s:20:\"alphabets_and_digits\";s:9:\"text_case\";s:10:\"upper_case\";s:14:\"case_sensitive\";s:6:\"enable\";s:13:\"captcha_width\";i:225;s:14:\"captcha_height\";i:70;s:18:\"captcha_background\";s:7:\"bg4.jpg\";s:12:\"border_style\";s:15:\"0,solid,#cccccc\";s:5:\"lines\";i:5;s:11:\"lines_color\";s:7:\"#707070\";s:11:\"noise_level\";i:100;s:11:\"noise_color\";s:7:\"#707070\";s:17:\"text_transperancy\";i:10;s:14:\"signature_text\";s:12:\"Captcha Bank\";s:15:\"signature_style\";s:9:\"7,#ff0000\";s:14:\"signature_font\";s:10:\"Roboto:100\";s:17:\"text_shadow_color\";s:7:\"#cfc6cf\";s:23:\"mathematical_operations\";s:10:\"arithmetic\";s:18:\"arithmetic_actions\";s:7:\"1,1,1,1\";s:18:\"relational_actions\";s:3:\"1,1\";s:13:\"arrange_order\";s:3:\"1,1\";s:10:\"text_style\";s:10:\"24,#000000\";s:9:\"text_font\";s:6:\"Roboto\";s:18:\"recaptcha_site_key\";s:40:\"6Ld38S0bAAAAAP1LBDBFXGwFgUkGrPhMHglJFg97\";s:20:\"recaptcha_secret_key\";s:40:\"6Ld38S0bAAAAAOnNhS3e9NpuAVRqpqtbiy377Rx1\";s:18:\"recaptcha_key_type\";s:2:\"v2\";s:20:\"recaptcha_data_badge\";s:6:\"inline\";s:14:\"recaptcha_type\";s:5:\"image\";s:15:\"recaptcha_theme\";s:5:\"light\";s:14:\"recaptcha_size\";s:6:\"normal\";s:18:\"recaptcha_language\";s:2:\"en\";s:25:\"captcha_bank_behind_proxy\";i:0;}'),
(3, 9, 'display_settings', 'a:1:{s:8:\"settings\";s:39:\"1,0,1,0,1,0,1,0,1,0,0,0,0,0,0,0,0,0,0,0\";}'),
(4, 10, 'alert_setup', 'a:6:{s:29:\"email_when_a_user_fails_login\";s:7:\"disable\";s:31:\"email_when_a_user_success_login\";s:7:\"disable\";s:35:\"email_when_an_ip_address_is_blocked\";s:7:\"disable\";s:37:\"email_when_an_ip_address_is_unblocked\";s:7:\"disable\";s:33:\"email_when_an_ip_range_is_blocked\";s:7:\"disable\";s:35:\"email_when_an_ip_range_is_unblocked\";s:7:\"disable\";}'),
(5, 11, 'error_message', 'a:6:{s:24:\"for_login_attempts_error\";s:72:\"<p>Your Maximum Login Attempts left : <strong>[maxAttempts]</strong></p>\";s:25:\"for_invalid_captcha_error\";s:54:\"You have entered an Invalid Captcha. Please try again.\";s:28:\"for_blocked_ip_address_error\";s:180:\"<p>Your IP Address <strong>[ip_address]</strong> has been blocked by the Administrator for security purposes.</p>\r\n<p>Please contact the Website Administrator for more details.</p>\";s:23:\"for_captcha_empty_error\";s:40:\"Your Captcha is Empty. Please try again.\";s:26:\"for_blocked_ip_range_error\";s:176:\"<p>Your IP Range <strong>[ip_range]</strong> has been blocked by the Administrator for security purposes.</p>\r\n<p>Please contact the Website Administrator for more details.</p>\";s:25:\"for_blocked_country_error\";s:205:\"<p>Unfortunately, your country location <strong>[country_location]</strong> has been blocked by the Administrator for security purposes.</p><p>Please contact the Website Administrator for more details.</p>\";}'),
(6, 12, 'template_for_user_success', 'a:5:{s:7:\"send_to\";s:35:\"infos@closdanthonyresidence.com\r\n\r\n\";s:8:\"email_cc\";s:0:\"\";s:9:\"email_bcc\";s:0:\"\";s:13:\"email_subject\";s:40:\"Login Success Notification- Captcha Bank\";s:13:\"email_message\";s:557:\"<p>Hi,</p><p>A login attempt has been successfully made to your website [site_url] from user <strong>[username]</strong> at [date_time] from IP Address <strong>[ip_address]</strong>.</p><p><u>Here is the detailed footprint at the Request</u> :-</p><p><strong>Username:</strong> [username]</p><p><strong>Date/Time:</strong> [date_time]</p><p><strong>website:</strong> [site_url]</p><p><strong>IP Address:</strong>[ip_address]</p><p><strong>Resource:</strong>[resource]</p><p>Thanks & Regards</p><p><strong>Technical Support Team</strong></p><p>[site_url]</p>\";}'),
(7, 12, 'template_for_user_failure', 'a:5:{s:7:\"send_to\";s:35:\"infos@closdanthonyresidence.com\r\n\r\n\";s:8:\"email_cc\";s:0:\"\";s:9:\"email_bcc\";s:0:\"\";s:13:\"email_subject\";s:40:\"Login Failure Notification- Captcha Bank\";s:13:\"email_message\";s:554:\"<p>Hi,</p><p>An unsuccessful attempt to login at your website [site_url] was being made by user <strong>[username]</strong> at [date_time] from IP Address <strong>[ip_address]</strong>.</p><p><u>Here is the detailed footprint at the Request</u> :-</p><p><strong>Username:</strong> [username]</p><p><strong>Date/Time:</strong> [date_time]</p><p><strong>website:</strong> [site_url]<p><strong>IP Address:</strong> [ip_address]</p><strong>Resource:</strong>[resource]</p><p>Thanks & Regards</p><p><strong>Technical Support Team</strong></p><p>[site_url]</p>\";}'),
(8, 12, 'template_for_ip_address_blocked', 'a:5:{s:7:\"send_to\";s:35:\"infos@closdanthonyresidence.com\r\n\r\n\";s:8:\"email_cc\";s:0:\"\";s:9:\"email_bcc\";s:0:\"\";s:13:\"email_subject\";s:46:\"IP Address Blocked Notification - Captcha Bank\";s:13:\"email_message\";s:464:\"<p>Hi,</p><p>An IP Address <strong>[ip_address]</strong> has been Blocked <strong>[blocked_for]</strong> to your website [site_url].</p><p><u>Here is the detailed footprint at the Request</u> :-</p><p><strong>Date/Time:</strong> [date_time]</p><p><strong>website:</strong> [site_url]</p><p><strong>IP Address:</strong> [ip_address]</p><p><strong>Resource:</strong>[resource]</p><p>Thanks & Regards</p><p><strong>Technical Support Team</strong></p><p>[site_url]</p>\";}'),
(9, 12, 'template_for_ip_address_unblocked', 'a:5:{s:7:\"send_to\";s:35:\"infos@closdanthonyresidence.com\r\n\r\n\";s:8:\"email_cc\";s:0:\"\";s:9:\"email_bcc\";s:0:\"\";s:13:\"email_subject\";s:48:\"IP Address Unblocked Notification - Captcha Bank\";s:13:\"email_message\";s:377:\"<p>Hi,</p><p>An IP Address <strong>[ip_address]</strong> has been Unblocked from your website [site_url] </p><p><u>Here is the detailed footprint at the Request</u> :-</p><p><strong>Date/Time:</strong> [date_time]</p><p><strong>website:</strong> [site_url]</p><p><strong>IP Address:</strong> [ip_address]</p><p>Thanks & Regards</p><p>Technical Support Team</p><p>[site_url]</p>\";}'),
(10, 12, 'template_for_ip_range_blocked', 'a:5:{s:7:\"send_to\";s:35:\"infos@closdanthonyresidence.com\r\n\r\n\";s:8:\"email_cc\";s:0:\"\";s:9:\"email_bcc\";s:0:\"\";s:13:\"email_subject\";s:44:\"IP Range Blocked Notification - Captcha Bank\";s:13:\"email_message\";s:501:\"<p>Hi,</p><p>An IP Range from <strong>[start_ip_range]</strong> to <strong>[end_ip_range]</strong> has been Blocked <strong>[blocked_for]</strong> to your website [site_url].</p><p><u>Here is the detailed footprint at the Request</u> :-</p><p><strong>Date/Time:</strong> [date_time]</p><p><strong>website:</strong> [site_url]</p><strong>IP Address:</strong> [ip_range]</p><p><strong>Resource:</strong>[resource]</p><p>Thanks & Regards</p><p><strong>Technical Support Team</strong></p><p>[site_url]</p>\";}'),
(11, 12, 'template_for_ip_range_unblocked', 'a:5:{s:7:\"send_to\";s:35:\"infos@closdanthonyresidence.com\r\n\r\n\";s:8:\"email_cc\";s:0:\"\";s:9:\"email_bcc\";s:0:\"\";s:13:\"email_subject\";s:46:\"IP Range Unblocked Notification - Captcha Bank\";s:13:\"email_message\";s:435:\"<p>Hi,</p><p>An IP Range from <strong>[start_ip_range]</strong> to <strong>[end_ip_range]</strong> has been Unblocked from your website [site_url] .</p><p><u>Here is the detailed footprint at the Request</u> :-</p><p><strong>Date/Time:</strong> [date_time]</p><p><strong>website:</strong> [site_url]</p><p><strong>IP Address:</strong> [ip_range]</p><p>Thanks & Regards</p><p><strong>Technical Support Team</strong></p><p>[site_url]</p>\";}'),
(12, 13, 'roles_and_capabilities', 'a:10:{s:22:\"roles_and_capabilities\";s:11:\"1,1,1,0,0,0\";s:24:\"administrator_privileges\";s:19:\"1,1,1,1,1,1,1,1,1,1\";s:17:\"author_privileges\";s:19:\"0,0,1,1,0,1,0,0,0,0\";s:17:\"editor_privileges\";s:19:\"0,0,1,0,0,1,0,0,0,0\";s:22:\"contributor_privileges\";s:19:\"0,0,1,0,0,1,0,0,0,0\";s:21:\"subscriber_privileges\";s:19:\"0,0,0,0,0,0,0,0,0,0\";s:30:\"others_full_control_capability\";s:1:\"0\";s:16:\"other_privileges\";s:19:\"0,0,0,0,0,0,0,0,0,0\";s:30:\"show_captcha_bank_top_bar_menu\";s:6:\"enable\";s:12:\"capabilities\";a:7:{i:0;s:14:\"manage_options\";i:1;s:12:\"edit_plugins\";i:2;s:10:\"edit_posts\";i:3;s:13:\"publish_posts\";i:4;s:13:\"publish_pages\";i:5;s:10:\"edit_pages\";i:6;s:4:\"read\";}}'),
(13, 14, 'blocking_options', 'a:3:{s:13:\"auto_ip_block\";s:6:\"enable\";s:30:\"maximum_login_attempt_in_a_day\";s:1:\"5\";s:14:\"block_for_time\";s:5:\"1Hour\";}'),
(14, 15, 'country_blocks', 'a:1:{s:18:\"country_block_data\";s:0:\"\";}');

-- --------------------------------------------------------

--
-- Structure de la table `wp_ce4wp_abandoned_checkout`
--

CREATE TABLE IF NOT EXISTS `wp_ce4wp_abandoned_checkout` (
  `checkout_id` bigint(20) UNSIGNED NOT NULL AUTO_INCREMENT,
  `user_id` bigint(20) UNSIGNED NOT NULL DEFAULT '0',
  `user_email` varchar(200) COLLATE utf8mb4_unicode_520_ci NOT NULL DEFAULT '',
  `checkout_contents` longtext COLLATE utf8mb4_unicode_520_ci NOT NULL,
  `checkout_updated` datetime NOT NULL DEFAULT '0000-00-00 00:00:00',
  `checkout_updated_ts` int(11) UNSIGNED NOT NULL DEFAULT '0',
  `checkout_created` datetime NOT NULL DEFAULT '0000-00-00 00:00:00',
  `checkout_created_ts` int(11) UNSIGNED NOT NULL DEFAULT '0',
  `checkout_recovered` datetime DEFAULT '0000-00-00 00:00:00',
  `checkout_recovered_ts` int(11) UNSIGNED DEFAULT '0',
  `checkout_consent` int(11) UNSIGNED NOT NULL DEFAULT '1',
  `checkout_uuid` varchar(36) COLLATE utf8mb4_unicode_520_ci NOT NULL DEFAULT '',
  PRIMARY KEY (`checkout_id`),
  UNIQUE KEY `checkout_uuid` (`checkout_uuid`)
) ENGINE=MyISAM DEFAULT CHARSET=utf8mb4 COLLATE=utf8mb4_unicode_520_ci;

-- --------------------------------------------------------

--
-- Structure de la table `wp_cerber_files`
--

CREATE TABLE IF NOT EXISTS `wp_cerber_files` (
  `scan_id` int(10) UNSIGNED NOT NULL,
  `scan_type` int(10) UNSIGNED NOT NULL DEFAULT '1',
  `scan_mode` int(10) UNSIGNED NOT NULL DEFAULT '0',
  `scan_status` int(10) UNSIGNED NOT NULL DEFAULT '0',
  `file_status` int(10) UNSIGNED NOT NULL DEFAULT '0',
  `file_name_hash` varchar(255) CHARACTER SET ascii NOT NULL DEFAULT '',
  `file_name` text NOT NULL,
  `file_type` int(10) UNSIGNED NOT NULL DEFAULT '0',
  `file_hash` varchar(255) CHARACTER SET ascii NOT NULL DEFAULT '',
  `file_md5` varchar(255) CHARACTER SET ascii NOT NULL DEFAULT '',
  `file_hash_repo` varchar(255) CHARACTER SET ascii NOT NULL DEFAULT '',
  `hash_match` int(10) UNSIGNED NOT NULL DEFAULT '0',
  `file_size` bigint(20) UNSIGNED NOT NULL DEFAULT '0',
  `file_perms` int(11) NOT NULL DEFAULT '0',
  `file_writable` int(10) UNSIGNED NOT NULL DEFAULT '0',
  `file_mtime` int(10) UNSIGNED NOT NULL DEFAULT '0',
  `file_ext` varchar(255) NOT NULL DEFAULT '',
  `extra` text NOT NULL,
  PRIMARY KEY (`scan_id`,`file_name_hash`)
) ENGINE=InnoDB DEFAULT CHARSET=utf8;

-- --------------------------------------------------------

--
-- Structure de la table `wp_cerber_sets`
--

CREATE TABLE IF NOT EXISTS `wp_cerber_sets` (
  `the_key` varchar(255) CHARACTER SET ascii NOT NULL,
  `the_id` bigint(20) NOT NULL DEFAULT '0',
  `the_value` longtext NOT NULL,
  `expires` bigint(20) UNSIGNED NOT NULL DEFAULT '0',
  PRIMARY KEY (`the_key`,`the_id`)
) ENGINE=InnoDB DEFAULT CHARSET=utf8;

--
-- Déchargement des données de la table `wp_cerber_sets`
--

INSERT INTO `wp_cerber_sets` (`the_key`, `the_id`, `the_value`, `expires`) VALUES
('admin_message', 0, 'a:0:{}', 0),
('admin_notice', 0, 'a:0:{}', 0),
('boot_cerber_addons', 0, 'a:0:{}', 0),
('cerber_admin_wide', 0, '', 0),
('cerber_user', 1, 'a:2:{s:10:\"last_login\";a:2:{s:2:\"ip\";s:3:\"::1\";s:2:\"ua\";s:40:\"ffcb7326caf15c7b84281dff951c7dec80390256\";}s:11:\"2fa_history\";a:2:{i:0;i:10;i:1;i:1613686170;}}', 0),
('cerber_user', 2, 'a:2:{s:10:\"last_login\";a:2:{s:2:\"ip\";s:3:\"::1\";s:2:\"ua\";s:40:\"ffcb7326caf15c7b84281dff951c7dec80390256\";}s:11:\"2fa_history\";a:2:{i:0;i:5;i:1;i:1614808431;}}', 0),
('garbage_collector', 0, '1614854434', 0),
('hash_pl_33c4b55e07ce52900669ff49e9af87f07d602582', 0, 'a:4:{s:4:\"name\";s:10:\"Duplicator\";s:3:\"ver\";s:6:\"1.2.34\";s:4:\"hash\";a:126:{s:10:\"define.php\";s:64:\"d30e66dd4057e553979c50bf571021b12ac7895e2610c0099d923114d9fccce5\";s:14:\"duplicator.php\";s:64:\"2cff0d1660de0c8c85011c4016573b684737ad2661565ff6fce5961431354e32\";s:10:\"readme.txt\";s:64:\"705fa7c97d673873da03b221eca287663ecede96406dfb1a9bc9d5f970af50e5\";s:13:\"uninstall.php\";s:64:\"5266206dd517a1d81a50330f765b2dea53cde1404cfd66f95a1f203365950050\";s:31:\"assets/css/font-awesome.min.css\";s:64:\"799aeb25cc0373fdee0e1b1db7ad6c2f6a0e058dfadaa3379689f583213190bd\";s:24:\"assets/css/jquery-ui.css\";s:64:\"b7fe8798bb487d898b993de4007889f912cd6f6f1ece9f49844d71b745b9e635\";s:20:\"assets/css/style.css\";s:64:\"fc8aed46065c534c754e4d064d6767bdcb76e9789a3104c67153fa990192af35\";s:48:\"assets/css/images/ui-bg_flat_0_aaaaaa_40x100.png\";s:64:\"9a8492a580bf85d3e98ae8861fbd45567e5a1f83eeafcf9574da0399d5f602ab\";s:49:\"assets/css/images/ui-bg_flat_75_ffffff_40x100.png\";s:64:\"39ab7ccd9f4e82579da78a9241265df288d8eb65dbbd7cf48aed2d0129887df5\";s:49:\"assets/css/images/ui-bg_glass_55_fbf9ee_1x400.png\";s:64:\"691597e8a40a891ea94d3589976ecfc33e6145c49422443b00ac2b5a0022964c\";s:49:\"assets/css/images/ui-bg_glass_65_ffffff_1x400.png\";s:64:\"f0e6cd91b837d5c5644d026e5ffeccd907953317cd5c0f689901733afda260b2\";s:49:\"assets/css/images/ui-bg_glass_75_dadada_1x400.png\";s:64:\"c108f5cbf2dd9ec07a26530695ddd95e1664597ce6c056ae44c162cc2e28cec4\";s:49:\"assets/css/images/ui-bg_glass_75_e6e6e6_1x400.png\";s:64:\"ddf5dd4e0ef2b185e8bb0af7b6e90ebe74a84384cb4700658e76e754c8bfe550\";s:49:\"assets/css/images/ui-bg_glass_95_fef1ec_1x400.png\";s:64:\"c64b14b5924d49cda2673ab7933154d6e7d885820c775b312a3da582413b8958\";s:58:\"assets/css/images/ui-bg_highlight-soft_75_cccccc_1x100.png\";s:64:\"54270656df079c4da5182629a080fc633b6f84b87985eb016d25a560e2c38d4a\";s:45:\"assets/css/images/ui-icons_222222_256x240.png\";s:64:\"a2ccfdc001858222885a9df39200840ac7a3f479ba889727d32a10398db7918a\";s:45:\"assets/css/images/ui-icons_2e83ff_256x240.png\";s:64:\"a8f038f8b2763f67002b0a8e2bce0607b9b8ae14c5fa19ff5b404f8b78f1055b\";s:45:\"assets/css/images/ui-icons_454545_256x240.png\";s:64:\"cb36e80beaf2a527d463da552a5c679a46c4ff8c881318a194bb0ccb61cb2d5c\";s:45:\"assets/css/images/ui-icons_888888_256x240.png\";s:64:\"a42b23e21050a0f0f90c1f7a443b8087a409771611eae402861959a793be38e8\";s:45:\"assets/css/images/ui-icons_cd0a0a_256x240.png\";s:64:\"53f9f6be37d5c395c125a53dbf39c697fc3e5fd44a5f09f0d99710910f840dd6\";s:28:\"assets/fonts/FontAwesome.otf\";s:64:\"444dd4366615ffc4a16d012b2fa90137065d3ccb410fa6fd5e4ddd7b5e4ffcd5\";s:36:\"assets/fonts/fontawesome-webfont.eot\";s:64:\"7bfcab6db99d5cfbf1705ca0536ddc78585432cc5fa41bbd7ad0f009033b2979\";s:36:\"assets/fonts/fontawesome-webfont.svg\";s:64:\"ad6157926c1622ba4e1d03d478f1541368524bfc46f51e42fe0d945f7ef323e4\";s:36:\"assets/fonts/fontawesome-webfont.ttf\";s:64:\"aa58f33f239a0fb02f5c7a6c45c043d7a9ac9a093335806694ecd6d4edc0d6a8\";s:37:\"assets/fonts/fontawesome-webfont.woff\";s:64:\"ba0c59deb5450f5cb41b3f93609ee2d0d995415877ddfa223e8a8a7533474f07\";s:38:\"assets/fonts/fontawesome-webfont.woff2\";s:64:\"2adefcbc041e7d18fcf2d417879dc5a09997aa64d675b7a3c4b6ce33da13f3fe\";s:20:\"assets/img/5star.png\";s:64:\"200d0a484c38348718dbe4f515100b2dc169068cd31d835f15e2abe500b4e5a5\";s:24:\"assets/img/amazon-64.png\";s:64:\"4bd41983b771538e08de83a0a7fc7cef76f7a83ac7436070312d8f6ad2997d3a\";s:24:\"assets/img/cpanel-48.png\";s:64:\"ba7b7eb10ae5198609799d2ad5bf5849339609658c0f168629b2820bea631a0b\";s:21:\"assets/img/create.png\";s:64:\"a794dc464566b5f6858e5bcbd8c4d563b4725d0874750e29f16daee6c6e7410a\";s:25:\"assets/img/dropbox-64.png\";s:64:\"566084582e7f05c86eba7270919330eb461feb5a5078fe0c352553637eb8ab99\";s:21:\"assets/img/ftp-64.png\";s:64:\"d827a239cf57d4acb9625436aaabfcb7de9750d5a16a13667221ee1be418af21\";s:32:\"assets/img/google_drive_64px.png\";s:64:\"daaf34bc0977e57ce0bc99cf41b7809f798020f792808fa4907457570018c28b\";s:23:\"assets/img/hdivider.png\";s:64:\"702f1d47297db391f221f5fd52ef09ca7e3a53884ab955228f59d61855a0d4d7\";s:23:\"assets/img/logo-box.png\";s:64:\"c0819922a3494c6723252e81351378027318fa2aacf51caa62ae329e494a903f\";s:38:\"assets/img/logo-dpro-300x50-nosnap.png\";s:64:\"77a961a2fdc787fee54c138f3ac37c9f6c01c06311cc9365d689b9b248a442d5\";s:31:\"assets/img/logo-dpro-300x50.png\";s:64:\"3e4e41568f352653dc7ea05356b0fec4c14a07c5bf84a83c74a764bf8b428b1c\";s:24:\"assets/img/logo-menu.png\";s:64:\"e9322a671b73e3066d868e4dd5f6eabbe04c9cd6bd9ab47100dbbac4fa277af4\";s:24:\"assets/img/logo-menu.svg\";s:64:\"c17c9657da7c1e7f8ba1f8d60cdd7e131c38f003c708a73f1b7a22a3f6bf2207\";s:26:\"assets/img/logo-pro-32.png\";s:64:\"b1d5035365a1762b7a0353b8c8ecc8534653af199d118e28f590017eaa5f53c8\";s:19:\"assets/img/logo.png\";s:64:\"5c55fb3778e7664a7b1026f70c9dd7530ee8b789cff282025aa23099ec1bf46c\";s:27:\"assets/js/handlebars.min.js\";s:64:\"d096836c66515e5ce415b57c5e2f19847ff367a41033463774291867b258ab7e\";s:24:\"assets/js/javascript.php\";s:64:\"edbe7393f2f6742da60d9a8c3e91f9d51471be6f327ccf7cec8be0076dee98e1\";s:35:\"assets/js/parsley-standalone.min.js\";s:64:\"06707e7ffaee4dbb0f60ebe892e715a939e61107d8623bd43e5d6517971cda47\";s:41:\"assets/js/jquery.qtip/jquery.qtip.min.css\";s:64:\"dc18ed2f27de3115af594b67655846ba663896a121aa6c94ad37aacccd553882\";s:40:\"assets/js/jquery.qtip/jquery.qtip.min.js\";s:64:\"cd2dbebc6cbfe0e5dbd04302e446497ba08c615f30ff8d4f5a8d7ed4e9c000df\";s:20:\"classes/class.db.php\";s:64:\"d552e5837bc633035dc53c301346c6539105e1e18a9e24314db6277247fdb1c5\";s:25:\"classes/class.logging.php\";s:64:\"d38ed478cafed7cdbb0e50f7c96413dda434da2c3d0c3049f42f92c242d9b34e\";s:24:\"classes/class.server.php\";s:64:\"9c3714c8e2446f46f280438629688d7e7241ce05c9c4f4e9bebf0896ea56ab5f\";s:26:\"classes/class.settings.php\";s:64:\"45536e8f0eb2ed8a7f860894ff2ee2ad90f2a5993449cc616967337fd43123cf\";s:46:\"classes/package/class.pack.archive.filters.php\";s:64:\"2e0db06a707975cdbd4f1c125becaa7e33a4e88c4fb860ac7888d012fdb32817\";s:38:\"classes/package/class.pack.archive.php\";s:64:\"4e4f37b2dfc53ccc705f7cceccad884e122dcf96ae12ad797185e8a4b1e7b16b\";s:42:\"classes/package/class.pack.archive.zip.php\";s:64:\"3833cdbc2e9a39c55831eaae5c81d3a6cf10687209ec0411e788fb24fa0ab2cd\";s:39:\"classes/package/class.pack.database.php\";s:64:\"d434a956d2d58b7e358c781bc119d6f0e66993258426e3ad7616b5fb053d69a3\";s:40:\"classes/package/class.pack.installer.php\";s:64:\"72947f9b13250d13aaf1177f830184d8af7015c1b4fa940e327dd0d630a3f680\";s:30:\"classes/package/class.pack.php\";s:64:\"68e97ad2ceb8ce7cd87ac2572c4af5dc433d39d7ec8721f6ab418c578d8eb172\";s:30:\"classes/ui/class.ui.dialog.php\";s:64:\"fbfa0637db22c01da48d892c02964bf58ec9eddaaf7a8e94f9c337bf4a8495ad\";s:30:\"classes/ui/class.ui.notice.php\";s:64:\"80eb1f6743a123f9028d3823d6916fabcc08a4359cfcfb2087c82dfeeea0535f\";s:35:\"classes/ui/class.ui.screen.base.php\";s:64:\"602f2305ed5a26f27923153fb9d0a25bf80ddf96af43d2d448e4c704f4544ac4\";s:33:\"classes/ui/class.ui.viewstate.php\";s:64:\"b1972bb582477b50b71453f625e63989f7f1d11ff3f82c77ac27ce065ce9c59a\";s:34:\"classes/utilities/class.u.json.php\";s:64:\"ba1c653549e485ef31fac9445f6007eb2af34266ee5bbf14111c82e41f1769b9\";s:29:\"classes/utilities/class.u.php\";s:64:\"e7d0996101e39cf7e450826738d51ea69062be78e0aa07c5f62febb68ccb0f6e\";s:39:\"classes/utilities/class.u.scancheck.php\";s:64:\"62c307810a6241d947fbfd3f231c081537f7b68c0155c5edd92b5d2adc9ca089\";s:19:\"ctrls/ctrl.base.php\";s:64:\"bf2b58114a6022bb68f19fe15141c79ba317251821382ff2f24ac4af1d1527b4\";s:22:\"ctrls/ctrl.package.php\";s:64:\"a2de491bee0e3938382b3dc7cb748513ee200336b4a67228f7c9fe8ee08529f9\";s:20:\"ctrls/ctrl.tools.php\";s:64:\"70872cc95efdb16a3377acf0d93d5f6c8d175e7d3e54a1fda1c2ed1087deb780\";s:17:\"ctrls/ctrl.ui.php\";s:64:\"bfc22c30ec6818e4aa8481d8bc467b1804491160a46e0518500ebc5775ac5f7b\";s:14:\"debug/main.php\";s:64:\"696d22519a0aa17329b3f842498aa62fb1d512bbafe97fef20674567ad36d563\";s:22:\"debug/tst.packages.php\";s:64:\"0b97d0f8d3a5ce7b76b523df6cec26aa980cfa9b53b0b7d410428ac6f1ce6ad1\";s:19:\"debug/tst.tools.php\";s:64:\"55253290921de8c44e27b4041ccaa59032388aff1ee123dcc0faacf94f47175e\";s:16:\"debug/tst.ui.php\";s:64:\"c6381499fae88707c24cb8a7463f4092a5004338459622b8a8ea24a9160eaf21\";s:20:\"installer/dtoken.php\";s:64:\"c0ae5ae327daaa5b41a2471380262192dafbd424f674b70595540a2af964ce17\";s:34:\"installer/build/main.installer.php\";s:64:\"f7397727b22ce6e5028c4e46595c6c2199a80f1dafa27dd70785b38d7c2de5ac\";s:29:\"installer/build/view.help.php\";s:64:\"40e3408c3ff5d5a772a642b828c43291fca61b03bd47ac0de47a3f95f473416d\";s:30:\"installer/build/view.step1.php\";s:64:\"dea37c5c96b737228179ce1cfaf4726d262a0061c987eec02a2caf1ca95bb3e6\";s:30:\"installer/build/view.step2.php\";s:64:\"f97064b3df7ae3c75da2755f994f21a2289206cd46c9b82262b4ad080af0dbd6\";s:30:\"installer/build/view.step3.php\";s:64:\"999747d0203c1e9ea58a33ef2c8093c1e9a30946432f463fa894fb28a454826f\";s:30:\"installer/build/view.step4.php\";s:64:\"fc181680504f81dc9342bed45649d5ef681b240572541a150da242525985437d\";s:34:\"installer/build/assets/inc.css.php\";s:64:\"613193a0bfc1568490c87b0f72737defa00eca52c0f57671ccd178e54f35d5be\";s:33:\"installer/build/assets/inc.js.php\";s:64:\"b4fd1475a14ede614080509ee1e0a26a2e4ab018a885805f4280f84e69f3e5f7\";s:39:\"installer/build/assets/inc.libs.css.php\";s:64:\"6ec38e0d2e18a23f6030646cd5d612d65ebcc8710d1e58edea55f9ed9bd9767d\";s:38:\"installer/build/assets/inc.libs.js.php\";s:64:\"f57c232e9ecb58f979fa0599e10788d3649a319b9efc19431efe6882a7e72b77\";s:36:\"installer/build/classes/class.db.php\";s:64:\"752319df06aa9f6a71b2f894cd0c73d0c17c369f8dc01af4a352aa5a0c444701\";s:40:\"installer/build/classes/class.engine.php\";s:64:\"b013cfa9174f64c3ffb3d91db086a3426cfe8be0626136e74c93de35bd865b1a\";s:41:\"installer/build/classes/class.logging.php\";s:64:\"1460dad35b26c833eb48b003711b3b7852b9ca64e927f0be4866faed3b85fd2c\";s:40:\"installer/build/classes/class.server.php\";s:64:\"ce0c657ea3bb618382f9b842a279c487a702ea684b33b3f820d94fb1bcde3930\";s:49:\"installer/build/classes/config/class.conf.srv.php\";s:64:\"2a6c6102beb86011c92f87904bcb38aac9ca879b09cacb0b141a101beb0db0c7\";s:48:\"installer/build/classes/config/class.conf.wp.php\";s:64:\"2044ff4b46443146646b44cc04c1338b2424cc3c835973ca6e9bc1995a786d6f\";s:45:\"installer/build/classes/utilities/class.u.php\";s:64:\"f58b5cee178bb897edb366ee2fd638aec5ccee848e387a8f04f46fb97cfb3803\";s:36:\"installer/build/ctrls/ctrl.step1.php\";s:64:\"ba78d8592284c8af66c0540a1bbcdeae546ef543e82515713f3fe6b78c6ea43d\";s:36:\"installer/build/ctrls/ctrl.step2.php\";s:64:\"55c5c6679e552d7eaf4e495de381086bae21a0f49f4cf4edc8bc9479846a6048\";s:36:\"installer/build/ctrls/ctrl.step3.php\";s:64:\"6dfac2b3ab95ac1438ad869bb916bc77506667c76b56830996a7bd417c4b5fa6\";s:26:\"lib/forceutf8/Encoding.php\";s:64:\"2f318bc86d1c1f3f4ac4959f20dbebfe4c2d74d2a5df5d596335e07a53a2fee5\";s:23:\"lib/forceutf8/README.md\";s:64:\"0400d12a01b782c21d56e1be66a658804065676c9261d735110189d843ce3b14\";s:20:\"views/inc.header.php\";s:64:\"587a0f96c50b14f456af25c735646f5f0530de9f03daaad148547d167e91485d\";s:20:\"views/javascript.php\";s:64:\"5e3b10b4c66eb605483a2a19e4b6d4ba5d980727188415e79a1a6253eb1e9a36\";s:20:\"views/help/gopro.php\";s:64:\"129394a0dca6438213a592ba902559021f8748ed0516d44b218cd4dd03bb8927\";s:29:\"views/packages/controller.php\";s:64:\"c7ca85d285669e42b504885cdf370c6e843c31872e818b7ceff71060a48a572c\";s:25:\"views/packages/screen.php\";s:64:\"0ae7b5c04ebaa8c78b5d787b75d242f41521e382d436bc54f9ff217b81fe14dc\";s:37:\"views/packages/details/controller.php\";s:64:\"388fc85863aad54599533fd5aff2be8dcf956e81e7725290e3b5c71d68e0ff7d\";s:33:\"views/packages/details/detail.php\";s:64:\"4f1c84638182e705f35b5ace94ea4b9db7db306554aace8bef92801306239ad4\";s:35:\"views/packages/details/transfer.php\";s:64:\"54d5679e4fc203eeb00c196ddf9dd6e0ae46c7dc520925f69c7bb729f9e9a098\";s:34:\"views/packages/main/controller.php\";s:64:\"70ac2ffd824144bd89df9c782daf55f42ac77b72abb50ce7ec9b1388c1c760e0\";s:32:\"views/packages/main/packages.php\";s:64:\"3b5c88c2c56993d32fdb4e9bb2f8e5276abbc4d7c936a0d3c8119b29a76548b0\";s:33:\"views/packages/main/s1.setup1.php\";s:64:\"de9fe873c5d05129da841b42fca015afb177d7b618ec52b95e6990e159457475\";s:33:\"views/packages/main/s1.setup2.php\";s:64:\"bb3974751ea67768ed05f4fcf486429b5804b5c1a42251e87a7bd0af2b9e649e\";s:32:\"views/packages/main/s2.scan1.php\";s:64:\"044175bb865514c67e8a24c8ceb00642ed8ec9b6b5cbffde66ecae0cb2738f15\";s:32:\"views/packages/main/s2.scan2.php\";s:64:\"f16d6f30baed74648c97de50d8c7773ac405c3b89992c6c0b68844ac02d1ad9e\";s:32:\"views/packages/main/s2.scan3.php\";s:64:\"177a31bf0d916006536f1b7b1155a2afc5061c2078ec8550874ebab62e884702\";s:32:\"views/packages/main/s3.build.php\";s:64:\"f68acaa900560c06db37b579f51019a33f31ebda1c5d002c16d74648de512cba\";s:29:\"views/settings/about-info.php\";s:64:\"607376edbc108d1dd276bb5fae2053b09a2261ae94719a42eeab0ae846e5616a\";s:29:\"views/settings/controller.php\";s:64:\"4132554fbaae78e15f41850fee9d07c4c2d9e833895c7992c49d33a073c2b173\";s:26:\"views/settings/general.php\";s:64:\"beebaea5df9fda77fae6f7399352f95d76df3a866e64324bac95b3fcb82d19eb\";s:26:\"views/settings/license.php\";s:64:\"c4f689d9c04ab0517ea97f6bc0122333e5bf5f156d57d37a58c72fb180d1185b\";s:27:\"views/settings/packages.php\";s:64:\"bfe6380201a50d2a0fc0d0a61a90d6741d18e799500264a80eded5b3ffe5bb32\";s:27:\"views/settings/schedule.php\";s:64:\"0d2f9ae45dbcf5afc805bc0f1310ea18eb5ea5fcf770238dab2c5f65ffe780ed\";s:26:\"views/settings/storage.php\";s:64:\"4c1dcabbb627eb5ce2d5b803b66ec25419c1a9143ccfd963711531cca9a4a9f6\";s:26:\"views/tools/controller.php\";s:64:\"2751c6102b68230b6181b40897879d48cbb2755139f53bcd45bad37171468d4d\";s:36:\"views/tools/diagnostics/inc.data.php\";s:64:\"eaf57505546427876c8d80c1812f857358b0854dfcd33dad95c31787b5aa1de8\";s:39:\"views/tools/diagnostics/inc.phpinfo.php\";s:64:\"1952156c3a53fb47d9c369619c3b1781cc1cd98d9de26c664d49f76f467f9abc\";s:40:\"views/tools/diagnostics/inc.settings.php\";s:64:\"b72fd383f963f66d24bcdbc52283184d4ca02271fc755e37bb2b3449b2ff79d2\";s:41:\"views/tools/diagnostics/inc.validator.php\";s:64:\"3042ca483bae44d4d14ff74500d0161e8bf872e4df1bb1810f0905b4efabb8c3\";s:39:\"views/tools/diagnostics/information.php\";s:64:\"882fc81a944dd200155f2b11782ea8ab0525085f5c982a56d950ee7bd6363dc5\";s:35:\"views/tools/diagnostics/logging.php\";s:64:\"fece5582bd738815fdfc3108abc8b7e5015cc2c32f6929cd7eb74966a5fa5bdb\";s:32:\"views/tools/diagnostics/main.php\";s:64:\"dfc2880913b87c70c7db5404931dc99cf4400448d3ac022ebe63daafa1ef8a75\";s:35:\"views/tools/diagnostics/support.php\";s:64:\"b6488fed3f523acb69c145fe16f334a792fa43d0e6dff83ee8908c22c6043bad\";}s:4:\"time\";i:1614806740;}', 0),
('quarantined_total', 0, '0', 0),
('refresh_add_on_list', 0, '1', 0),
('_activated', 0, 'a:3:{s:7:\"Version\";s:3:\"8.8\";s:4:\"time\";i:1613682863;s:4:\"user\";i:1;}', 0),
('_cerberkey_', 0, 'a:3:{i:0;s:32:\"a3188d919aba2556d42be763ab70e9ea\";i:1;i:1613682862;i:4;s:40:\"SK//XPNVGTERW7K9B1UODF43LZ5AI8YCMS6H2J0Q\";}', 0),
('_cerber_mnemosyne', 0, 'a:3:{i:0;s:17:\"WVRE7L92X0AYTJSKP\";i:4;i:5;i:5;s:17:\"V6D0U4W1SPR87KHGO\";}', 0),
('_cerber_off', 0, 'a:3:{s:7:\"Version\";s:3:\"8.8\";s:1:\"v\";i:1614854444;s:1:\"u\";i:1;}', 0);

-- --------------------------------------------------------

--
-- Structure de la table `wp_cerber_uss`
--

CREATE TABLE IF NOT EXISTS `wp_cerber_uss` (
  `user_id` bigint(20) UNSIGNED NOT NULL,
  `ip` varchar(39) CHARACTER SET ascii NOT NULL,
  `country` char(3) CHARACTER SET ascii NOT NULL DEFAULT '',
  `started` int(10) UNSIGNED NOT NULL,
  `expires` int(10) UNSIGNED NOT NULL,
  `session_id` char(32) CHARACTER SET ascii NOT NULL DEFAULT '',
  `wp_session_token` varchar(250) CHARACTER SET ascii NOT NULL,
  KEY `user_id` (`user_id`)
) ENGINE=InnoDB DEFAULT CHARSET=utf8;

--
-- Déchargement des données de la table `wp_cerber_uss`
--

INSERT INTO `wp_cerber_uss` (`user_id`, `ip`, `country`, `started`, `expires`, `session_id`, `wp_session_token`) VALUES
(1, '41.202.219.71', '', 1614721729, 1614894529, 'GyB48mUqczIH7F56rMNoDdvL', '09f7dc5aba54012364e83e313fec4852d6a0f88ef375d1de5ba0f8599b2067c0'),
(1, '41.202.219.68', '', 1614806395, 1614979195, '18QGOD3pXod4PYswjRkVUSem', 'c282cef86b34ce2d730d8526bc8f9bccbb63aebb699f1b3fa2d8118a6800c14f'),
(2, '::1', '', 1614808431, 1614981231, 'ZmJsXkMYTgKqfbce94aQyrSj', '2be26f8787781d628207a3ef78ff145b7b2dca43fcb7e96a55f29b2797d68ea5'),
(2, '127.0.0.1', '', 1614808567, 1614981367, 'KzUrZfO8AoVL6CJdF05lThYQ', 'ebe6370c096c20eba8299687ed8642a7d2702d2110df0833f7b87a615be9a6a8'),
(2, '127.0.0.1', '', 1614808593, 1614981393, 'IcuXJfmUA6GwH4ZFbj8tdW9M', '9b2f457337a8bceacebe067dd4407c125b48b0529239481de55f3c424182e879'),
(2, '127.0.0.1', '', 1614808641, 1614981441, 'UH2Clf9aON75KpD80gjd6sRL', 'd636b0bec67990ab45442e3b5b56905fd20c85a7ecd46a051785ca8e5c74efea'),
(2, '::1', '', 1614808685, 1614981485, 'mYe4a6SbigzLJd05A18wRGHr', '8b65514c0bfee2bc97748cf78829d1887425550456ebe2f24af39b1c2a4b6ea1'),
(1, '::1', '', 1614808932, 1614981732, 'opHM6QmvnCK27Pj0SFxDYNs9', '900c2a8f229323692df3d311c4b4be063d2f93a32fc259d7b1eaffe3672a70c4'),
(1, '::1', '', 1614809013, 1614981813, 'HUBQY3focaiF6zMkxXjZP10l', '6e79b5c85b911443ebc0d380cb6db736d56d1b354a6d12dc2b39a7e8ed1a54e2');

-- --------------------------------------------------------

--
-- Structure de la table `wp_commentmeta`
--

CREATE TABLE IF NOT EXISTS `wp_commentmeta` (
  `meta_id` bigint(20) UNSIGNED NOT NULL AUTO_INCREMENT,
  `comment_id` bigint(20) UNSIGNED NOT NULL DEFAULT '0',
  `meta_key` varchar(255) COLLATE utf8mb4_unicode_520_ci DEFAULT NULL,
  `meta_value` longtext COLLATE utf8mb4_unicode_520_ci,
  PRIMARY KEY (`meta_id`),
  KEY `comment_id` (`comment_id`),
  KEY `meta_key` (`meta_key`(191))
) ENGINE=MyISAM AUTO_INCREMENT=3 DEFAULT CHARSET=utf8mb4 COLLATE=utf8mb4_unicode_520_ci;

-- --------------------------------------------------------

--
-- Structure de la table `wp_comments`
--

CREATE TABLE IF NOT EXISTS `wp_comments` (
  `comment_ID` bigint(20) UNSIGNED NOT NULL AUTO_INCREMENT,
  `comment_post_ID` bigint(20) UNSIGNED NOT NULL DEFAULT '0',
  `comment_author` tinytext COLLATE utf8mb4_unicode_520_ci NOT NULL,
  `comment_author_email` varchar(100) COLLATE utf8mb4_unicode_520_ci NOT NULL DEFAULT '',
  `comment_author_url` varchar(200) COLLATE utf8mb4_unicode_520_ci NOT NULL DEFAULT '',
  `comment_author_IP` varchar(100) COLLATE utf8mb4_unicode_520_ci NOT NULL DEFAULT '',
  `comment_date` datetime NOT NULL DEFAULT '0000-00-00 00:00:00',
  `comment_date_gmt` datetime NOT NULL DEFAULT '0000-00-00 00:00:00',
  `comment_content` text COLLATE utf8mb4_unicode_520_ci NOT NULL,
  `comment_karma` int(11) NOT NULL DEFAULT '0',
  `comment_approved` varchar(20) COLLATE utf8mb4_unicode_520_ci NOT NULL DEFAULT '1',
  `comment_agent` varchar(255) COLLATE utf8mb4_unicode_520_ci NOT NULL DEFAULT '',
  `comment_type` varchar(20) COLLATE utf8mb4_unicode_520_ci NOT NULL DEFAULT '',
  `comment_parent` bigint(20) UNSIGNED NOT NULL DEFAULT '0',
  `user_id` bigint(20) UNSIGNED NOT NULL DEFAULT '0',
  PRIMARY KEY (`comment_ID`),
  KEY `comment_post_ID` (`comment_post_ID`),
  KEY `comment_approved_date_gmt` (`comment_approved`,`comment_date_gmt`),
  KEY `comment_date_gmt` (`comment_date_gmt`),
  KEY `comment_parent` (`comment_parent`),
  KEY `comment_author_email` (`comment_author_email`(10)),
  KEY `woo_idx_comment_type` (`comment_type`)
) ENGINE=MyISAM AUTO_INCREMENT=69 DEFAULT CHARSET=utf8mb4 COLLATE=utf8mb4_unicode_520_ci;

-- --------------------------------------------------------

--
-- Structure de la table `wp_duplicator_packages`
--

CREATE TABLE IF NOT EXISTS `wp_duplicator_packages` (
  `id` bigint(20) UNSIGNED NOT NULL AUTO_INCREMENT,
  `name` varchar(250) NOT NULL,
  `hash` varchar(50) NOT NULL,
  `status` int(11) NOT NULL,
  `created` datetime NOT NULL DEFAULT '0000-00-00 00:00:00',
  `owner` varchar(60) NOT NULL,
  `package` mediumblob NOT NULL,
  PRIMARY KEY (`id`),
  KEY `hash` (`hash`)
) ENGINE=MyISAM AUTO_INCREMENT=21 DEFAULT CHARSET=latin1;

--
-- Déchargement des données de la table `wp_duplicator_packages`
--

INSERT INTO `wp_duplicator_packages` (`id`, `name`, `hash`, `status`, `created`, `owner`, `package`) VALUES
(19, '20250603_backup_site_all', '1f5b828616ab37561088250603152202', 100, '2025-06-03 15:25:06', 'admin', 0x[encoded data, 6434 characters]),
(20, '20250603_backup_site_bd', 'c5fbdb05cac959a35814250603172114', 100, '2025-06-03 17:21:28', 'admin', 0x[encoded data, 6406 characters]);

-- --------------------------------------------------------

--
-- Structure de la table `wp_gmedia`
--

CREATE TABLE IF NOT EXISTS `wp_gmedia` (
  `ID` bigint(20) UNSIGNED NOT NULL AUTO_INCREMENT,
  `author` bigint(20) UNSIGNED NOT NULL DEFAULT '0',
  `date` datetime NOT NULL DEFAULT '0000-00-00 00:00:00',
  `description` longtext COLLATE utf8mb4_unicode_520_ci NOT NULL,
  `title` text COLLATE utf8mb4_unicode_520_ci NOT NULL,
  `gmuid` varchar(255) COLLATE utf8mb4_unicode_520_ci NOT NULL DEFAULT '',
  `link` varchar(255) COLLATE utf8mb4_unicode_520_ci NOT NULL DEFAULT '',
  `modified` datetime NOT NULL DEFAULT '0000-00-00 00:00:00',
  `mime_type` varchar(100) COLLATE utf8mb4_unicode_520_ci NOT NULL DEFAULT '',
  `status` varchar(20) COLLATE utf8mb4_unicode_520_ci NOT NULL DEFAULT 'publish',
  `post_id` bigint(20) UNSIGNED DEFAULT NULL,
  PRIMARY KEY (`ID`),
  KEY `gmuid` (`gmuid`(250)),
  KEY `type_status_date` (`mime_type`,`status`,`date`,`ID`),
  KEY `author` (`author`),
  KEY `post_id` (`post_id`)
) ENGINE=MyISAM AUTO_INCREMENT=135 DEFAULT CHARSET=utf8mb4 COLLATE=utf8mb4_unicode_520_ci ROW_FORMAT=DYNAMIC;

--
-- Déchargement des données de la table `wp_gmedia`
--

INSERT INTO `wp_gmedia` (`ID`, `author`, `date`, `description`, `title`, `gmuid`, `link`, `modified`, `mime_type`, `status`, `post_id`) VALUES
(79, 1, '2021-03-08 05:11:31', '', 'DSC_7349-1', 'DSC_7349-1.jpg', '', '2021-03-08 05:11:31', 'image/jpeg', 'publish', 847),
(80, 1, '2021-03-08 05:11:31', '', 'DSC_7351-1', 'DSC_7351-1.jpg', '', '2021-03-08 05:11:31', 'image/jpeg', 'publish', 848),
(81, 1, '2021-03-08 05:11:32', '', 'DSC_7383', 'DSC_7383.jpg', '', '2021-03-08 05:11:32', 'image/jpeg', 'publish', 849),
(82, 1, '2021-03-08 05:11:34', '', 'DSC_7372', 'DSC_7372.jpg', '', '2021-03-08 05:11:34', 'image/jpeg', 'publish', 850),
(84, 1, '2021-03-08 05:11:35', '', 'DSC_7364', 'DSC_7364.jpg', '', '2021-03-08 05:11:35', 'image/jpeg', 'publish', 852),
(85, 1, '2021-03-08 05:11:36', '', 'DSC_7339', 'DSC_7339.jpg', '', '2021-03-08 05:11:36', 'image/jpeg', 'publish', 853),
(86, 1, '2021-03-08 05:11:38', '', 'DSC_7336', 'DSC_7336.jpg', '', '2021-03-08 05:11:38', 'image/jpeg', 'publish', 854),
(87, 1, '2021-03-08 05:11:39', '', 'DSC_7335', 'DSC_7335.jpg', '', '2021-03-08 05:11:39', 'image/jpeg', 'publish', 855),
(88, 1, '2021-03-08 05:11:40', '', 'DSC_7332', 'DSC_7332.jpg', '', '2021-03-08 05:11:40', 'image/jpeg', 'publish', 856),
(89, 1, '2021-03-08 05:13:43', '', 'stud_meub_ haut_sal2', 'stud_meub_-haut_sal2.jpg', '', '2021-03-08 05:13:43', 'image/jpeg', 'publish', 857),
(90, 1, '2021-03-08 05:13:45', '', 'stud_meub_ haut_sal1', 'stud_meub_-haut_sal1.jpg', '', '2021-03-08 05:13:45', 'image/jpeg', 'publish', 858),
(91, 1, '2021-03-08 05:13:45', '', 'stud_meub_ haut_cuis', 'stud_meub_-haut_cuis.jpg', '', '2021-03-08 05:13:45', 'image/jpeg', 'publish', 859),
(92, 1, '2021-03-08 05:13:46', '', 'stud_meub_ haut_ch1', 'stud_meub_-haut_ch1.jpg', '', '2021-03-08 05:13:46', 'image/jpeg', 'publish', 860),
(93, 1, '2021-03-08 05:13:48', '', 'stud_meub_ haut_ch', 'stud_meub_-haut_ch.jpg', '', '2021-03-08 05:13:48', 'image/jpeg', 'publish', 861),
(94, 1, '2021-03-08 05:13:48', '', 'stud_meub_ haut_bal1', 'stud_meub_-haut_bal1.jpg', '', '2021-03-08 05:13:48', 'image/jpeg', 'publish', 862),
(95, 1, '2021-03-08 05:13:50', '', 'stud_meub_ haut_bal', 'stud_meub_-haut_bal.jpg', '', '2021-03-08 05:13:50', 'image/jpeg', 'publish', 863),
(98, 1, '2021-03-08 05:16:28', '', 'stud_meub_ rc_sal3', 'stud_meub_-rc_sal3.jpg', '', '2021-03-08 05:16:28', 'image/jpeg', 'publish', 866),
(99, 1, '2021-03-08 05:16:30', '', 'stud_meub_ rc_sal1', 'stud_meub_-rc_sal1.jpg', '', '2021-03-08 05:16:30', 'image/jpeg', 'publish', 867),
(100, 1, '2021-03-08 05:16:31', '', 'stud_meub_ rc_sal', 'stud_meub_-rc_sal.jpg', '', '2021-03-08 05:16:31', 'image/jpeg', 'publish', 868),
(101, 1, '2021-03-08 05:16:32', '', 'stud_meub_ rc_exte', 'stud_meub_-rc_exte.jpg', '', '2021-03-08 05:16:32', 'image/jpeg', 'publish', 869),
(102, 1, '2021-03-08 05:16:32', '', 'stud_meub_ rc_cuis', 'stud_meub_-rc_cuis.jpg', '', '2021-03-08 05:16:32', 'image/jpeg', 'publish', 870),
(103, 1, '2021-03-08 05:16:33', '', 'stud_meub_ rc_ch', 'stud_meub_-rc_ch.jpg', '', '2021-03-08 05:16:33', 'image/jpeg', 'publish', 871),
(104, 1, '2021-03-08 05:16:33', '', 'stud_meub_ rc_sb', 'stud_meub_-rc_sb.jpg', '', '2021-03-08 05:16:33', 'image/jpeg', 'publish', 872),
(105, 1, '2021-03-08 05:16:34', '', 'stud_meub_ rc_sal6', 'stud_meub_-rc_sal6.jpg', '', '2021-03-08 05:16:34', 'image/jpeg', 'publish', 873),
(106, 1, '2021-03-08 05:16:35', '', 'stud_meub_ rc_sal5', 'stud_meub_-rc_sal5.jpg', '', '2021-03-08 05:16:35', 'image/jpeg', 'publish', 874),
(107, 1, '2021-03-08 05:21:21', '', 'stud_meub_ rc1_sb1', 'stud_meub_-rc1_sb1.jpg', '', '2021-03-08 05:21:21', 'image/jpeg', 'publish', 875),
(108, 1, '2021-03-08 05:21:21', '', 'stud_meub_ rc1_sb', 'stud_meub_-rc1_sb.jpg', '', '2021-03-08 05:21:21', 'image/jpeg', 'publish', 876),
(109, 1, '2021-03-08 05:21:22', '', 'stud_meub_ rc1_sal5', 'stud_meub_-rc1_sal5.jpg', '', '2021-03-08 05:21:22', 'image/jpeg', 'publish', 877),
(110, 1, '2021-03-08 05:21:22', '', 'stud_meub_ rc1_sal4', 'stud_meub_-rc1_sal4.jpg', '', '2021-03-08 05:21:22', 'image/jpeg', 'publish', 878),
(111, 1, '2021-03-08 05:21:24', '', 'stud_meub_ rc1_sal3', 'stud_meub_-rc1_sal3.jpg', '', '2021-03-08 05:21:24', 'image/jpeg', 'publish', 879),
(113, 1, '2021-03-08 05:21:26', '', 'stud_meub_ rc1_sal1', 'stud_meub_-rc1_sal1.jpg', '', '2021-03-08 05:21:26', 'image/jpeg', 'publish', 881),
(114, 1, '2021-03-08 05:21:26', '', 'stud_meub_ rc1_sal', 'stud_meub_-rc1_sal.jpg', '', '2021-03-08 05:21:26', 'image/jpeg', 'publish', 882),
(115, 1, '2021-03-08 05:21:27', '', 'stud_meub_ rc1_faca1', 'stud_meub_-rc1_faca1.jpg', '', '2021-03-08 05:21:27', 'image/jpeg', 'publish', 883),
(116, 1, '2021-03-08 05:21:28', '', 'stud_meub_ rc1_faca', 'stud_meub_-rc1_faca.jpg', '', '2021-03-08 05:21:28', 'image/jpeg', 'publish', 884),
(117, 1, '2021-03-08 05:21:29', '', 'stud_meub_ rc1_cuis', 'stud_meub_-rc1_cuis.jpg', '', '2021-03-08 05:21:29', 'image/jpeg', 'publish', 885),
(118, 1, '2021-03-08 05:21:31', '', 'stud_meub_ rc1_ch3', 'stud_meub_-rc1_ch3.jpg', '', '2021-03-08 05:21:31', 'image/jpeg', 'publish', 886),
(119, 1, '2021-03-08 05:21:32', '', 'stud_meub_ rc1_ch1', 'stud_meub_-rc1_ch1.jpg', '', '2021-03-08 05:21:32', 'image/jpeg', 'publish', 887),
(120, 1, '2021-03-08 05:24:07', '', 'exte_vue_global1', 'exte_vue_global1.jpg', '', '2021-03-08 05:24:07', 'image/jpeg', 'publish', 888),
(121, 1, '2021-03-08 05:24:08', '', 'exte_vue_global', 'exte_vue_global.jpg', '', '2021-03-08 05:24:08', 'image/jpeg', 'publish', 889),
(122, 1, '2021-03-08 05:24:08', '', 'exte_vu_haut1', 'exte_vu_haut1.jpg', '', '2021-03-08 05:24:08', 'image/jpeg', 'publish', 890),
(123, 1, '2021-03-08 05:24:10', '', 'exte_piscine', 'exte_piscine.jpg', '', '2021-03-08 05:24:10', 'image/jpeg', 'publish', 891),
(124, 1, '2021-03-08 05:24:11', '', 'exte_parking', 'exte_parking.jpg', '', '2021-03-08 05:24:11', 'image/jpeg', 'publish', 892),
(125, 1, '2021-03-08 05:24:12', '', 'exte_jardin2', 'exte_jardin2.jpg', '', '2021-03-08 05:24:12', 'image/jpeg', 'publish', 893),
(126, 1, '2021-03-08 05:24:13', '', 'exte_jardin1', 'exte_jardin1.jpg', '', '2021-03-08 05:24:13', 'image/jpeg', 'publish', 894),
(127, 1, '2021-03-08 05:24:14', '', 'exte_cour', 'exte_cour.jpg', '', '2021-03-08 05:24:14', 'image/jpeg', 'publish', 895),
(128, 1, '2021-03-08 05:24:15', '', 'exte_allee_jardin3', 'exte_allee_jardin3.jpg', '', '2021-03-08 05:24:15', 'image/jpeg', 'publish', 896),
(129, 1, '2021-03-08 05:24:16', '', 'exte_allee_jardin1', 'exte_allee_jardin1.jpg', '', '2021-03-08 05:24:16', 'image/jpeg', 'publish', 897),
(130, 1, '2021-03-08 05:24:18', '', 'exte_allee_jardin', 'exte_allee_jardin.jpg', '', '2021-03-08 05:24:18', 'image/jpeg', 'publish', 898),
(131, 1, '2021-03-08 05:24:19', '', 'exte_alle_piscine', 'exte_alle_piscine.jpg', '', '2021-03-08 05:24:19', 'image/jpeg', 'publish', 899);

-- --------------------------------------------------------

--
-- Structure de la table `wp_gmedia_log`
--

CREATE TABLE IF NOT EXISTS `wp_gmedia_log` (
  `log` varchar(200) COLLATE utf8mb4_unicode_520_ci NOT NULL DEFAULT '',
  `ID` bigint(20) UNSIGNED NOT NULL DEFAULT '0',
  `log_author` bigint(20) UNSIGNED NOT NULL DEFAULT '0',
  `log_date` datetime NOT NULL DEFAULT '0000-00-00 00:00:00',
  `log_data` longtext COLLATE utf8mb4_unicode_520_ci,
  `ip_address` varchar(45) COLLATE utf8mb4_unicode_520_ci NOT NULL DEFAULT '',
  KEY `log` (`log`),
  KEY `ID` (`ID`),
  KEY `log_author` (`log_author`),
  KEY `log_date` (`log_date`),
  KEY `ip_address` (`ip_address`)
) ENGINE=MyISAM DEFAULT CHARSET=utf8mb4 COLLATE=utf8mb4_unicode_520_ci ROW_FORMAT=DYNAMIC;

-- --------------------------------------------------------

--
-- Structure de la table `wp_gmedia_meta`
--

CREATE TABLE IF NOT EXISTS `wp_gmedia_meta` (
  `meta_id` bigint(20) UNSIGNED NOT NULL AUTO_INCREMENT,
  `gmedia_id` bigint(20) UNSIGNED NOT NULL DEFAULT '0',
  `meta_key` varchar(255) COLLATE utf8mb4_unicode_520_ci DEFAULT NULL,
  `meta_value` longtext COLLATE utf8mb4_unicode_520_ci,
  PRIMARY KEY (`meta_id`),
  KEY `gmedia_id` (`gmedia_id`),
  KEY `meta_key` (`meta_key`(250)),
  KEY `_hash` (`meta_value`(32))
) ENGINE=MyISAM AUTO_INCREMENT=487 DEFAULT CHARSET=utf8mb4 COLLATE=utf8mb4_unicode_520_ci ROW_FORMAT=DYNAMIC;

--
-- Déchargement des données de la table `wp_gmedia_meta`
--

INSERT INTO `wp_gmedia_meta` (`meta_id`, `gmedia_id`, `meta_key`, `meta_value`) VALUES
(270, 80, '_metadata', 'a:4:{s:5:\"thumb\";a:2:{s:5:\"width\";i:300;s:6:\"height\";i:450;}s:3:\"web\";a:2:{s:5:\"width\";i:1200;s:6:\"height\";i:1800;}s:8:\"original\";a:2:{s:5:\"width\";i:1200;s:6:\"height\";i:1800;}s:4:\"file\";s:20:\"image/DSC_7351-1.jpg\";}'),
(269, 79, '_size', '835887'),
(267, 79, '_metadata', 'a:4:{s:5:\"thumb\";a:2:{s:5:\"width\";i:450;s:6:\"height\";i:300;}s:3:\"web\";a:2:{s:5:\"width\";i:2200;s:6:\"height\";i:1466;}s:8:\"original\";a:2:{s:5:\"width\";i:2400;s:6:\"height\";i:1599;}s:4:\"file\";s:20:\"image/DSC_7349-1.jpg\";}'),
(268, 79, '_hash', 'dfa057d828ec94a796d85cc2cef2e2c1'),
(271, 80, '_hash', '1d4e0082f315bb40f1a400c33ec2e3a4'),
(272, 80, '_size', '474999'),
(273, 81, '_metadata', 'a:4:{s:5:\"thumb\";a:2:{s:5:\"width\";i:451;s:6:\"height\";i:300;}s:3:\"web\";a:2:{s:5:\"width\";i:2200;s:6:\"height\";i:1463;}s:8:\"original\";a:2:{s:5:\"width\";i:2400;s:6:\"height\";i:1596;}s:4:\"file\";s:18:\"image/DSC_7383.jpg\";}'),
(274, 81, '_hash', 'a259bea1171a96fe1de5893925666d1d'),
(275, 81, '_size', '796650'),
(276, 82, '_metadata', 'a:4:{s:5:\"thumb\";a:2:{s:5:\"width\";i:450;s:6:\"height\";i:300;}s:3:\"web\";a:2:{s:5:\"width\";i:2200;s:6:\"height\";i:1466;}s:8:\"original\";a:2:{s:5:\"width\";i:2400;s:6:\"height\";i:1599;}s:4:\"file\";s:18:\"image/DSC_7372.jpg\";}'),
(277, 82, '_hash', 'd67ddc2aac5eab451fb6ce0e9c9d3401'),
(278, 82, '_size', '434899'),
(282, 84, '_metadata', 'a:4:{s:5:\"thumb\";a:2:{s:5:\"width\";i:451;s:6:\"height\";i:300;}s:3:\"web\";a:2:{s:5:\"width\";i:2200;s:6:\"height\";i:1463;}s:8:\"original\";a:2:{s:5:\"width\";i:2400;s:6:\"height\";i:1596;}s:4:\"file\";s:18:\"image/DSC_7364.jpg\";}'),
(283, 84, '_hash', 'bf2afe3274449d3468d7fc8378aeff13'),
(284, 84, '_size', '707215'),
(285, 85, '_metadata', 'a:4:{s:5:\"thumb\";a:2:{s:5:\"width\";i:451;s:6:\"height\";i:300;}s:3:\"web\";a:2:{s:5:\"width\";i:2200;s:6:\"height\";i:1463;}s:8:\"original\";a:2:{s:5:\"width\";i:2400;s:6:\"height\";i:1596;}s:4:\"file\";s:18:\"image/DSC_7339.jpg\";}'),
(286, 85, '_hash', 'c8e4599a38268d165140ea8752562d94'),
(287, 85, '_size', '557699'),
(288, 86, '_metadata', 'a:4:{s:5:\"thumb\";a:2:{s:5:\"width\";i:450;s:6:\"height\";i:300;}s:3:\"web\";a:2:{s:5:\"width\";i:2200;s:6:\"height\";i:1467;}s:8:\"original\";a:2:{s:5:\"width\";i:2400;s:6:\"height\";i:1600;}s:4:\"file\";s:18:\"image/DSC_7336.jpg\";}'),
(289, 86, '_hash', '52c6d7a89bb04016b5e598769cd23ab4'),
(290, 86, '_size', '512867'),
(291, 87, '_metadata', 'a:4:{s:5:\"thumb\";a:2:{s:5:\"width\";i:450;s:6:\"height\";i:300;}s:3:\"web\";a:2:{s:5:\"width\";i:2200;s:6:\"height\";i:1466;}s:8:\"original\";a:2:{s:5:\"width\";i:2400;s:6:\"height\";i:1599;}s:4:\"file\";s:18:\"image/DSC_7335.jpg\";}'),
(292, 87, '_hash', '19f520123cdbba104b9c0de54ab84b43'),
(293, 87, '_size', '595243'),
(294, 88, '_metadata', 'a:4:{s:5:\"thumb\";a:2:{s:5:\"width\";i:450;s:6:\"height\";i:300;}s:3:\"web\";a:2:{s:5:\"width\";i:2200;s:6:\"height\";i:1466;}s:8:\"original\";a:2:{s:5:\"width\";i:2400;s:6:\"height\";i:1599;}s:4:\"file\";s:18:\"image/DSC_7332.jpg\";}'),
(295, 88, '_hash', '0a7fd5efbe426eded3109619e9b8f6bc'),
(296, 88, '_size', '475165'),
(297, 89, '_metadata', 'a:4:{s:5:\"thumb\";a:2:{s:5:\"width\";i:450;s:6:\"height\";i:300;}s:3:\"web\";a:2:{s:5:\"width\";i:2200;s:6:\"height\";i:1468;}s:8:\"original\";a:2:{s:5:\"width\";i:2400;s:6:\"height\";i:1601;}s:4:\"file\";s:30:\"image/stud_meub_-haut_sal2.jpg\";}'),
(298, 89, '_hash', '11314c35edbcc75d8052f57c522244b8'),
(299, 89, '_size', '593335'),
(300, 90, '_metadata', 'a:4:{s:5:\"thumb\";a:2:{s:5:\"width\";i:450;s:6:\"height\";i:300;}s:3:\"web\";a:2:{s:5:\"width\";i:2200;s:6:\"height\";i:1468;}s:8:\"original\";a:2:{s:5:\"width\";i:2400;s:6:\"height\";i:1601;}s:4:\"file\";s:30:\"image/stud_meub_-haut_sal1.jpg\";}'),
(301, 90, '_hash', '21c533d8ef4a8ba71b77b980a0659807'),
(302, 90, '_size', '663191'),
(303, 91, '_metadata', 'a:4:{s:5:\"thumb\";a:2:{s:5:\"width\";i:300;s:6:\"height\";i:450;}s:3:\"web\";a:2:{s:5:\"width\";i:1200;s:6:\"height\";i:1800;}s:8:\"original\";a:2:{s:5:\"width\";i:1200;s:6:\"height\";i:1800;}s:4:\"file\";s:30:\"image/stud_meub_-haut_cuis.jpg\";}'),
(304, 91, '_hash', '5bda81a181615687233dff54d91baaa4'),
(305, 91, '_size', '321495'),
(306, 92, '_metadata', 'a:4:{s:5:\"thumb\";a:2:{s:5:\"width\";i:450;s:6:\"height\";i:300;}s:3:\"web\";a:2:{s:5:\"width\";i:2200;s:6:\"height\";i:1466;}s:8:\"original\";a:2:{s:5:\"width\";i:2400;s:6:\"height\";i:1599;}s:4:\"file\";s:29:\"image/stud_meub_-haut_ch1.jpg\";}'),
(307, 92, '_hash', 'aabba77aabe661d874ffd74fa4125ab1'),
(308, 92, '_size', '412600'),
(309, 93, '_metadata', 'a:4:{s:5:\"thumb\";a:2:{s:5:\"width\";i:450;s:6:\"height\";i:300;}s:3:\"web\";a:2:{s:5:\"width\";i:2200;s:6:\"height\";i:1468;}s:8:\"original\";a:2:{s:5:\"width\";i:2400;s:6:\"height\";i:1601;}s:4:\"file\";s:28:\"image/stud_meub_-haut_ch.jpg\";}'),
(310, 93, '_hash', '56456adb5af72b5b2bf8d2e26690386d'),
(311, 93, '_size', '587721'),
(312, 94, '_metadata', 'a:4:{s:5:\"thumb\";a:2:{s:5:\"width\";i:300;s:6:\"height\";i:450;}s:3:\"web\";a:2:{s:5:\"width\";i:1200;s:6:\"height\";i:1800;}s:8:\"original\";a:2:{s:5:\"width\";i:1200;s:6:\"height\";i:1800;}s:4:\"file\";s:30:\"image/stud_meub_-haut_bal1.jpg\";}'),
(313, 94, '_hash', '0367d7731136f62a8563217746fa0866'),
(314, 94, '_size', '545877'),
(315, 95, '_metadata', 'a:4:{s:5:\"thumb\";a:2:{s:5:\"width\";i:450;s:6:\"height\";i:300;}s:3:\"web\";a:2:{s:5:\"width\";i:2200;s:6:\"height\";i:1466;}s:8:\"original\";a:2:{s:5:\"width\";i:2400;s:6:\"height\";i:1599;}s:4:\"file\";s:29:\"image/stud_meub_-haut_bal.jpg\";}'),
(316, 95, '_hash', 'e605df9ca029f83e57cf83c4a7b724cf'),
(317, 95, '_size', '998952'),
(324, 98, '_metadata', 'a:4:{s:5:\"thumb\";a:2:{s:5:\"width\";i:450;s:6:\"height\";i:300;}s:3:\"web\";a:2:{s:5:\"width\";i:2200;s:6:\"height\";i:1468;}s:8:\"original\";a:2:{s:5:\"width\";i:2400;s:6:\"height\";i:1601;}s:4:\"file\";s:28:\"image/stud_meub_-rc_sal3.jpg\";}'),
(325, 98, '_hash', 'a3553f9403c405bea05bb807b63312b9'),
(326, 98, '_size', '904545'),
(327, 99, '_metadata', 'a:4:{s:5:\"thumb\";a:2:{s:5:\"width\";i:450;s:6:\"height\";i:300;}s:3:\"web\";a:2:{s:5:\"width\";i:2200;s:6:\"height\";i:1468;}s:8:\"original\";a:2:{s:5:\"width\";i:2400;s:6:\"height\";i:1601;}s:4:\"file\";s:28:\"image/stud_meub_-rc_sal1.jpg\";}'),
(328, 99, '_hash', 'aadc1b1ba52c182781ad612d9190d6e6'),
(329, 99, '_size', '824663'),
(330, 100, '_metadata', 'a:4:{s:5:\"thumb\";a:2:{s:5:\"width\";i:450;s:6:\"height\";i:300;}s:3:\"web\";a:2:{s:5:\"width\";i:2200;s:6:\"height\";i:1467;}s:8:\"original\";a:2:{s:5:\"width\";i:2400;s:6:\"height\";i:1600;}s:4:\"file\";s:27:\"image/stud_meub_-rc_sal.jpg\";}'),
(331, 100, '_hash', 'ec4d53ab5a479fc4e02ca363a2863e22'),
(332, 100, '_size', '651519'),
(333, 101, '_metadata', 'a:4:{s:5:\"thumb\";a:2:{s:5:\"width\";i:450;s:6:\"height\";i:300;}s:3:\"web\";a:2:{s:5:\"width\";i:2200;s:6:\"height\";i:1466;}s:8:\"original\";a:2:{s:5:\"width\";i:2400;s:6:\"height\";i:1599;}s:4:\"file\";s:28:\"image/stud_meub_-rc_exte.jpg\";}'),
(334, 101, '_hash', '1def18e3689f775ea6ae37f5f870719d'),
(335, 101, '_size', '871700'),
(336, 102, '_metadata', 'a:4:{s:5:\"thumb\";a:2:{s:5:\"width\";i:300;s:6:\"height\";i:450;}s:3:\"web\";a:2:{s:5:\"width\";i:1201;s:6:\"height\";i:1800;}s:8:\"original\";a:2:{s:5:\"width\";i:1201;s:6:\"height\";i:1800;}s:4:\"file\";s:28:\"image/stud_meub_-rc_cuis.jpg\";}'),
(337, 102, '_hash', '1563af4bb2d70e7b8935c41caeb9e5e6'),
(338, 102, '_size', '362534'),
(339, 103, '_metadata', 'a:4:{s:5:\"thumb\";a:2:{s:5:\"width\";i:300;s:6:\"height\";i:451;}s:3:\"web\";a:2:{s:5:\"width\";i:1197;s:6:\"height\";i:1800;}s:8:\"original\";a:2:{s:5:\"width\";i:1197;s:6:\"height\";i:1800;}s:4:\"file\";s:26:\"image/stud_meub_-rc_ch.jpg\";}'),
(340, 103, '_hash', 'a66bca38a03fff85cf46ef2f0ade1c97'),
(341, 103, '_size', '389475'),
(342, 104, '_metadata', 'a:4:{s:5:\"thumb\";a:2:{s:5:\"width\";i:300;s:6:\"height\";i:562;}s:3:\"web\";a:2:{s:5:\"width\";i:961;s:6:\"height\";i:1800;}s:8:\"original\";a:2:{s:5:\"width\";i:961;s:6:\"height\";i:1800;}s:4:\"file\";s:26:\"image/stud_meub_-rc_sb.jpg\";}'),
(343, 104, '_hash', '8d786ae8f35d61e401c40839e507c532'),
(344, 104, '_size', '238187'),
(345, 105, '_metadata', 'a:4:{s:5:\"thumb\";a:2:{s:5:\"width\";i:450;s:6:\"height\";i:300;}s:3:\"web\";a:2:{s:5:\"width\";i:2200;s:6:\"height\";i:1467;}s:8:\"original\";a:2:{s:5:\"width\";i:2400;s:6:\"height\";i:1600;}s:4:\"file\";s:28:\"image/stud_meub_-rc_sal6.jpg\";}'),
(346, 105, '_hash', 'eb5fafde70882267bd6f89b82ec37665'),
(347, 105, '_size', '661281'),
(348, 106, '_metadata', 'a:4:{s:5:\"thumb\";a:2:{s:5:\"width\";i:450;s:6:\"height\";i:300;}s:3:\"web\";a:2:{s:5:\"width\";i:2200;s:6:\"height\";i:1468;}s:8:\"original\";a:2:{s:5:\"width\";i:2400;s:6:\"height\";i:1601;}s:4:\"file\";s:28:\"image/stud_meub_-rc_sal5.jpg\";}'),
(349, 106, '_hash', '7079432ff0b14987cf3fa45390b23b6c'),
(350, 106, '_size', '824016'),
(351, 107, '_metadata', 'a:4:{s:5:\"thumb\";a:2:{s:5:\"width\";i:300;s:6:\"height\";i:451;}s:3:\"web\";a:2:{s:5:\"width\";i:718;s:6:\"height\";i:1080;}s:8:\"original\";a:2:{s:5:\"width\";i:718;s:6:\"height\";i:1080;}s:4:\"file\";s:28:\"image/stud_meub_-rc1_sb1.jpg\";}'),
(352, 107, '_hash', '91111ab018f75e93afe6bc6519e60421'),
(353, 107, '_size', '75272'),
(354, 108, '_metadata', 'a:4:{s:5:\"thumb\";a:2:{s:5:\"width\";i:300;s:6:\"height\";i:450;}s:3:\"web\";a:2:{s:5:\"width\";i:720;s:6:\"height\";i:1080;}s:8:\"original\";a:2:{s:5:\"width\";i:720;s:6:\"height\";i:1080;}s:4:\"file\";s:27:\"image/stud_meub_-rc1_sb.jpg\";}'),
(355, 108, '_hash', 'd60e17b9f02ccf07b25e54a063957bab'),
(356, 108, '_size', '58305'),
(357, 109, '_metadata', 'a:4:{s:5:\"thumb\";a:2:{s:5:\"width\";i:450;s:6:\"height\";i:300;}s:3:\"web\";a:2:{s:5:\"width\";i:2200;s:6:\"height\";i:1468;}s:8:\"original\";a:2:{s:5:\"width\";i:2400;s:6:\"height\";i:1601;}s:4:\"file\";s:29:\"image/stud_meub_-rc1_sal5.jpg\";}'),
(358, 109, '_hash', 'ec4641cf4aa5cbffee46b3ae4bb54ac1'),
(359, 109, '_size', '569731'),
(360, 110, '_metadata', 'a:4:{s:5:\"thumb\";a:2:{s:5:\"width\";i:300;s:6:\"height\";i:450;}s:3:\"web\";a:2:{s:5:\"width\";i:1200;s:6:\"height\";i:1800;}s:8:\"original\";a:2:{s:5:\"width\";i:1200;s:6:\"height\";i:1800;}s:4:\"file\";s:29:\"image/stud_meub_-rc1_sal4.jpg\";}'),
(361, 110, '_hash', '4b62afe114af444c5d9c602c02756f57'),
(362, 110, '_size', '443494'),
(363, 111, '_metadata', 'a:4:{s:5:\"thumb\";a:2:{s:5:\"width\";i:450;s:6:\"height\";i:300;}s:3:\"web\";a:2:{s:5:\"width\";i:2200;s:6:\"height\";i:1467;}s:8:\"original\";a:2:{s:5:\"width\";i:2400;s:6:\"height\";i:1600;}s:4:\"file\";s:29:\"image/stud_meub_-rc1_sal3.jpg\";}'),
(364, 111, '_hash', 'd58b00ce553d629d99b4963297098b8c'),
(365, 111, '_size', '377184'),
(438, 122, 'views', '12'),
(439, 120, 'views', '15'),
(440, 110, 'views', '13'),
(441, 111, 'views', '11'),
(442, 109, 'views', '12'),
(443, 108, 'views', '13'),
(436, 101, 'views', '11'),
(437, 125, 'views', '12'),
(435, 84, 'views', '5'),
(369, 113, '_metadata', 'a:4:{s:5:\"thumb\";a:2:{s:5:\"width\";i:450;s:6:\"height\";i:300;}s:3:\"web\";a:2:{s:5:\"width\";i:2200;s:6:\"height\";i:1468;}s:8:\"original\";a:2:{s:5:\"width\";i:2400;s:6:\"height\";i:1601;}s:4:\"file\";s:29:\"image/stud_meub_-rc1_sal1.jpg\";}'),
(370, 113, '_hash', 'f673c9222ca3dd814dc7ad6fb6f6916f'),
(371, 113, '_size', '481185'),
(372, 114, '_metadata', 'a:4:{s:5:\"thumb\";a:2:{s:5:\"width\";i:300;s:6:\"height\";i:450;}s:3:\"web\";a:2:{s:5:\"width\";i:1201;s:6:\"height\";i:1800;}s:8:\"original\";a:2:{s:5:\"width\";i:1201;s:6:\"height\";i:1800;}s:4:\"file\";s:28:\"image/stud_meub_-rc1_sal.jpg\";}'),
(373, 114, '_hash', 'deafac3ca4aeaf6ceacb2fe01d343101'),
(374, 114, '_size', '355691'),
(375, 115, '_metadata', 'a:4:{s:5:\"thumb\";a:2:{s:5:\"width\";i:300;s:6:\"height\";i:450;}s:3:\"web\";a:2:{s:5:\"width\";i:1201;s:6:\"height\";i:1800;}s:8:\"original\";a:2:{s:5:\"width\";i:1201;s:6:\"height\";i:1800;}s:4:\"file\";s:30:\"image/stud_meub_-rc1_faca1.jpg\";}'),
(376, 115, '_hash', 'db3ec36f9513c5a3e7507be47c41452e'),
(377, 115, '_size', '416531'),
(378, 116, '_metadata', 'a:4:{s:5:\"thumb\";a:2:{s:5:\"width\";i:450;s:6:\"height\";i:300;}s:3:\"web\";a:2:{s:5:\"width\";i:2200;s:6:\"height\";i:1466;}s:8:\"original\";a:2:{s:5:\"width\";i:2400;s:6:\"height\";i:1599;}s:4:\"file\";s:29:\"image/stud_meub_-rc1_faca.jpg\";}'),
(379, 116, '_hash', 'c72ec56e16edbd12edb5768b8395fd16'),
(380, 116, '_size', '1144414'),
(381, 117, '_metadata', 'a:4:{s:5:\"thumb\";a:2:{s:5:\"width\";i:450;s:6:\"height\";i:300;}s:3:\"web\";a:2:{s:5:\"width\";i:2200;s:6:\"height\";i:1467;}s:8:\"original\";a:2:{s:5:\"width\";i:2400;s:6:\"height\";i:1600;}s:4:\"file\";s:29:\"image/stud_meub_-rc1_cuis.jpg\";}'),
(382, 117, '_hash', '6b4a33d724c5814aa50a21349729bf00'),
(383, 117, '_size', '483030'),
(384, 118, '_metadata', 'a:4:{s:5:\"thumb\";a:2:{s:5:\"width\";i:450;s:6:\"height\";i:300;}s:3:\"web\";a:2:{s:5:\"width\";i:2200;s:6:\"height\";i:1467;}s:8:\"original\";a:2:{s:5:\"width\";i:2400;s:6:\"height\";i:1600;}s:4:\"file\";s:28:\"image/stud_meub_-rc1_ch3.jpg\";}'),
(385, 118, '_hash', '8f0f6f904681c09a1aea8fbe07189153'),
(386, 118, '_size', '342841'),
(387, 119, '_metadata', 'a:4:{s:5:\"thumb\";a:2:{s:5:\"width\";i:450;s:6:\"height\";i:300;}s:3:\"web\";a:2:{s:5:\"width\";i:2200;s:6:\"height\";i:1468;}s:8:\"original\";a:2:{s:5:\"width\";i:2400;s:6:\"height\";i:1601;}s:4:\"file\";s:28:\"image/stud_meub_-rc1_ch1.jpg\";}'),
(388, 119, '_hash', '783c0a9d1bc44a15593ddf722b73977c'),
(389, 119, '_size', '421464'),
(390, 120, '_metadata', 'a:4:{s:5:\"thumb\";a:2:{s:5:\"width\";i:450;s:6:\"height\";i:300;}s:3:\"web\";a:2:{s:5:\"width\";i:2200;s:6:\"height\";i:1468;}s:8:\"original\";a:2:{s:5:\"width\";i:2400;s:6:\"height\";i:1601;}s:4:\"file\";s:26:\"image/exte_vue_global1.jpg\";}'),
(391, 120, '_hash', '0b9bad538914b519db2827c0b6b3aa8c'),
(392, 120, '_size', '1187775'),
(393, 121, '_metadata', 'a:4:{s:5:\"thumb\";a:2:{s:5:\"width\";i:420;s:6:\"height\";i:300;}s:3:\"web\";a:2:{s:5:\"width\";i:2200;s:6:\"height\";i:1571;}s:8:\"original\";a:2:{s:5:\"width\";i:2400;s:6:\"height\";i:1714;}s:4:\"file\";s:25:\"image/exte_vue_global.jpg\";}'),
(394, 121, '_hash', 'e83ac9e4d4d4c4ac4b47ab7391033dfb'),
(395, 121, '_size', '1167135'),
(396, 122, '_metadata', 'a:4:{s:5:\"thumb\";a:2:{s:5:\"width\";i:300;s:6:\"height\";i:450;}s:3:\"web\";a:2:{s:5:\"width\";i:1201;s:6:\"height\";i:1800;}s:8:\"original\";a:2:{s:5:\"width\";i:1201;s:6:\"height\";i:1800;}s:4:\"file\";s:23:\"image/exte_vu_haut1.jpg\";}'),
(397, 122, '_hash', '8922187f3af13067176603d01b7fc88c'),
(398, 122, '_size', '916030'),
(399, 123, '_metadata', 'a:4:{s:5:\"thumb\";a:2:{s:5:\"width\";i:450;s:6:\"height\";i:300;}s:3:\"web\";a:2:{s:5:\"width\";i:2200;s:6:\"height\";i:1467;}s:8:\"original\";a:2:{s:5:\"width\";i:2400;s:6:\"height\";i:1600;}s:4:\"file\";s:22:\"image/exte_piscine.jpg\";}'),
(400, 123, '_hash', '004b7cad564da852f1d3f8ab6d2b918d'),
(401, 123, '_size', '1354457'),
(402, 124, '_metadata', 'a:4:{s:5:\"thumb\";a:2:{s:5:\"width\";i:450;s:6:\"height\";i:300;}s:3:\"web\";a:2:{s:5:\"width\";i:2200;s:6:\"height\";i:1468;}s:8:\"original\";a:2:{s:5:\"width\";i:2400;s:6:\"height\";i:1601;}s:4:\"file\";s:22:\"image/exte_parking.jpg\";}'),
(403, 124, '_hash', '52b1cc31b92351b1f260bb013b30cf0b'),
(404, 124, '_size', '1786764'),
(405, 125, '_metadata', 'a:4:{s:5:\"thumb\";a:2:{s:5:\"width\";i:450;s:6:\"height\";i:300;}s:3:\"web\";a:2:{s:5:\"width\";i:2200;s:6:\"height\";i:1467;}s:8:\"original\";a:2:{s:5:\"width\";i:2400;s:6:\"height\";i:1600;}s:4:\"file\";s:22:\"image/exte_jardin2.jpg\";}'),
(406, 125, '_hash', '45ec1032cef525bd16f5e3a54f5cd21f'),
(407, 125, '_size', '1366872'),
(408, 126, '_metadata', 'a:4:{s:5:\"thumb\";a:2:{s:5:\"width\";i:300;s:6:\"height\";i:450;}s:3:\"web\";a:2:{s:5:\"width\";i:1201;s:6:\"height\";i:1800;}s:8:\"original\";a:2:{s:5:\"width\";i:1201;s:6:\"height\";i:1800;}s:4:\"file\";s:22:\"image/exte_jardin1.jpg\";}'),
(409, 126, '_hash', '72ae372266de6191eea764438d21a992'),
(410, 126, '_size', '848517'),
(411, 127, '_metadata', 'a:4:{s:5:\"thumb\";a:2:{s:5:\"width\";i:450;s:6:\"height\";i:300;}s:3:\"web\";a:2:{s:5:\"width\";i:2200;s:6:\"height\";i:1467;}s:8:\"original\";a:2:{s:5:\"width\";i:2400;s:6:\"height\";i:1600;}s:4:\"file\";s:19:\"image/exte_cour.jpg\";}'),
(412, 127, '_hash', '78c4ff9f2700ed2e4625a0dedd579aea'),
(413, 127, '_size', '1561430'),
(414, 128, '_metadata', 'a:4:{s:5:\"thumb\";a:2:{s:5:\"width\";i:450;s:6:\"height\";i:300;}s:3:\"web\";a:2:{s:5:\"width\";i:2200;s:6:\"height\";i:1466;}s:8:\"original\";a:2:{s:5:\"width\";i:2400;s:6:\"height\";i:1599;}s:4:\"file\";s:28:\"image/exte_allee_jardin3.jpg\";}'),
(415, 128, '_hash', '2b893251daef25be6a9f1b2b998372c8'),
(416, 128, '_size', '1301495'),
(417, 129, '_metadata', 'a:4:{s:5:\"thumb\";a:2:{s:5:\"width\";i:450;s:6:\"height\";i:300;}s:3:\"web\";a:2:{s:5:\"width\";i:2200;s:6:\"height\";i:1468;}s:8:\"original\";a:2:{s:5:\"width\";i:2400;s:6:\"height\";i:1601;}s:4:\"file\";s:28:\"image/exte_allee_jardin1.jpg\";}'),
(418, 129, '_hash', '68477aceddd2a13941532221095ceb5c'),
(419, 129, '_size', '2011410'),
(420, 130, '_metadata', 'a:4:{s:5:\"thumb\";a:2:{s:5:\"width\";i:450;s:6:\"height\";i:300;}s:3:\"web\";a:2:{s:5:\"width\";i:2200;s:6:\"height\";i:1468;}s:8:\"original\";a:2:{s:5:\"width\";i:2400;s:6:\"height\";i:1601;}s:4:\"file\";s:27:\"image/exte_allee_jardin.jpg\";}'),
(421, 130, '_hash', '7c906039d39b86fcb8213f0cdb0a3434'),
(422, 130, '_size', '1727032'),
(423, 131, '_metadata', 'a:4:{s:5:\"thumb\";a:2:{s:5:\"width\";i:450;s:6:\"height\";i:300;}s:3:\"web\";a:2:{s:5:\"width\";i:2200;s:6:\"height\";i:1467;}s:8:\"original\";a:2:{s:5:\"width\";i:2400;s:6:\"height\";i:1600;}s:4:\"file\";s:27:\"image/exte_alle_piscine.jpg\";}'),
(424, 131, '_hash', '34d8f3df8916a154a548bb69fd806a0b'),
(425, 131, '_size', '1771729'),
(444, 107, 'views', '11'),
(445, 106, 'views', '13'),
(446, 105, 'views', '10'),
(447, 104, 'views', '10'),
(448, 103, 'views', '11'),
(449, 102, 'views', '10'),
(450, 100, 'views', '10'),
(453, 95, 'views', '10'),
(454, 94, 'views', '8'),
(455, 92, 'views', '7'),
(456, 91, 'views', '7'),
(457, 90, 'views', '7'),
(458, 89, 'views', '6'),
(459, 88, 'views', '8'),
(460, 87, 'views', '6'),
(462, 82, 'views', '5'),
(463, 81, 'views', '5'),
(464, 80, 'views', '8'),
(465, 79, 'views', '6'),
(466, 131, 'views', '13'),
(467, 130, 'views', '11'),
(468, 129, 'views', '9'),
(469, 128, 'views', '9'),
(470, 127, 'views', '8'),
(471, 126, 'views', '11'),
(472, 124, 'views', '9'),
(473, 123, 'views', '12'),
(474, 121, 'views', '11'),
(475, 119, 'views', '13'),
(476, 118, 'views', '11'),
(477, 117, 'views', '13'),
(478, 116, 'views', '10'),
(479, 115, 'views', '9'),
(480, 114, 'views', '13'),
(481, 113, 'views', '13'),
(482, 93, 'views', '7'),
(483, 98, 'views', '8'),
(484, 86, 'views', '6'),
(485, 85, 'views', '4'),
(486, 99, 'views', '8');

-- --------------------------------------------------------

--
-- Structure de la table `wp_gmedia_term`
--

CREATE TABLE IF NOT EXISTS `wp_gmedia_term` (
  `term_id` bigint(20) UNSIGNED NOT NULL AUTO_INCREMENT,
  `name` varchar(200) COLLATE utf8mb4_unicode_520_ci NOT NULL DEFAULT '',
  `taxonomy` varchar(32) COLLATE utf8mb4_unicode_520_ci NOT NULL DEFAULT '',
  `description` longtext COLLATE utf8mb4_unicode_520_ci NOT NULL,
  `global` bigint(20) UNSIGNED NOT NULL DEFAULT '0',
  `count` bigint(20) NOT NULL DEFAULT '0',
  `status` varchar(20) COLLATE utf8mb4_unicode_520_ci NOT NULL DEFAULT 'publish',
  PRIMARY KEY (`term_id`),
  KEY `taxonomy` (`taxonomy`),
  KEY `name` (`name`)
) ENGINE=MyISAM AUTO_INCREMENT=19 DEFAULT CHARSET=utf8mb4 COLLATE=utf8mb4_unicode_520_ci ROW_FORMAT=DYNAMIC;

--
-- Déchargement des données de la table `wp_gmedia_term`
--

INSERT INTO `wp_gmedia_term` (`term_id`, `name`, `taxonomy`, `description`, `global`, `count`, `status`) VALUES
(1, 'cat_resi_exte', 'gmedia_category', '', 0, 12, 'publish'),
(3, 'cat_stu_meu_rc_dr', 'gmedia_category', '', 0, 9, 'publish'),
(4, 'cat_stu_meu_rc_ga', 'gmedia_category', '', 0, 12, 'publish'),
(5, 'cat_appart_meu_etage', 'gmedia_category', '', 0, 9, 'publish'),
(6, 'gallerie cubique', 'gmedia_gallery', '', 1, 0, 'publish'),
(7, 'residence_all', 'gmedia_gallery', '', 1, 0, 'publish'),
(18, 'gallerie_cubique_new', 'gmedia_gallery', '', 1, 0, 'publish'),
(15, 'Studio meublé 2ème étage', 'gmedia_album', '', 1, 0, 'publish'),
(16, 'Studio meublé 2ème étage', 'gmedia_category', '', 0, 7, 'publish');

-- --------------------------------------------------------

--
-- Structure de la table `wp_gmedia_term_meta`
--

CREATE TABLE IF NOT EXISTS `wp_gmedia_term_meta` (
  `meta_id` bigint(20) UNSIGNED NOT NULL AUTO_INCREMENT,
  `gmedia_term_id` bigint(20) UNSIGNED NOT NULL DEFAULT '0',
  `meta_key` varchar(255) COLLATE utf8mb4_unicode_520_ci DEFAULT NULL,
  `meta_value` longtext COLLATE utf8mb4_unicode_520_ci,
  PRIMARY KEY (`meta_id`),
  KEY `gmedia_term_id` (`gmedia_term_id`),
  KEY `meta_key` (`meta_key`(250))
) ENGINE=MyISAM AUTO_INCREMENT=73 DEFAULT CHARSET=utf8mb4 COLLATE=utf8mb4_unicode_520_ci ROW_FORMAT=DYNAMIC;

--
-- Déchargement des données de la table `wp_gmedia_term_meta`
--

INSERT INTO `wp_gmedia_term_meta` (`meta_id`, `gmedia_term_id`, `meta_key`, `meta_value`) VALUES
(1, 1, '_orderby', 'ID'),
(2, 1, '_order', 'DESC'),
(3, 1, '_module_preset', ''),
(69, 18, '_edited', '2021-03-08 11:10:26'),
(68, 18, '_post_ID', '926'),
(7, 3, '_orderby', 'ID'),
(8, 3, '_order', 'DESC'),
(9, 3, '_module_preset', ''),
(10, 4, '_orderby', 'ID'),
(11, 4, '_order', 'DESC'),
(12, 4, '_module_preset', ''),
(13, 5, '_orderby', 'ID'),
(14, 5, '_order', 'DESC'),
(15, 5, '_module_preset', ''),
(16, 6, '_post_ID', '527'),
(17, 6, '_edited', '2021-03-04 02:16:04'),
(18, 6, '_query', 'a:0:{}'),
(19, 6, '_module', 'cubik-lite'),
(20, 6, '_settings', 'a:1:{s:10:\"cubik-lite\";a:21:{s:7:\"maxSize\";s:3:\"400\";s:9:\"thumbCols\";s:1:\"4\";s:11:\"facePadding\";s:2:\"20\";s:10:\"faceMargin\";s:2:\"20\";s:21:\"lightboxControlsColor\";s:6:\"ffffff\";s:18:\"lightboxTitleColor\";s:6:\"f3f3f3\";s:17:\"lightboxTextColor\";s:6:\"f3f3f3\";s:15:\"lightboxBGColor\";s:6:\"0b0b0b\";s:15:\"lightboxBGAlpha\";s:2:\"80\";s:14:\"sidebarBGColor\";s:6:\"ffffff\";s:18:\"socialShareEnabled\";s:1:\"1\";s:15:\"share_post_link\";s:1:\"1\";s:9:\"deepLinks\";s:1:\"1\";s:21:\"lightbox800HideArrows\";s:1:\"0\";s:15:\"commentsEnabled\";s:1:\"1\";s:10:\"thumb2link\";s:1:\"0\";s:10:\"show_title\";s:1:\"1\";s:9:\"show_tags\";s:1:\"1\";s:15:\"show_categories\";s:1:\"1\";s:11:\"show_albums\";s:1:\"1\";s:9:\"customCSS\";s:0:\"\";}}'),
(21, 7, '_post_ID', '528'),
(22, 7, '_edited', '2021-05-23 14:30:08'),
(23, 7, '_query', 'a:0:{}'),
(24, 7, '_module', 'phantom'),
(25, 7, '_settings', 'a:1:{s:7:\"phantom\";a:53:{s:8:\"per_page\";s:3:\"100\";s:9:\"maxheight\";s:1:\"0\";s:9:\"thumbCols\";s:1:\"0\";s:9:\"thumbRows\";s:1:\"0\";s:16:\"thumbsNavigation\";s:6:\"scroll\";s:7:\"bgColor\";s:6:\"ffffff\";s:7:\"bgAlpha\";s:1:\"0\";s:10:\"thumbWidth\";s:3:\"200\";s:11:\"thumbHeight\";s:3:\"180\";s:16:\"thumbWidthMobile\";s:3:\"150\";s:17:\"thumbHeightMobile\";s:3:\"135\";s:13:\"thumbsSpacing\";s:1:\"8\";s:21:\"thumbsVerticalPadding\";s:1:\"4\";s:23:\"thumbsHorizontalPadding\";s:1:\"4\";s:11:\"thumbsAlign\";s:6:\"center\";s:10:\"thumbScale\";s:1:\"1\";s:7:\"thumbBG\";s:6:\"ffffff\";s:10:\"thumbAlpha\";s:2:\"90\";s:15:\"thumbAlphaHover\";s:3:\"100\";s:15:\"thumbBorderSize\";s:1:\"1\";s:16:\"thumbBorderColor\";s:6:\"cccccc\";s:12:\"thumbPadding\";s:1:\"2\";s:10:\"thumbsInfo\";s:6:\"aucune\";s:12:\"labelOnHover\";s:1:\"0\";s:14:\"labelTextColor\";s:6:\"ffffff\";s:14:\"labelLinkColor\";s:6:\"e7e179\";s:15:\"label8TextColor\";s:6:\"0b0b0b\";s:15:\"label8LinkColor\";s:6:\"3695E7\";s:16:\"tooltipTextColor\";s:6:\"0b0b0b\";s:14:\"tooltipBgColor\";s:6:\"ffffff\";s:18:\"tooltipStrokeColor\";s:6:\"000000\";s:21:\"lightboxControlsColor\";s:6:\"ffffff\";s:18:\"lightboxTitleColor\";s:6:\"f3f3f3\";s:17:\"lightboxTextColor\";s:6:\"f3f3f3\";s:15:\"lightboxBGColor\";s:6:\"0b0b0b\";s:15:\"lightboxBGAlpha\";s:2:\"80\";s:15:\"commentsBGColor\";s:6:\"ffffff\";s:18:\"socialShareEnabled\";s:1:\"1\";s:15:\"share_post_link\";s:1:\"1\";s:9:\"deepLinks\";s:1:\"1\";s:14:\"sidebarBGColor\";s:6:\"ffffff\";s:21:\"lightbox800HideArrows\";s:1:\"0\";s:12:\"viewsEnabled\";s:1:\"1\";s:12:\"likesEnabled\";s:1:\"1\";s:15:\"commentsEnabled\";s:1:\"1\";s:10:\"thumb2link\";s:1:\"0\";s:11:\"link_target\";s:4:\"auto\";s:10:\"show_title\";s:1:\"1\";s:9:\"show_tags\";s:1:\"1\";s:15:\"show_categories\";s:1:\"1\";s:11:\"show_albums\";s:1:\"1\";s:11:\"initRPdelay\";s:3:\"200\";s:9:\"customCSS\";s:0:\"\";}}'),
(57, 15, '_module_preset', 'photomania'),
(58, 15, '_post_ID', '709'),
(59, 16, '_orderby', 'ID'),
(60, 16, '_order', 'DESC'),
(61, 16, '_module_preset', 'photomania'),
(62, 16, '_cover', ''),
(70, 18, '_query', 'a:0:{}'),
(71, 18, '_module', 'cubik-lite'),
(72, 18, '_settings', 'a:1:{s:10:\"cubik-lite\";a:21:{s:7:\"maxSize\";s:3:\"400\";s:9:\"thumbCols\";s:1:\"4\";s:11:\"facePadding\";s:2:\"20\";s:10:\"faceMargin\";s:2:\"20\";s:21:\"lightboxControlsColor\";s:6:\"ffffff\";s:18:\"lightboxTitleColor\";s:6:\"f3f3f3\";s:17:\"lightboxTextColor\";s:6:\"f3f3f3\";s:15:\"lightboxBGColor\";s:6:\"0b0b0b\";s:15:\"lightboxBGAlpha\";s:2:\"80\";s:14:\"sidebarBGColor\";s:6:\"ffffff\";s:18:\"socialShareEnabled\";s:1:\"1\";s:15:\"share_post_link\";s:1:\"1\";s:9:\"deepLinks\";s:1:\"1\";s:21:\"lightbox800HideArrows\";s:1:\"0\";s:15:\"commentsEnabled\";s:1:\"1\";s:10:\"thumb2link\";s:1:\"0\";s:10:\"show_title\";s:1:\"1\";s:9:\"show_tags\";s:1:\"1\";s:15:\"show_categories\";s:1:\"1\";s:11:\"show_albums\";s:1:\"1\";s:9:\"customCSS\";s:0:\"\";}}'),
(55, 15, '_orderby', 'ID'),
(56, 15, '_order', 'DESC');

-- --------------------------------------------------------

--
-- Structure de la table `wp_gmedia_term_relationships`
--

CREATE TABLE IF NOT EXISTS `wp_gmedia_term_relationships` (
  `gmedia_id` bigint(20) UNSIGNED NOT NULL DEFAULT '0',
  `gmedia_term_id` bigint(20) UNSIGNED NOT NULL DEFAULT '0',
  `term_order` int(11) NOT NULL DEFAULT '0',
  `gmedia_order` int(11) NOT NULL DEFAULT '0',
  PRIMARY KEY (`gmedia_id`,`gmedia_term_id`),
  KEY `gmedia_term_id` (`gmedia_term_id`)
) ENGINE=MyISAM DEFAULT CHARSET=utf8mb4 COLLATE=utf8mb4_unicode_520_ci ROW_FORMAT=DYNAMIC;

--
-- Déchargement des données de la table `wp_gmedia_term_relationships`
--

INSERT INTO `wp_gmedia_term_relationships` (`gmedia_id`, `gmedia_term_id`, `term_order`, `gmedia_order`) VALUES
(79, 5, 0, 0),
(80, 5, 0, 0),
(81, 5, 0, 0),
(82, 5, 0, 0),
(84, 5, 0, 0),
(85, 5, 0, 0),
(86, 5, 0, 0),
(87, 5, 0, 0),
(88, 5, 0, 0),
(89, 16, 0, 0),
(90, 16, 0, 0),
(91, 16, 0, 0),
(92, 16, 0, 0),
(93, 16, 0, 0),
(94, 16, 0, 0),
(95, 16, 0, 0),
(98, 3, 0, 0),
(99, 3, 0, 0),
(100, 3, 0, 0),
(101, 3, 0, 0),
(102, 3, 0, 0),
(103, 3, 0, 0),
(104, 3, 0, 0),
(105, 3, 0, 0),
(106, 3, 0, 0),
(107, 4, 0, 0),
(108, 4, 0, 0),
(109, 4, 0, 0),
(110, 4, 0, 0),
(111, 4, 0, 0),
(113, 4, 0, 0),
(114, 4, 0, 0),
(115, 4, 0, 0),
(116, 4, 0, 0),
(117, 4, 0, 0),
(118, 4, 0, 0),
(119, 4, 0, 0),
(120, 1, 0, 0),
(121, 1, 0, 0),
(122, 1, 0, 0),
(123, 1, 0, 0),
(124, 1, 0, 0),
(125, 1, 0, 0),
(126, 1, 0, 0),
(127, 1, 0, 0),
(128, 1, 0, 0),
(129, 1, 0, 0),
(130, 1, 0, 0),
(131, 1, 0, 0);

-- --------------------------------------------------------

--
-- Structure de la table `wp_links`
--

CREATE TABLE IF NOT EXISTS `wp_links` (
  `link_id` bigint(20) UNSIGNED NOT NULL AUTO_INCREMENT,
  `link_url` varchar(255) COLLATE utf8mb4_unicode_520_ci NOT NULL DEFAULT '',
  `link_name` varchar(255) COLLATE utf8mb4_unicode_520_ci NOT NULL DEFAULT '',
  `link_image` varchar(255) COLLATE utf8mb4_unicode_520_ci NOT NULL DEFAULT '',
  `link_target` varchar(25) COLLATE utf8mb4_unicode_520_ci NOT NULL DEFAULT '',
  `link_description` varchar(255) COLLATE utf8mb4_unicode_520_ci NOT NULL DEFAULT '',
  `link_visible` varchar(20) COLLATE utf8mb4_unicode_520_ci NOT NULL DEFAULT 'Y',
  `link_owner` bigint(20) UNSIGNED NOT NULL DEFAULT '1',
  `link_rating` int(11) NOT NULL DEFAULT '0',
  `link_updated` datetime NOT NULL DEFAULT '0000-00-00 00:00:00',
  `link_rel` varchar(255) COLLATE utf8mb4_unicode_520_ci NOT NULL DEFAULT '',
  `link_notes` mediumtext COLLATE utf8mb4_unicode_520_ci NOT NULL,
  `link_rss` varchar(255) COLLATE utf8mb4_unicode_520_ci NOT NULL DEFAULT '',
  PRIMARY KEY (`link_id`),
  KEY `link_visible` (`link_visible`)
) ENGINE=MyISAM DEFAULT CHARSET=utf8mb4 COLLATE=utf8mb4_unicode_520_ci;

-- --------------------------------------------------------

--
-- Structure de la table `wp_lockdowns`
--

CREATE TABLE IF NOT EXISTS `wp_lockdowns` (
  `lockdown_ID` bigint(20) NOT NULL AUTO_INCREMENT,
  `user_id` bigint(20) NOT NULL,
  `lockdown_date` datetime NOT NULL DEFAULT '0000-00-00 00:00:00',
  `release_date` datetime NOT NULL DEFAULT '0000-00-00 00:00:00',
  `lockdown_IP` varchar(100) NOT NULL DEFAULT '',
  PRIMARY KEY (`lockdown_ID`)
) ENGINE=InnoDB DEFAULT CHARSET=latin1;

-- --------------------------------------------------------

--
-- Structure de la table `wp_login_fails`
--

CREATE TABLE IF NOT EXISTS `wp_login_fails` (
  `login_attempt_ID` bigint(20) NOT NULL AUTO_INCREMENT,
  `user_id` bigint(20) NOT NULL,
  `login_attempt_date` datetime NOT NULL DEFAULT '0000-00-00 00:00:00',
  `login_attempt_IP` varchar(100) NOT NULL DEFAULT '',
  PRIMARY KEY (`login_attempt_ID`)
) ENGINE=InnoDB DEFAULT CHARSET=latin1;

-- --------------------------------------------------------

--
-- Structure de la table `wp_mailchimp_carts`
--

CREATE TABLE IF NOT EXISTS `wp_mailchimp_carts` (
  `id` varchar(255) COLLATE utf8mb4_unicode_520_ci NOT NULL,
  `email` varchar(100) COLLATE utf8mb4_unicode_520_ci NOT NULL,
  `user_id` int(11) DEFAULT NULL,
  `cart` text COLLATE utf8mb4_unicode_520_ci NOT NULL,
  `created_at` datetime NOT NULL,
  PRIMARY KEY (`email`)
) ENGINE=MyISAM DEFAULT CHARSET=utf8mb4 COLLATE=utf8mb4_unicode_520_ci;

-- --------------------------------------------------------

--
-- Structure de la table `wp_mailchimp_jobs`
--

CREATE TABLE IF NOT EXISTS `wp_mailchimp_jobs` (
  `id` bigint(20) NOT NULL AUTO_INCREMENT,
  `obj_id` text COLLATE utf8mb4_unicode_520_ci,
  `job` text COLLATE utf8mb4_unicode_520_ci NOT NULL,
  `created_at` datetime NOT NULL,
  PRIMARY KEY (`id`)
) ENGINE=MyISAM DEFAULT CHARSET=utf8mb4 COLLATE=utf8mb4_unicode_520_ci;

-- --------------------------------------------------------

--
-- Structure de la table `wp_mphb_sync_logs`
--

CREATE TABLE IF NOT EXISTS `wp_mphb_sync_logs` (
  `log_id` int(11) NOT NULL AUTO_INCREMENT,
  `queue_id` int(11) NOT NULL,
  `log_status` varchar(30) NOT NULL,
  `log_message` text NOT NULL,
  `log_context` text NOT NULL,
  PRIMARY KEY (`log_id`)
) ENGINE=MyISAM DEFAULT CHARSET=utf8;

-- --------------------------------------------------------

--
-- Structure de la table `wp_mphb_sync_queue`
--

CREATE TABLE IF NOT EXISTS `wp_mphb_sync_queue` (
  `queue_id` int(11) NOT NULL AUTO_INCREMENT,
  `queue_name` tinytext NOT NULL,
  `queue_status` varchar(30) NOT NULL,
  PRIMARY KEY (`queue_id`)
) ENGINE=MyISAM DEFAULT CHARSET=utf8;

-- --------------------------------------------------------

--
-- Structure de la table `wp_mphb_sync_stats`
--

CREATE TABLE IF NOT EXISTS `wp_mphb_sync_stats` (
  `stat_id` int(11) NOT NULL AUTO_INCREMENT,
  `queue_id` int(11) NOT NULL,
  `import_total` int(11) NOT NULL DEFAULT '0',
  `import_succeed` int(11) NOT NULL DEFAULT '0',
  `import_skipped` int(11) NOT NULL DEFAULT '0',
  `import_failed` int(11) NOT NULL DEFAULT '0',
  `clean_total` int(11) NOT NULL DEFAULT '0',
  `clean_done` int(11) NOT NULL DEFAULT '0',
  `clean_skipped` int(11) NOT NULL DEFAULT '0',
  PRIMARY KEY (`stat_id`)
) ENGINE=MyISAM DEFAULT CHARSET=utf8;

-- --------------------------------------------------------

--
-- Structure de la table `wp_mphb_sync_urls`
--

CREATE TABLE IF NOT EXISTS `wp_mphb_sync_urls` (
  `url_id` int(11) NOT NULL AUTO_INCREMENT,
  `room_id` int(11) NOT NULL,
  `sync_id` varchar(32) NOT NULL,
  `calendar_url` varchar(250) NOT NULL,
  PRIMARY KEY (`url_id`)
) ENGINE=MyISAM DEFAULT CHARSET=utf8;

-- --------------------------------------------------------

--
-- Structure de la table `wp_newsletter`
--

CREATE TABLE IF NOT EXISTS `wp_newsletter` (
  `name` varchar(100) COLLATE utf8mb4_unicode_520_ci NOT NULL DEFAULT '',
  `email` varchar(100) COLLATE utf8mb4_unicode_520_ci NOT NULL DEFAULT '',
  `token` varchar(50) COLLATE utf8mb4_unicode_520_ci NOT NULL DEFAULT '',
  `language` varchar(10) COLLATE utf8mb4_unicode_520_ci NOT NULL DEFAULT '',
  `status` varchar(1) COLLATE utf8mb4_unicode_520_ci NOT NULL DEFAULT 'S',
  `id` int(11) NOT NULL AUTO_INCREMENT,
  `profile` mediumtext COLLATE utf8mb4_unicode_520_ci,
  `created` timestamp NOT NULL DEFAULT CURRENT_TIMESTAMP,
  `updated` int(11) NOT NULL DEFAULT '0',
  `last_activity` int(11) NOT NULL DEFAULT '0',
  `followup_step` tinyint(4) NOT NULL DEFAULT '0',
  `followup_time` bigint(20) NOT NULL DEFAULT '0',
  `followup` tinyint(4) NOT NULL DEFAULT '0',
  `surname` varchar(100) COLLATE utf8mb4_unicode_520_ci NOT NULL DEFAULT '',
  `sex` char(1) COLLATE utf8mb4_unicode_520_ci NOT NULL DEFAULT 'n',
  `feed_time` bigint(20) NOT NULL DEFAULT '0',
  `feed` tinyint(4) NOT NULL DEFAULT '0',
  `referrer` varchar(50) COLLATE utf8mb4_unicode_520_ci NOT NULL DEFAULT '',
  `ip` varchar(50) COLLATE utf8mb4_unicode_520_ci NOT NULL DEFAULT '',
  `wp_user_id` int(11) NOT NULL DEFAULT '0',
  `http_referer` varchar(255) COLLATE utf8mb4_unicode_520_ci NOT NULL DEFAULT '',
  `geo` tinyint(4) NOT NULL DEFAULT '0',
  `country` varchar(4) COLLATE utf8mb4_unicode_520_ci NOT NULL DEFAULT '',
  `region` varchar(100) COLLATE utf8mb4_unicode_520_ci NOT NULL DEFAULT '',
  `city` varchar(100) COLLATE utf8mb4_unicode_520_ci NOT NULL DEFAULT '',
  `bounce_type` varchar(50) COLLATE utf8mb4_unicode_520_ci NOT NULL DEFAULT '',
  `bounce_time` int(11) NOT NULL DEFAULT '0',
  `unsub_email_id` int(11) NOT NULL DEFAULT '0',
  `unsub_time` int(11) NOT NULL DEFAULT '0',
  `list_1` tinyint(4) NOT NULL DEFAULT '0',
  `list_2` tinyint(4) NOT NULL DEFAULT '0',
  `list_3` tinyint(4) NOT NULL DEFAULT '0',
  `list_4` tinyint(4) NOT NULL DEFAULT '0',
  `list_5` tinyint(4) NOT NULL DEFAULT '0',
  `list_6` tinyint(4) NOT NULL DEFAULT '0',
  `list_7` tinyint(4) NOT NULL DEFAULT '0',
  `list_8` tinyint(4) NOT NULL DEFAULT '0',
  `list_9` tinyint(4) NOT NULL DEFAULT '0',
  `list_10` tinyint(4) NOT NULL DEFAULT '0',
  `list_11` tinyint(4) NOT NULL DEFAULT '0',
  `list_12` tinyint(4) NOT NULL DEFAULT '0',
  `list_13` tinyint(4) NOT NULL DEFAULT '0',
  `list_14` tinyint(4) NOT NULL DEFAULT '0',
  `list_15` tinyint(4) NOT NULL DEFAULT '0',
  `list_16` tinyint(4) NOT NULL DEFAULT '0',
  `list_17` tinyint(4) NOT NULL DEFAULT '0',
  `list_18` tinyint(4) NOT NULL DEFAULT '0',
  `list_19` tinyint(4) NOT NULL DEFAULT '0',
  `list_20` tinyint(4) NOT NULL DEFAULT '0',
  `list_21` tinyint(4) NOT NULL DEFAULT '0',
  `list_22` tinyint(4) NOT NULL DEFAULT '0',
  `list_23` tinyint(4) NOT NULL DEFAULT '0',
  `list_24` tinyint(4) NOT NULL DEFAULT '0',
  `list_25` tinyint(4) NOT NULL DEFAULT '0',
  `list_26` tinyint(4) NOT NULL DEFAULT '0',
  `list_27` tinyint(4) NOT NULL DEFAULT '0',
  `list_28` tinyint(4) NOT NULL DEFAULT '0',
  `list_29` tinyint(4) NOT NULL DEFAULT '0',
  `list_30` tinyint(4) NOT NULL DEFAULT '0',
  `list_31` tinyint(4) NOT NULL DEFAULT '0',
  `list_32` tinyint(4) NOT NULL DEFAULT '0',
  `list_33` tinyint(4) NOT NULL DEFAULT '0',
  `list_34` tinyint(4) NOT NULL DEFAULT '0',
  `list_35` tinyint(4) NOT NULL DEFAULT '0',
  `list_36` tinyint(4) NOT NULL DEFAULT '0',
  `list_37` tinyint(4) NOT NULL DEFAULT '0',
  `list_38` tinyint(4) NOT NULL DEFAULT '0',
  `list_39` tinyint(4) NOT NULL DEFAULT '0',
  `list_40` tinyint(4) NOT NULL DEFAULT '0',
  `profile_1` varchar(255) COLLATE utf8mb4_unicode_520_ci NOT NULL DEFAULT '',
  `profile_2` varchar(255) COLLATE utf8mb4_unicode_520_ci NOT NULL DEFAULT '',
  `profile_3` varchar(255) COLLATE utf8mb4_unicode_520_ci NOT NULL DEFAULT '',
  `profile_4` varchar(255) COLLATE utf8mb4_unicode_520_ci NOT NULL DEFAULT '',
  `profile_5` varchar(255) COLLATE utf8mb4_unicode_520_ci NOT NULL DEFAULT '',
  `profile_6` varchar(255) COLLATE utf8mb4_unicode_520_ci NOT NULL DEFAULT '',
  `profile_7` varchar(255) COLLATE utf8mb4_unicode_520_ci NOT NULL DEFAULT '',
  `profile_8` varchar(255) COLLATE utf8mb4_unicode_520_ci NOT NULL DEFAULT '',
  `profile_9` varchar(255) COLLATE utf8mb4_unicode_520_ci NOT NULL DEFAULT '',
  `profile_10` varchar(255) COLLATE utf8mb4_unicode_520_ci NOT NULL DEFAULT '',
  `profile_11` varchar(255) COLLATE utf8mb4_unicode_520_ci NOT NULL DEFAULT '',
  `profile_12` varchar(255) COLLATE utf8mb4_unicode_520_ci NOT NULL DEFAULT '',
  `profile_13` varchar(255) COLLATE utf8mb4_unicode_520_ci NOT NULL DEFAULT '',
  `profile_14` varchar(255) COLLATE utf8mb4_unicode_520_ci NOT NULL DEFAULT '',
  `profile_15` varchar(255) COLLATE utf8mb4_unicode_520_ci NOT NULL DEFAULT '',
  `profile_16` varchar(255) COLLATE utf8mb4_unicode_520_ci NOT NULL DEFAULT '',
  `profile_17` varchar(255) COLLATE utf8mb4_unicode_520_ci NOT NULL DEFAULT '',
  `profile_18` varchar(255) COLLATE utf8mb4_unicode_520_ci NOT NULL DEFAULT '',
  `profile_19` varchar(255) COLLATE utf8mb4_unicode_520_ci NOT NULL DEFAULT '',
  `profile_20` varchar(255) COLLATE utf8mb4_unicode_520_ci NOT NULL DEFAULT '',
  `test` tinyint(4) NOT NULL DEFAULT '0',
  PRIMARY KEY (`id`),
  UNIQUE KEY `email` (`email`),
  KEY `wp_user_id` (`wp_user_id`)
) ENGINE=MyISAM AUTO_INCREMENT=9 DEFAULT CHARSET=utf8mb4 COLLATE=utf8mb4_unicode_520_ci;

--
-- Déchargement des données de la table `wp_newsletter`
--

INSERT INTO `wp_newsletter` (`name`, `email`, `token`, `language`, `status`, `id`, `profile`, `created`, `updated`, `last_activity`, `followup_step`, `followup_time`, `followup`, `surname`, `sex`, `feed_time`, `feed`, `referrer`, `ip`, `wp_user_id`, `http_referer`, `geo`, `country`, `region`, `city`, `bounce_type`, `bounce_time`, `unsub_email_id`, `unsub_time`, `list_1`, `list_2`, `list_3`, `list_4`, `list_5`, `list_6`, `list_7`, `list_8`, `list_9`, `list_10`, `list_11`, `list_12`, `list_13`, `list_14`, `list_15`, `list_16`, `list_17`, `list_18`, `list_19`, `list_20`, `list_21`, `list_22`, `list_23`, `list_24`, `list_25`, `list_26`, `list_27`, `list_28`, `list_29`, `list_30`, `list_31`, `list_32`, `list_33`, `list_34`, `list_35`, `list_36`, `list_37`, `list_38`, `list_39`, `list_40`, `profile_1`, `profile_2`, `profile_3`, `profile_4`, `profile_5`, `profile_6`, `profile_7`, `profile_8`, `profile_9`, `profile_10`, `profile_11`, `profile_12`, `profile_13`, `profile_14`, `profile_15`, `profile_16`, `profile_17`, `profile_18`, `profile_19`, `profile_20`, `test`) VALUES
('', 'fotsonarcisse@gmail.com', '26b9f08c7e', '', 'C', 6, NULL, '2021-03-08 01:04:41', 1615165481, 0, 0, 0, 0, '', 'n', 0, 0, 'widget', '41.202.219.65', 0, '', 0, '', '', '', '', 0, 0, 0, 0, 0, 0, 0, 0, 0, 0, 0, 0, 0, 0, 0, 0, 0, 0, 0, 0, 0, 0, 0, 0, 0, 0, 0, 0, 0, 0, 0, 0, 0, 0, 0, 0, 0, 0, 0, 0, 0, 0, 0, '', '', '', '', '', '', '', '', '', '', '', '', '', '', '', '', '', '', '', '', 0),
('', 'support@univers-solutions.com', '25a0ff2993', '', 'C', 7, NULL, '2021-03-08 01:23:29', 1615166609, 0, 0, 0, 0, '', 'n', 0, 0, 'widget', '::1', 0, '', 0, '', '', '', '', 0, 0, 0, 0, 0, 0, 0, 0, 0, 0, 0, 0, 0, 0, 0, 0, 0, 0, 0, 0, 0, 0, 0, 0, 0, 0, 0, 0, 0, 0, 0, 0, 0, 0, 0, 0, 0, 0, 0, 0, 0, 0, 0, '', '', '', '', '', '', '', '', '', '', '', '', '', '', '', '', '', '', '', '', 0),
('', 'fotsocortez@yahoo.fr', '5c0029e572', '', 'C', 5, NULL, '2021-03-08 01:02:57', 1615165377, 0, 0, 0, 0, '', 'n', 0, 0, 'widget', '::1', 0, '', 0, '', '', '', '', 0, 0, 0, 0, 0, 0, 0, 0, 0, 0, 0, 0, 0, 0, 0, 0, 0, 0, 0, 0, 0, 0, 0, 0, 0, 0, 0, 0, 0, 0, 0, 0, 0, 0, 0, 0, 0, 0, 0, 0, 0, 0, 0, '', '', '', '', '', '', '', '', '', '', '', '', '', '', '', '', '', '', '', '', 0),
('', 'bricefotsing@yahoo.fr', '0c729f38d7', '', 'C', 8, NULL, '2021-05-10 01:06:16', 1620608776, 0, 0, 0, 0, '', 'n', 0, 0, 'widget', '173.224.244.30', 0, '', 0, '', '', '', '', 0, 0, 0, 0, 0, 0, 0, 0, 0, 0, 0, 0, 0, 0, 0, 0, 0, 0, 0, 0, 0, 0, 0, 0, 0, 0, 0, 0, 0, 0, 0, 0, 0, 0, 0, 0, 0, 0, 0, 0, 0, 0, 0, '', '', '', '', '', '', '', '', '', '', '', '', '', '', '', '', '', '', '', '', 0);

-- --------------------------------------------------------

--
-- Structure de la table `wp_newsletter_emails`
--

CREATE TABLE IF NOT EXISTS `wp_newsletter_emails` (
  `id` int(11) NOT NULL AUTO_INCREMENT,
  `language` varchar(10) COLLATE utf8mb4_unicode_520_ci NOT NULL DEFAULT '',
  `subject` varchar(255) COLLATE utf8mb4_unicode_520_ci NOT NULL DEFAULT '',
  `message` longtext COLLATE utf8mb4_unicode_520_ci,
  `created` timestamp NOT NULL DEFAULT CURRENT_TIMESTAMP,
  `status` enum('new','sending','sent','paused') COLLATE utf8mb4_unicode_520_ci NOT NULL DEFAULT 'new',
  `total` int(11) NOT NULL DEFAULT '0',
  `last_id` int(11) NOT NULL DEFAULT '0',
  `sent` int(11) NOT NULL DEFAULT '0',
  `track` int(11) NOT NULL DEFAULT '1',
  `list` int(11) NOT NULL DEFAULT '0',
  `type` varchar(50) COLLATE utf8mb4_unicode_520_ci NOT NULL DEFAULT '',
  `query` longtext COLLATE utf8mb4_unicode_520_ci,
  `editor` tinyint(4) NOT NULL DEFAULT '0',
  `sex` varchar(20) COLLATE utf8mb4_unicode_520_ci NOT NULL DEFAULT '',
  `theme` varchar(50) COLLATE utf8mb4_unicode_520_ci NOT NULL DEFAULT '',
  `message_text` longtext COLLATE utf8mb4_unicode_520_ci,
  `preferences` longtext COLLATE utf8mb4_unicode_520_ci,
  `send_on` int(11) NOT NULL DEFAULT '0',
  `token` varchar(10) COLLATE utf8mb4_unicode_520_ci NOT NULL DEFAULT '',
  `options` longtext COLLATE utf8mb4_unicode_520_ci,
  `private` tinyint(1) NOT NULL DEFAULT '0',
  `click_count` int(10) UNSIGNED NOT NULL DEFAULT '0',
  `version` varchar(10) COLLATE utf8mb4_unicode_520_ci NOT NULL DEFAULT '',
  `open_count` int(10) UNSIGNED NOT NULL DEFAULT '0',
  `unsub_count` int(10) UNSIGNED NOT NULL DEFAULT '0',
  `error_count` int(10) UNSIGNED NOT NULL DEFAULT '0',
  `stats_time` int(10) UNSIGNED NOT NULL DEFAULT '0',
  PRIMARY KEY (`id`)
) ENGINE=MyISAM AUTO_INCREMENT=2 DEFAULT CHARSET=utf8mb4 COLLATE=utf8mb4_unicode_520_ci;

--
-- Déchargement des données de la table `wp_newsletter_emails`
--

INSERT INTO `wp_newsletter_emails` (`id`, `language`, `subject`, `message`, `created`, `status`, `total`, `last_id`, `sent`, `track`, `list`, `type`, `query`, `editor`, `sex`, `theme`, `message_text`, `preferences`, `send_on`, `token`, `options`, `private`, `click_count`, `version`, `open_count`, `unsub_count`, `error_count`, `stats_time`) VALUES
(1, '', 'Nouveau appartements meublés', '<!DOCTYPE html>\n<html>\n<head>\n<title>{email_subject}</title>\n<meta charset=\"utf-8\">\n<meta name=\"viewport\" content=\"width=device-width, initial-scale=1\">\n<meta http-equiv=\"X-UA-Compatible\" content=\"IE=edge\">\n<style type=\"text/css\">\n#outlook a{padding:0;} /* Force Outlook to provide a \"view in browser\" message */\n.ReadMsgBody{width:100%;} .ExternalClass{width:100%;} /* Force Hotmail to display emails at full width */\n.ExternalClass, .ExternalClass p, .ExternalClass span, .ExternalClass font, .ExternalClass td, .ExternalClass div {line-height: 100%;} /* Force Hotmail to display normal line spacing */\nbody, table, td, a{-webkit-text-size-adjust:100%; -ms-text-size-adjust:100%;} /* Prevent WebKit and Windows mobile changing default text sizes */\ntable, td{mso-table-lspace:0pt; mso-table-rspace:0pt;} /* Remove spacing between tables in Outlook 2007 and up */\nimg{-ms-interpolation-mode:bicubic;} /* Allow smoother rendering of resized image in Internet Explorer */\n\nbody{margin:0; padding:0; height:100% !important; margin:0; padding:0; width:100% !important;}\nimg{border:0; height:auto; line-height:100%; outline:none; text-decoration:none; max-width: 100%!important}\ntable{border-collapse:collapse !important;}\nimg.aligncenter{display:block;margin:0 auto;}\n\n@media all and (max-width: 525px) {\n\n    /* ALLOWS FOR FLUID TABLES */\n    table[class=\"wrapper\"]{\n        width:100% !important;\n    }\n\n    table[class=\"mobile-full-width\"] {\n        width:100% !important;\n    }\n\n    img[class=\"mobile-full-width\"] {\n        width:100% !important;\n        display: block;\n    }\n\n    /* ADJUSTS LAYOUT OF LOGO IMAGE */\n    td[class=\"logo\"]{\n        text-align: left;\n        padding: 20px 0 20px 0 !important;\n    }\n\n    td[class=\"logo\"] img{\n        margin:0 auto!important;\n    }\n\n    /* USE THESE CLASSES TO HIDE CONTENT ON MOBILE */\n    td[class=\"mobile-hide\"]{\n        display:none;}\n\n    img[class=\"mobile-hide\"]{\n        display: none !important;\n    }\n\n    img[class=\"img-max\"]{\n        max-width: 100% !important;\n        /*width: 100% !important;*/\n        height:auto !important;\n    }\n\n    /* FULL-WIDTH TABLES */\n    table[class=\"responsive-table\"]{\n        width:100%!important;\n        max-width: 100%!important;\n    }\n\n    /* UTILITY CLASSES FOR ADJUSTING PADDING ON MOBILE */\n    td[class=\"padding\"]{\n        padding: 10px 5% 15px 5% !important;\n    }\n\n    td[class=\"padding-copy\"]{\n        padding: 10px 5% 10px 5% !important;\n        text-align: center;\n    }\n\n    td[class=\"padding-meta\"]{\n        padding: 30px 5% 0px 5% !important;\n        text-align: center;\n    }\n\n    td[class=\"no-pad\"]{\n        padding: 0 0 20px 0 !important;\n    }\n\n    td[class=\"no-padding\"]{\n        padding: 0 !important;\n    }\n\n    td[class=\"section-padding\"]{\n        padding: 50px 15px 50px 15px !important;\n    }\n\n    td[class=\"section-padding-bottom-image\"]{\n        padding: 50px 15px 0 15px !important;\n    }\n\n    /* ADJUST BUTTONS ON MOBILE */\n    td[class=\"mobile-wrapper\"]{\n        padding: 10px 5% 15px 5% !important;\n    }\n    \n    td[class=\"responsive\"]{\n        display: block;\n        width: 100% !important;\n    }\n\n    table[class=\"mobile-button-container\"]{\n        margin:0 auto;\n        width:100% !important;\n    }\n\n    a[class=\"mobile-button\"]{\n        width:80% !important;\n        padding: 15px !important;\n        border: 0 !important;\n        font-size: 16px !important;\n    }\n}\n\n/* Text */\n\n\n/* Last posts */\n@media (max-width: 525px) {\n    .posts-1-column {\n        width: 100%!important;\n    }\n    .posts-1-image {\n        width: 100%!important;\n        display: block;\n    }\n}\n\n\n\n/* Html */\n.html-td-global p {\n    font-family: Helvetica, Arial, sans-serif;\n    font-size: 16px;\n}\n\n\n/* Hero */\n@media all and (max-width: 525px) {\n    .hero-table {\n        width: 100%!important;\n        max-width: 100%!important;\n    }\n\n    .hero-table-right {\n        margin-top: 20px;\n    }\n}\n\n/* Header */\n@media all and (max-width: 640) {\n    .header-table td {\n        width: 100%!important;\n    }\n    .header-logo-global {\n        text-align: center!important;\n    }\n}\n\n</style>\n</head>\n<body style=\"margin: 0; padding: 0;\" dir=\"ltr\">\n\n<table cellpadding=\'0\' cellspacing=\'0\' border=\'0\' width=\'100%\'>\n<tr>\n<td bgcolor=\'\' valign=\'top\'><!-- tnp --><table border=\"0\" cellpadding=\"0\" cellspacing=\"0\" align=\"center\" width=\"100%\" style=\"border-collapse: collapse; width: 100%;\" class=\"tnpc-row tnpc-row-block ui-sortable-handle\" data-id=\"header\">\r\n<tbody><tr><td align=\"center\" style=\"padding: 0;\" class=\"edit-block\">\r\n<!--[if mso | IE]><table role=\"presentation\" border=\"0\" cellpadding=\"0\" align=\"center\" cellspacing=\"0\" width=\"600\"><tr><td width=\"600\" style=\"vertical-align:top;width:600px;\"><![endif]--><table type=\"options\" data-json=\"eyJibG9ja19wYWRkaW5nX3RvcCI6MTUsImJsb2NrX3BhZGRpbmdfYm90dG9tIjoxNSwiYmxvY2tfcGFkZGluZ19yaWdodCI6MTUsImJsb2NrX3BhZGRpbmdfbGVmdCI6MTUsImJsb2NrX2JhY2tncm91bmQiOiIjZmZmZmZmIiwiYmxvY2tfYmFja2dyb3VuZF8yIjoiIiwiZm9udF9mYW1pbHkiOiJIZWx2ZXRpY2EsIEFyaWFsLCBzYW5zLXNlcmlmIiwiZm9udF9zaXplIjoxNCwiZm9udF9jb2xvciI6IiM0NDQ0NDQiLCJmb250X3dlaWdodCI6Im5vcm1hbCIsImxheW91dCI6IiIsImJsb2NrX2lkIjoiaGVhZGVyIn0=\" class=\"tnpc-block-content\" border=\"0\" cellpadding=\"0\" align=\"center\" cellspacing=\"0\" width=\"100%\" style=\"width: 100%!important; max-width: 600px!important\">\r\n<tbody><tr><td align=\"center\" style=\"text-align: center; width: 100%!important; padding-top: 15px; padding-left: 15px; padding-right: 15px; padding-bottom: 15px; background-color: #ffffff;\" bgcolor=\"#ffffff\" width=\"100%\"><p>Please, set your company info.</p>\r\n\r\n\r\n<table border=\"0\" cellpadding=\"0\" cellspacing=\"0\" width=\"100%\" class=\"header-table\">\r\n    <tbody><tr>\r\n        <td align=\"left\" width=\"50%\" style=\"font-family: Helvetica, Arial, sans-serif; line-height: normal; font-weight: normal; color: #444444;\" class=\"header-logo-global\">\r\n                            <a href=\"http://localhost/closdanthonyresidence.com\" target=\"_blank\" style=\"font-size: 16.8px; font-family: Helvetica, Arial, sans-serif; font-weight: normal; color: #444444; text-decoration: none; line-height: normal;\">\r\n                                    </a>\r\n                    </td>\r\n        <td width=\"50%\" align=\"right\" class=\"mobile-hide\" style=\"padding: 10px; font-size: 14px; font-family: Helvetica, Arial, sans-serif; font-weight: normal; color: #444444; text-decoration: none; line-height: normal;\">\r\n                    </td>\r\n    </tr>\r\n</tbody></table></td></tr></tbody></table><!--[if mso | IE]></td></tr></table><![endif]--></td></tr></tbody></table><table border=\"0\" cellpadding=\"0\" cellspacing=\"0\" align=\"center\" width=\"100%\" style=\"border-collapse: collapse; width: 100%;\" class=\"tnpc-row tnpc-row-block ui-sortable-handle\" data-id=\"image\">\r\n<tbody><tr><td align=\"center\" style=\"padding: 0;\" class=\"edit-block\">\r\n<!--[if mso | IE]><table role=\"presentation\" border=\"0\" cellpadding=\"0\" align=\"center\" cellspacing=\"0\" width=\"600\"><tr><td width=\"600\" style=\"vertical-align:top;width:600px;\"><![endif]--><table type=\"options\" data-json=\"eyJibG9ja19wYWRkaW5nX3RvcCI6MTUsImJsb2NrX3BhZGRpbmdfYm90dG9tIjoxNSwiYmxvY2tfcGFkZGluZ19yaWdodCI6MCwiYmxvY2tfcGFkZGluZ19sZWZ0IjowLCJibG9ja19iYWNrZ3JvdW5kIjoiI2ZmZmZmZiIsImJsb2NrX2JhY2tncm91bmRfMiI6IiIsImltYWdlIjoiIiwidXJsIjoiIiwid2lkdGgiOjAsInBsYWNlaG9sZGVyIjoiaHR0cDpcL1wvbG9jYWxob3N0XC9jbG9zZGFudGhvbnlyZXNpZGVuY2UuY29tX25ld1wvd3AtY29udGVudFwvcGx1Z2luc1wvbmV3c2xldHRlclwvZW1haWxzXC9wcmVzZXRzXC9jdGFcL2ltYWdlc1wvY3RhLWltYWdlLTEyMDB4MjQwLmpwZyIsImJsb2NrX2lkIjoiaW1hZ2UifQ==\" class=\"tnpc-block-content\" border=\"0\" cellpadding=\"0\" align=\"center\" cellspacing=\"0\" width=\"100%\" style=\"width: 100%!important; max-width: 600px!important\">\r\n<tbody><tr><td align=\"center\" style=\"text-align: center; width: 100%!important; padding-top: 15px; padding-left: 0px; padding-right: 0px; padding-bottom: 15px; background-color: #ffffff;\" bgcolor=\"#ffffff\" width=\"100%\"><img src=\"http://localhost/closdanthonyresidence.com/wp-content/plugins/newsletter/emails/presets/cta/images/cta-image-1200x240.jpg\" width=\"600\" height=\"250\" alt=\"\" border=\"0\" style=\"max-width: 100% !important; height: auto !important; display: block; width: 600px; line-height: 0; margin: 0 auto;\"></td></tr></tbody></table><!--[if mso | IE]></td></tr></table><![endif]--></td></tr></tbody></table><table border=\"0\" cellpadding=\"0\" cellspacing=\"0\" align=\"center\" width=\"100%\" style=\"border-collapse: collapse; width: 100%;\" class=\"tnpc-row tnpc-row-block ui-sortable-handle\" data-id=\"cta\">\r\n<tbody><tr><td align=\"center\" style=\"padding: 0;\" class=\"edit-block\">\r\n<!--[if mso | IE]><table role=\"presentation\" border=\"0\" cellpadding=\"0\" align=\"center\" cellspacing=\"0\" width=\"600\"><tr><td width=\"600\" style=\"vertical-align:top;width:600px;\"><![endif]--><table type=\"options\" data-json=\"eyJibG9ja19wYWRkaW5nX3RvcCI6MjAsImJsb2NrX3BhZGRpbmdfYm90dG9tIjoyMCwiYmxvY2tfcGFkZGluZ19yaWdodCI6MCwiYmxvY2tfcGFkZGluZ19sZWZ0IjowLCJibG9ja19iYWNrZ3JvdW5kIjoiI2ZmZmZmZiIsImJsb2NrX2JhY2tncm91bmRfMiI6IiIsInRleHQiOiJGb2xsb3cgdXMiLCJiYWNrZ3JvdW5kIjoiIzliYzA5MSIsImZvbnRfY29sb3IiOiIjZmZmZmZmIiwidXJsIjoiaHR0cDpcL1wvbG9jYWxob3N0XC9jbG9zZGFudGhvbnlyZXNpZGVuY2UuY29tX25ldyIsImZvbnRfZmFtaWx5IjoiSGVsdmV0aWNhLCBBcmlhbCwgc2Fucy1zZXJpZiIsImZvbnRfc2l6ZSI6MjAsImZvbnRfd2VpZ2h0IjoiYm9sZCIsIndpZHRoIjoiMjAwIiwiYmxvY2tfaWQiOiJjdGEifQ==\" class=\"tnpc-block-content\" border=\"0\" cellpadding=\"0\" align=\"center\" cellspacing=\"0\" width=\"100%\" style=\"width: 100%!important; max-width: 600px!important\">\r\n<tbody><tr><td align=\"center\" style=\"text-align: center; width: 100%!important; padding-top: 20px; padding-left: 0px; padding-right: 0px; padding-bottom: 20px; background-color: #ffffff;\" bgcolor=\"#ffffff\" width=\"100%\"><a href=\"http://localhost/closdanthonyresidence.com\" target=\"_blank\" rel=\"noopener\" style=\"font-size: 20px; font-family: Helvetica, Arial, sans-serif; font-weight: bold; color: #ffffff; text-decoration: none; background-color: #9bc091; line-height: normal; border-top: 15px solid #9bc091; border-bottom: 15px solid #9bc091; border-left: 25px solid #9bc091; border-right: 25px solid #9bc091; width: 200px; max-width: 100%; box-sizing: border-box; border-radius: 3px; -webkit-border-radius: 3px; -moz-border-radius: 3px; display: inline-block;\">Follow us</a>\r\n\r\n<div itemscope=\"\" itemtype=\"http://schema.org/EmailMessage\">\r\n    <div itemprop=\"potentialAction\" itemscope=\"\" itemtype=\"http://schema.org/ViewAction\">\r\n        <meta itemprop=\"url\" content=\"http://localhost/closdanthonyresidence.com\">\r\n        <meta itemprop=\"name\" content=\"Follow us\">\r\n    </div>\r\n    <meta itemprop=\"description\" content=\"Follow us\">\r\n</div></td></tr></tbody></table><!--[if mso | IE]></td></tr></table><![endif]--></td></tr></tbody></table><table border=\"0\" cellpadding=\"0\" cellspacing=\"0\" align=\"center\" width=\"100%\" style=\"border-collapse: collapse; width: 100%;\" class=\"tnpc-row tnpc-row-block ui-sortable-handle\" data-id=\"text\">\r\n<tbody><tr><td align=\"center\" style=\"padding: 0;\" class=\"edit-block\">\r\n<!--[if mso | IE]><table role=\"presentation\" border=\"0\" cellpadding=\"0\" align=\"center\" cellspacing=\"0\" width=\"600\"><tr><td width=\"600\" style=\"vertical-align:top;width:600px;\"><![endif]--><table type=\"options\" data-json=\"eyJibG9ja19wYWRkaW5nX3RvcCI6MjAsImJsb2NrX3BhZGRpbmdfYm90dG9tIjoyMCwiYmxvY2tfcGFkZGluZ19yaWdodCI6MzAsImJsb2NrX3BhZGRpbmdfbGVmdCI6MzAsImJsb2NrX2JhY2tncm91bmQiOiIjZmZmZmZmIiwiYmxvY2tfYmFja2dyb3VuZF8yIjoiIiwiaHRtbCI6Ilx1MDAzQ3Agc3R5bGU9XCJ0ZXh0LWFsaWduOiBjZW50ZXJcIlx1MDAzRVx1MDAzQ3NwYW4gc3R5bGU9XCJmb250LXNpemU6IDE2cHg7Zm9udC1mYW1pbHk6IGFyaWFsLGhlbHZldGljYSxzYW5zLXNlcmlmXCJcdTAwM0VTdWJzY3JpYmUgdG8gb3VyIEluc3RhZ3JhbSBhY2NvdW50IHRvIHN0YXkgdXBkYXRlZCB3aXRoIG91ciBzdHlsZSB0aXBzIGFuZCBrZWVwIHlvdXIgb3V0Zml0IGNvb2wuXHUwMDNDXC9zcGFuXHUwMDNFXHUwMDNDXC9wXHUwMDNFIiwiZm9udF9mYW1pbHkiOiJIZWx2ZXRpY2EsIEFyaWFsLCBzYW5zLXNlcmlmIiwiZm9udF9zaXplIjoxNiwiZm9udF9jb2xvciI6IiMwMDAwMDAiLCJibG9ja19pZCI6InRleHQifQ==\" class=\"tnpc-block-content\" border=\"0\" cellpadding=\"0\" align=\"center\" cellspacing=\"0\" width=\"100%\" style=\"width: 100%!important; max-width: 600px!important\">\r\n<tbody><tr><td align=\"center\" style=\"text-align: center; width: 100%!important; padding-top: 20px; padding-left: 30px; padding-right: 30px; padding-bottom: 20px; background-color: #ffffff;\" bgcolor=\"#ffffff\" width=\"100%\"><table width=\"100%\" style=\"width: 100%!important\" border=\"0\" cellpadding=\"0\" cellspacing=\"0\">\r\n    <tbody><tr>\r\n        <td width=\"100%\" valign=\"top\" align=\"left\" class=\"text-td\" style=\"font-family: Helvetica, Arial, sans-serif; font-size: 16px; color: #000000; line-height: 1.5;\">\r\n            <p style=\"text-align: center\"><span style=\"font-size: 16px;font-family: arial,helvetica,sans-serif\">Subscribe to our Instagram account to stay updated with our style tips and keep your outfit cool.</span></p>        </td>\r\n    </tr>\r\n</tbody></table></td></tr></tbody></table><!--[if mso | IE]></td></tr></table><![endif]--></td></tr></tbody></table><table border=\"0\" cellpadding=\"0\" cellspacing=\"0\" align=\"center\" width=\"100%\" style=\"border-collapse: collapse; width: 100%;\" class=\"tnpc-row tnpc-row-block ui-sortable-handle\" data-id=\"footer\">\r\n<tbody><tr><td align=\"center\" style=\"padding: 0;\" class=\"edit-block\">\r\n<!--[if mso | IE]><table role=\"presentation\" border=\"0\" cellpadding=\"0\" align=\"center\" cellspacing=\"0\" width=\"600\"><tr><td width=\"600\" style=\"vertical-align:top;width:600px;\"><![endif]--><table type=\"options\" data-json=\"eyJibG9ja19wYWRkaW5nX3RvcCI6MTUsImJsb2NrX3BhZGRpbmdfYm90dG9tIjoxNSwiYmxvY2tfcGFkZGluZ19yaWdodCI6MTUsImJsb2NrX3BhZGRpbmdfbGVmdCI6MTUsImJsb2NrX2JhY2tncm91bmQiOiIjZmZmZmZmIiwiYmxvY2tfYmFja2dyb3VuZF8yIjoiIiwidmlldyI6IlZpZXcgb25saW5lIiwicHJvZmlsZSI6Ik1vZGlmeSB5b3VyIHN1YnNjcmlwdGlvbiIsImZvbnRfZmFtaWx5IjoiSGVsdmV0aWNhLCBBcmlhbCwgc2Fucy1zZXJpZiIsImZvbnRfc2l6ZSI6MTMsImZvbnRfY29sb3IiOiIjNDQ0NDQ0IiwiZm9udF93ZWlnaHQiOiJub3JtYWwiLCJibG9ja19pZCI6ImZvb3RlciJ9\" class=\"tnpc-block-content\" border=\"0\" cellpadding=\"0\" align=\"center\" cellspacing=\"0\" width=\"100%\" style=\"width: 100%!important; max-width: 600px!important\">\r\n<tbody><tr><td align=\"center\" style=\"text-align: center; width: 100%!important; padding-top: 15px; padding-left: 15px; padding-right: 15px; padding-bottom: 15px; background-color: #ffffff;\" bgcolor=\"#ffffff\" width=\"100%\"><a style=\"font-size: 13px; font-family: Helvetica, Arial, sans-serif; font-weight: normal; color: #444444; text-decoration: none;\" href=\"{profile_url}\" target=\"_blank\">Modify your subscription</a>\r\n\r\n<span style=\"font-size: 13px; font-family: Helvetica, Arial, sans-serif; font-weight: normal; color: #444444; text-decoration: none;\">&nbsp;&nbsp;&nbsp;|&nbsp;&nbsp;&nbsp;</span>\r\n\r\n<a style=\"font-size: 13px; font-family: Helvetica, Arial, sans-serif; font-weight: normal; color: #444444; text-decoration: none;\" href=\"{email_url}\" target=\"_blank\">View online</a></td></tr></tbody></table><!--[if mso | IE]></td></tr></table><![endif]--></td></tr></tbody></table><table border=\"0\" cellpadding=\"0\" cellspacing=\"0\" align=\"center\" width=\"100%\" style=\"border-collapse: collapse; width: 100%;\" class=\"tnpc-row tnpc-row-block ui-sortable-handle\" data-id=\"canspam\">\r\n<tbody><tr><td align=\"center\" style=\"padding: 0;\" class=\"edit-block\">\r\n<!--[if mso | IE]><table role=\"presentation\" border=\"0\" cellpadding=\"0\" align=\"center\" cellspacing=\"0\" width=\"600\"><tr><td width=\"600\" style=\"vertical-align:top;width:600px;\"><![endif]--><table type=\"options\" data-json=\"eyJibG9ja19wYWRkaW5nX3RvcCI6MTUsImJsb2NrX3BhZGRpbmdfYm90dG9tIjoxNSwiYmxvY2tfcGFkZGluZ19yaWdodCI6MTUsImJsb2NrX3BhZGRpbmdfbGVmdCI6MTUsImJsb2NrX2JhY2tncm91bmQiOiIjZWNlY2VjIiwiYmxvY2tfYmFja2dyb3VuZF8yIjoiIiwiZm9udF9mYW1pbHkiOiJIZWx2ZXRpY2EsIEFyaWFsLCBzYW5zLXNlcmlmIiwiZm9udF9zaXplIjoxMywiZm9udF9jb2xvciI6IiM5OTk5OTkiLCJmb250X3dlaWdodCI6Im5vcm1hbCIsInRpdGxlIjoiIiwiYWRkcmVzcyI6IiIsImNvcHlyaWdodCI6IiIsImJsb2NrX2lkIjoiY2Fuc3BhbSJ9\" class=\"tnpc-block-content\" border=\"0\" cellpadding=\"0\" align=\"center\" cellspacing=\"0\" width=\"100%\" style=\"width: 100%!important; max-width: 600px!important\">\r\n<tbody><tr><td align=\"center\" style=\"text-align: center; width: 100%!important; padding-top: 15px; padding-left: 15px; padding-right: 15px; padding-bottom: 15px; background-color: #ececec;\" bgcolor=\"#ececec\" width=\"100%\"><div style=\"padding: 10px; text-align: center; font-size: 13px; font-family: Helvetica, Arial, sans-serif; font-weight: normal; color: #999999;\">\r\n    <strong></strong>\r\n    <br>\r\n        <br>\r\n    <em></em>\r\n</div></td></tr></tbody></table><!--[if mso | IE]></td></tr></table><![endif]--></td></tr></tbody></table>\r\n\n<!-- /tnp -->\n</td>\n</tr>\n</table>\n\n</body>\n</html>', '2021-03-04 00:45:37', 'new', 0, 0, 0, 1, 0, 'message', 'select * from wp_newsletter where status=\'C\'', 2, '', '', 'This email requires a modern e-mail reader but you can view the email online here:\n{email_url}.\nThank you, \nTo change your subscription follow: {profile_url}.', NULL, 1614818737, 'fe58587d1c', 'a:2:{s:19:\"composer_background\";s:0:\"\";s:9:\"preheader\";s:0:\"\";}', 0, 0, '', 0, 0, 0, 0);

-- --------------------------------------------------------

--
-- Structure de la table `wp_newsletter_sent`
--

CREATE TABLE IF NOT EXISTS `wp_newsletter_sent` (
  `email_id` int(10) UNSIGNED NOT NULL DEFAULT '0',
  `user_id` int(10) UNSIGNED NOT NULL DEFAULT '0',
  `status` tinyint(1) UNSIGNED NOT NULL DEFAULT '0',
  `open` tinyint(1) UNSIGNED NOT NULL DEFAULT '0',
  `time` int(10) UNSIGNED NOT NULL DEFAULT '0',
  `error` varchar(100) COLLATE utf8mb4_unicode_520_ci NOT NULL DEFAULT '',
  `ip` varchar(100) COLLATE utf8mb4_unicode_520_ci NOT NULL DEFAULT '',
  PRIMARY KEY (`email_id`,`user_id`),
  KEY `user_id` (`user_id`),
  KEY `email_id` (`email_id`)
) ENGINE=MyISAM DEFAULT CHARSET=utf8mb4 COLLATE=utf8mb4_unicode_520_ci;

-- --------------------------------------------------------

--
-- Structure de la table `wp_newsletter_stats`
--

CREATE TABLE IF NOT EXISTS `wp_newsletter_stats` (
  `id` int(11) NOT NULL AUTO_INCREMENT,
  `created` timestamp NOT NULL DEFAULT CURRENT_TIMESTAMP,
  `url` varchar(255) COLLATE utf8mb4_unicode_520_ci NOT NULL DEFAULT '',
  `user_id` int(11) NOT NULL DEFAULT '0',
  `email_id` varchar(10) COLLATE utf8mb4_unicode_520_ci NOT NULL DEFAULT '0',
  `ip` varchar(100) COLLATE utf8mb4_unicode_520_ci NOT NULL DEFAULT '',
  PRIMARY KEY (`id`),
  KEY `email_id` (`email_id`),
  KEY `user_id` (`user_id`)
) ENGINE=MyISAM DEFAULT CHARSET=utf8mb4 COLLATE=utf8mb4_unicode_520_ci;

-- --------------------------------------------------------

--
-- Structure de la table `wp_newsletter_user_logs`
--

CREATE TABLE IF NOT EXISTS `wp_newsletter_user_logs` (
  `id` int(11) NOT NULL AUTO_INCREMENT,
  `user_id` int(11) NOT NULL DEFAULT '0',
  `ip` varchar(50) COLLATE utf8mb4_unicode_520_ci NOT NULL DEFAULT '',
  `source` varchar(50) COLLATE utf8mb4_unicode_520_ci NOT NULL DEFAULT '',
  `data` longtext COLLATE utf8mb4_unicode_520_ci,
  `created` int(11) NOT NULL DEFAULT '0',
  PRIMARY KEY (`id`)
) ENGINE=MyISAM AUTO_INCREMENT=16 DEFAULT CHARSET=utf8mb4 COLLATE=utf8mb4_unicode_520_ci;

--
-- Déchargement des données de la table `wp_newsletter_user_logs`
--

INSERT INTO `wp_newsletter_user_logs` (`id`, `user_id`, `ip`, `source`, `data`, `created`) VALUES
(1, 2, '::1', 'subscribe', '{\"status\":\"C\"}', 1614819149),
(2, 3, '::1', 'subscribe', '{\"status\":\"C\"}', 1614820792),
(3, 3, '::1', 'subscribe', '{\"status\":\"C\"}', 1614821224),
(4, 2, '127.0.0.1', 'subscribe', '{\"status\":\"C\"}', 1614822219),
(5, 3, '::1', 'edit', '{\"status\":\"C\"}', 1614822510),
(6, 3, '::1', 'edit', '{\"status\":\"C\"}', 1614822523),
(7, 2, '::1', 'subscribe', '{\"status\":\"C\"}', 1615163308),
(8, 2, '::1', 'profile', '{\"status\":\"C\"}', 1615163392),
(9, 2, '::1', 'profile', '{\"status\":\"C\"}', 1615163441),
(10, 4, '::1', 'subscribe', '{\"status\":\"C\"}', 1615165240),
(11, 5, '::1', 'subscribe', '{\"status\":\"C\"}', 1615165377),
(12, 6, '::1', 'subscribe', '{\"status\":\"C\"}', 1615165481),
(13, 7, '::1', 'subscribe', '{\"status\":\"C\"}', 1615166609),
(14, 8, '173.224.244.30', 'subscribe', '{\"status\":\"C\"}', 1620608776),
(15, 6, '41.202.219.65', 'subscribe', '{\"status\":\"C\"}', 1621856250);

-- --------------------------------------------------------

--
-- Structure de la table `wp_nf3_actions`
--

CREATE TABLE IF NOT EXISTS `wp_nf3_actions` (
  `id` int(11) NOT NULL AUTO_INCREMENT,
  `title` longtext,
  `key` longtext,
  `type` longtext,
  `active` tinyint(1) DEFAULT '1',
  `parent_id` int(11) NOT NULL,
  `created_at` timestamp NULL DEFAULT NULL,
  `updated_at` datetime DEFAULT NULL,
  `label` longtext,
  UNIQUE KEY `id` (`id`)
) ENGINE=MyISAM AUTO_INCREMENT=16 DEFAULT CHARSET=utf8mb4;

--
-- Déchargement des données de la table `wp_nf3_actions`
--

INSERT INTO `wp_nf3_actions` (`id`, `title`, `key`, `type`, `active`, `parent_id`, `created_at`, `updated_at`, `label`) VALUES
(15, '', '', 'successmessage', 1, 4, '2016-08-24 15:39:20', NULL, 'Success Message'),
(14, '', '', 'email', 1, 4, '2016-08-24 15:47:39', NULL, 'Email Notification'),
(13, '', '', 'email', 1, 4, '2016-08-24 15:39:20', NULL, 'Email Confirmation'),
(12, '', '', 'save', 1, 4, '2016-08-24 15:39:20', NULL, 'Store Submission');

-- --------------------------------------------------------

--
-- Structure de la table `wp_nf3_action_meta`
--

CREATE TABLE IF NOT EXISTS `wp_nf3_action_meta` (
  `id` int(11) NOT NULL AUTO_INCREMENT,
  `parent_id` int(11) NOT NULL,
  `key` longtext NOT NULL,
  `value` longtext,
  `meta_key` longtext,
  `meta_value` longtext,
  UNIQUE KEY `id` (`id`)
) ENGINE=MyISAM AUTO_INCREMENT=383 DEFAULT CHARSET=utf8mb4;

--
-- Déchargement des données de la table `wp_nf3_action_meta`
--

INSERT INTO `wp_nf3_action_meta` (`id`, `parent_id`, `key`, `value`, `meta_key`, `meta_value`) VALUES
(382, 15, 'drawerDisabled', '', 'drawerDisabled', ''),
(373, 15, 'success_msg', '<p>Votre formulaire a été bel et bien soumis.</p><p>Un mail de confirmation a été envoyé à l\'adresse suivante {field:email}.</p>', 'success_msg', '<p>Votre formulaire a été bel et bien soumis.</p><p>Un mail de confirmation a été envoyé à l\'adresse suivante {field:email}.</p>'),
(372, 15, 'redirect_url', '', 'redirect_url', ''),
(370, 15, 'bcc', '', 'bcc', ''),
(371, 15, 'attach_csv', '', 'attach_csv', ''),
(369, 15, 'cc', '', 'cc', ''),
(368, 15, 'email_format', 'html', 'email_format', 'html'),
(367, 15, 'reply_to', '', 'reply_to', ''),
(366, 15, 'from_address', '', 'from_address', ''),
(365, 15, 'from_name', '', 'from_name', ''),
(364, 15, 'email_message', '{fields_table}', 'email_message', '{fields_table}'),
(363, 15, 'email_subject', 'Entrées de Ninja Forms', 'email_subject', 'Entrées de Ninja Forms'),
(362, 15, 'to', '{wp:admin_email}', 'to', '{wp:admin_email}'),
(361, 15, 'tag', '', 'tag', ''),
(360, 15, 'payment_total', '', 'payment_total', ''),
(359, 15, 'payment_gateways', '', 'payment_gateways', ''),
(381, 12, 'subs_expire_time', '90', 'subs_expire_time', '90'),
(380, 12, 'set_subs_to_expire', '0', 'set_subs_to_expire', '0'),
(379, 12, 'exception_fields', 'a:0:{}', 'exception_fields', 'a:0:{}'),
(378, 12, 'fields-save-toggle', 'save_all', 'fields-save-toggle', 'save_all'),
(377, 12, 'submitter_email', '', 'submitter_email', ''),
(376, 12, 'success_msg', 'Votre formulaire a bien été envoyé.', 'success_msg', 'Votre formulaire a bien été envoyé.'),
(375, 15, 'parent_id', '4', 'parent_id', '4'),
(374, 15, 'email_message_plain', '', 'email_message_plain', ''),
(358, 15, 'conditions', 'a:6:{s:9:\"collapsed\";s:0:\"\";s:7:\"process\";s:1:\"1\";s:9:\"connector\";s:3:\"all\";s:4:\"when\";a:1:{i:0;a:6:{s:9:\"connector\";s:3:\"AND\";s:3:\"key\";s:0:\"\";s:10:\"comparator\";s:0:\"\";s:5:\"value\";s:0:\"\";s:4:\"type\";s:5:\"field\";s:9:\"modelType\";s:4:\"when\";}}s:4:\"then\";a:1:{i:0;a:5:{s:3:\"key\";s:0:\"\";s:7:\"trigger\";s:0:\"\";s:5:\"value\";s:0:\"\";s:4:\"type\";s:5:\"field\";s:9:\"modelType\";s:4:\"then\";}}s:4:\"else\";a:0:{}}', 'conditions', 'a:6:{s:9:\"collapsed\";s:0:\"\";s:7:\"process\";s:1:\"1\";s:9:\"connector\";s:3:\"all\";s:4:\"when\";a:1:{i:0;a:6:{s:9:\"connector\";s:3:\"AND\";s:3:\"key\";s:0:\"\";s:10:\"comparator\";s:0:\"\";s:5:\"value\";s:0:\"\";s:4:\"type\";s:5:\"field\";s:9:\"modelType\";s:4:\"when\";}}s:4:\"then\";a:1:{i:0;a:5:{s:3:\"key\";s:0:\"\";s:7:\"trigger\";s:0:\"\";s:5:\"value\";s:0:\"\";s:4:\"type\";s:5:\"field\";s:9:\"modelType\";s:4:\"then\";}}s:4:\"else\";a:0:{}}'),
(357, 15, 'editActive', '', 'editActive', ''),
(356, 15, 'objectDomain', 'actions', 'objectDomain', 'actions'),
(355, 15, 'objectType', 'Action', 'objectType', 'Action'),
(354, 15, 'message', 'Thank you {field:nom_1615178069660} for filling out my form!', 'message', 'Thank you {field:nom_1615178069660} for filling out my form!'),
(353, 15, 'label', 'Success Message', 'label', 'Success Message'),
(352, 15, 'created_at', '2016-08-24 16:39:20', 'created_at', '2016-08-24 16:39:20'),
(351, 15, 'active', '1', 'active', '1'),
(350, 15, 'type', 'successmessage', 'type', 'successmessage'),
(349, 15, 'key', '', 'key', ''),
(348, 15, 'title', '', 'title', ''),
(338, 14, 'email_message', '<p>{field:message}</p><p>-{field:nom_1615178069660} ( {field:email} )</p>', 'email_message', '<p>{field:message}</p><p>-{field:nom_1615178069660} ( {field:email} )</p>'),
(339, 14, 'from_name', '', 'from_name', ''),
(340, 14, 'from_address', '', 'from_address', ''),
(341, 14, 'reply_to', '{field:email}', 'reply_to', '{field:email}'),
(342, 14, 'email_format', 'html', 'email_format', 'html'),
(343, 14, 'cc', '', 'cc', ''),
(344, 14, 'bcc', '', 'bcc', ''),
(345, 14, 'attach_csv', '0', 'attach_csv', '0'),
(346, 14, 'email_message_plain', '', 'email_message_plain', ''),
(347, 14, 'parent_id', '4', 'parent_id', '4'),
(337, 14, 'email_subject', 'New message from {field:nom_1615178069660}', 'email_subject', 'New message from {field:nom_1615178069660}'),
(336, 14, 'to', '{system:admin_email}', 'to', '{system:admin_email}'),
(335, 14, 'tag', '', 'tag', ''),
(334, 14, 'payment_total', '', 'payment_total', ''),
(333, 14, 'payment_gateways', '', 'payment_gateways', ''),
(332, 14, 'conditions', 'a:6:{s:9:\"collapsed\";s:0:\"\";s:7:\"process\";s:1:\"1\";s:9:\"connector\";s:3:\"all\";s:4:\"when\";a:1:{i:0;a:6:{s:9:\"connector\";s:3:\"AND\";s:3:\"key\";s:0:\"\";s:10:\"comparator\";s:0:\"\";s:5:\"value\";s:0:\"\";s:4:\"type\";s:5:\"field\";s:9:\"modelType\";s:4:\"when\";}}s:4:\"then\";a:1:{i:0;a:5:{s:3:\"key\";s:0:\"\";s:7:\"trigger\";s:0:\"\";s:5:\"value\";s:0:\"\";s:4:\"type\";s:5:\"field\";s:9:\"modelType\";s:4:\"then\";}}s:4:\"else\";a:0:{}}', 'conditions', 'a:6:{s:9:\"collapsed\";s:0:\"\";s:7:\"process\";s:1:\"1\";s:9:\"connector\";s:3:\"all\";s:4:\"when\";a:1:{i:0;a:6:{s:9:\"connector\";s:3:\"AND\";s:3:\"key\";s:0:\"\";s:10:\"comparator\";s:0:\"\";s:5:\"value\";s:0:\"\";s:4:\"type\";s:5:\"field\";s:9:\"modelType\";s:4:\"when\";}}s:4:\"then\";a:1:{i:0;a:5:{s:3:\"key\";s:0:\"\";s:7:\"trigger\";s:0:\"\";s:5:\"value\";s:0:\"\";s:4:\"type\";s:5:\"field\";s:9:\"modelType\";s:4:\"then\";}}s:4:\"else\";a:0:{}}'),
(324, 14, 'key', '', 'key', ''),
(325, 14, 'type', 'email', 'type', 'email'),
(326, 14, 'active', '1', 'active', '1'),
(327, 14, 'created_at', '2016-08-24 16:47:39', 'created_at', '2016-08-24 16:47:39'),
(328, 14, 'objectType', 'Action', 'objectType', 'Action'),
(329, 14, 'objectDomain', 'actions', 'objectDomain', 'actions'),
(330, 14, 'editActive', '', 'editActive', ''),
(331, 14, 'label', 'Email Notification', 'label', 'Email Notification'),
(323, 14, 'title', '', 'title', ''),
(322, 13, 'parent_id', '4', 'parent_id', '4'),
(321, 13, 'email_message_plain', '', 'email_message_plain', ''),
(319, 13, 'bcc', '', 'bcc', ''),
(320, 13, 'attach_csv', '', 'attach_csv', ''),
(318, 13, 'cc', '', 'cc', ''),
(317, 13, 'email_format', 'html', 'email_format', 'html'),
(316, 13, 'reply_to', '', 'reply_to', ''),
(315, 13, 'from_address', '', 'from_address', ''),
(314, 13, 'from_name', '', 'from_name', ''),
(313, 13, 'email_message', '<p>{all_fields_table}<br></p>', 'email_message', '<p>{all_fields_table}<br></p>'),
(312, 13, 'email_subject', 'Submission Confirmation ', 'email_subject', 'Submission Confirmation '),
(311, 13, 'tag', '', 'tag', ''),
(310, 13, 'payment_total', '', 'payment_total', ''),
(309, 13, 'payment_gateways', '', 'payment_gateways', ''),
(304, 13, 'message', 'Hello, Ninja Forms!', 'message', 'Hello, Ninja Forms!'),
(305, 13, 'objectType', 'Action', 'objectType', 'Action'),
(306, 13, 'objectDomain', 'actions', 'objectDomain', 'actions'),
(307, 13, 'editActive', '', 'editActive', ''),
(308, 13, 'conditions', 'a:6:{s:9:\"collapsed\";s:0:\"\";s:7:\"process\";s:1:\"1\";s:9:\"connector\";s:3:\"all\";s:4:\"when\";a:0:{}s:4:\"then\";a:1:{i:0;a:5:{s:3:\"key\";s:0:\"\";s:7:\"trigger\";s:0:\"\";s:5:\"value\";s:0:\"\";s:4:\"type\";s:5:\"field\";s:9:\"modelType\";s:4:\"then\";}}s:4:\"else\";a:0:{}}', 'conditions', 'a:6:{s:9:\"collapsed\";s:0:\"\";s:7:\"process\";s:1:\"1\";s:9:\"connector\";s:3:\"all\";s:4:\"when\";a:0:{}s:4:\"then\";a:1:{i:0;a:5:{s:3:\"key\";s:0:\"\";s:7:\"trigger\";s:0:\"\";s:5:\"value\";s:0:\"\";s:4:\"type\";s:5:\"field\";s:9:\"modelType\";s:4:\"then\";}}s:4:\"else\";a:0:{}}'),
(303, 13, 'subject', 'This is an email action.', 'subject', 'This is an email action.'),
(302, 13, 'to', '{field:email}', 'to', '{field:email}'),
(301, 13, 'label', 'Email Confirmation', 'label', 'Email Confirmation'),
(299, 13, 'active', '1', 'active', '1'),
(300, 13, 'created_at', '2016-08-24 16:39:20', 'created_at', '2016-08-24 16:39:20'),
(298, 13, 'type', 'email', 'type', 'email'),
(297, 13, 'key', '', 'key', ''),
(296, 13, 'title', '', 'title', ''),
(295, 12, 'parent_id', '4', 'parent_id', '4'),
(294, 12, 'email_message_plain', '', 'email_message_plain', ''),
(293, 12, 'redirect_url', '', 'redirect_url', ''),
(292, 12, 'attach_csv', '', 'attach_csv', ''),
(291, 12, 'bcc', '', 'bcc', ''),
(290, 12, 'cc', '', 'cc', ''),
(288, 12, 'reply_to', '', 'reply_to', ''),
(289, 12, 'email_format', 'html', 'email_format', 'html'),
(287, 12, 'from_address', '', 'from_address', ''),
(285, 12, 'email_message', '{fields_table}', 'email_message', '{fields_table}'),
(286, 12, 'from_name', '', 'from_name', ''),
(284, 12, 'email_subject', 'Entrées de Ninja Forms', 'email_subject', 'Entrées de Ninja Forms'),
(283, 12, 'to', '{wp:admin_email}', 'to', '{wp:admin_email}'),
(282, 12, 'tag', '', 'tag', ''),
(280, 12, 'payment_gateways', '', 'payment_gateways', ''),
(281, 12, 'payment_total', '', 'payment_total', ''),
(279, 12, 'conditions', 'a:6:{s:9:\"collapsed\";s:0:\"\";s:7:\"process\";s:1:\"1\";s:9:\"connector\";s:3:\"all\";s:4:\"when\";a:1:{i:0;a:6:{s:9:\"connector\";s:3:\"AND\";s:3:\"key\";s:0:\"\";s:10:\"comparator\";s:0:\"\";s:5:\"value\";s:0:\"\";s:4:\"type\";s:5:\"field\";s:9:\"modelType\";s:4:\"when\";}}s:4:\"then\";a:1:{i:0;a:5:{s:3:\"key\";s:0:\"\";s:7:\"trigger\";s:0:\"\";s:5:\"value\";s:0:\"\";s:4:\"type\";s:5:\"field\";s:9:\"modelType\";s:4:\"then\";}}s:4:\"else\";a:0:{}}', 'conditions', 'a:6:{s:9:\"collapsed\";s:0:\"\";s:7:\"process\";s:1:\"1\";s:9:\"connector\";s:3:\"all\";s:4:\"when\";a:1:{i:0;a:6:{s:9:\"connector\";s:3:\"AND\";s:3:\"key\";s:0:\"\";s:10:\"comparator\";s:0:\"\";s:5:\"value\";s:0:\"\";s:4:\"type\";s:5:\"field\";s:9:\"modelType\";s:4:\"when\";}}s:4:\"then\";a:1:{i:0;a:5:{s:3:\"key\";s:0:\"\";s:7:\"trigger\";s:0:\"\";s:5:\"value\";s:0:\"\";s:4:\"type\";s:5:\"field\";s:9:\"modelType\";s:4:\"then\";}}s:4:\"else\";a:0:{}}'),
(278, 12, 'editActive', '', 'editActive', ''),
(277, 12, 'objectDomain', 'actions', 'objectDomain', 'actions'),
(276, 12, 'objectType', 'Action', 'objectType', 'Action'),
(275, 12, 'label', 'Store Submission', 'label', 'Store Submission'),
(272, 12, 'type', 'save', 'type', 'save'),
(273, 12, 'active', '1', 'active', '1'),
(274, 12, 'created_at', '2016-08-24 16:39:20', 'created_at', '2016-08-24 16:39:20'),
(271, 12, 'key', '', 'key', ''),
(270, 12, 'title', '', 'title', '');

-- --------------------------------------------------------

--
-- Structure de la table `wp_nf3_chunks`
--

CREATE TABLE IF NOT EXISTS `wp_nf3_chunks` (
  `id` int(11) NOT NULL AUTO_INCREMENT,
  `name` varchar(200) DEFAULT NULL,
  `value` longtext,
  UNIQUE KEY `id` (`id`)
) ENGINE=MyISAM DEFAULT CHARSET=utf8mb4;

-- --------------------------------------------------------

--
-- Structure de la table `wp_nf3_fields`
--

CREATE TABLE IF NOT EXISTS `wp_nf3_fields` (
  `id` int(11) NOT NULL AUTO_INCREMENT,
  `label` longtext,
  `key` longtext,
  `type` longtext,
  `parent_id` int(11) NOT NULL,
  `created_at` timestamp NULL DEFAULT NULL,
  `updated_at` datetime DEFAULT NULL,
  `field_label` longtext,
  `field_key` longtext,
  `order` int(11) DEFAULT NULL,
  `required` bit(1) DEFAULT NULL,
  `default_value` longtext,
  `label_pos` varchar(15) DEFAULT NULL,
  `personally_identifiable` bit(1) DEFAULT NULL,
  UNIQUE KEY `id` (`id`)
) ENGINE=MyISAM AUTO_INCREMENT=33 DEFAULT CHARSET=utf8mb4;

--
-- Déchargement des données de la table `wp_nf3_fields`
--

INSERT INTO `wp_nf3_fields` (`id`, `label`, `key`, `type`, `parent_id`, `created_at`, `updated_at`, `field_label`, `field_key`, `order`, `required`, `default_value`, `label_pos`, `personally_identifiable`) VALUES
(31, 'Tél.', 'phone_1615178130311', 'phone', 4, NULL, NULL, 'Tél.', 'phone_1615178130311', 3, b'0', '', 'default', b'1'),
(32, '', 'listselect_1615179073231', 'listselect', 4, NULL, NULL, '', 'listselect_1615179073231', 1, b'1', '', 'default', b'0'),
(29, 'Envoyer', 'envoyer_1615179052811', 'submit', 4, NULL, NULL, 'Envoyer', 'envoyer_1615179052811', 6, b'0', '', '', b'0'),
(28, 'Message', 'message', 'textarea', 4, NULL, NULL, 'Message', 'message', 5, b'1', '', 'above', b'0'),
(27, 'Email', 'email', 'email', 4, NULL, NULL, 'Email', 'email', 4, b'1', '', 'above', b'1'),
(26, 'Nom', 'nom_1615178069660', 'textbox', 4, NULL, NULL, 'Nom', 'nom_1615178069660', 2, b'1', '', 'above', b'0');

-- --------------------------------------------------------

--
-- Structure de la table `wp_nf3_field_meta`
--

CREATE TABLE IF NOT EXISTS `wp_nf3_field_meta` (
  `id` int(11) NOT NULL AUTO_INCREMENT,
  `parent_id` int(11) NOT NULL,
  `key` longtext NOT NULL,
  `value` longtext,
  `meta_key` longtext,
  `meta_value` longtext,
  UNIQUE KEY `id` (`id`)
) ENGINE=MyISAM AUTO_INCREMENT=1249 DEFAULT CHARSET=utf8mb4;

--
-- Déchargement des données de la table `wp_nf3_field_meta`
--

INSERT INTO `wp_nf3_field_meta` (`id`, `parent_id`, `key`, `value`, `meta_key`, `meta_value`) VALUES
(1233, 26, 'drawerDisabled', '', 'drawerDisabled', ''),
(1234, 29, 'drawerDisabled', '', 'drawerDisabled', ''),
(1235, 32, 'editActive', '', 'editActive', ''),
(1236, 32, 'order', '1', 'order', '1'),
(1237, 32, 'idAttribute', 'id', 'idAttribute', 'id'),
(1238, 32, 'type', 'listselect', 'type', 'listselect'),
(1239, 32, 'label', '', 'label', ''),
(1240, 32, 'key', 'listselect_1615179073231', 'key', 'listselect_1615179073231'),
(1241, 32, 'label_pos', 'default', 'label_pos', 'default'),
(1242, 32, 'required', '1', 'required', '1'),
(1243, 32, 'options', 'a:4:{i:0;a:8:{s:6:\"errors\";a:0:{}s:11:\"max_options\";i:0;s:5:\"label\";s:25:\"Votre demande concerne...\";s:5:\"value\";s:22:\"votre-demande-concerne\";s:4:\"calc\";s:0:\"\";s:8:\"selected\";i:0;s:5:\"order\";i:0;s:12:\"settingModel\";a:10:{s:8:\"settings\";b:0;s:15:\"hide_merge_tags\";b:0;s:5:\"error\";b:0;s:4:\"name\";s:7:\"options\";s:4:\"type\";s:15:\"option-repeater\";s:5:\"label\";s:161:\"Options <a href=\"#\" class=\"nf-add-new\">Ajouter</a> <a href=\"#\" class=\"extra nf-open-import-tooltip\"><i class=\"fa fa-sign-in\" aria-hidden=\"true\"></i> Importer</a>\";s:5:\"width\";s:4:\"full\";s:5:\"group\";s:0:\"\";s:5:\"value\";a:3:{i:0;a:5:{s:5:\"label\";s:2:\"Un\";s:5:\"value\";s:2:\"un\";s:4:\"calc\";s:0:\"\";s:8:\"selected\";i:0;s:5:\"order\";i:0;}i:1;a:5:{s:5:\"label\";s:4:\"Deux\";s:5:\"value\";s:4:\"deux\";s:4:\"calc\";s:0:\"\";s:8:\"selected\";i:0;s:5:\"order\";i:1;}i:2;a:5:{s:5:\"label\";s:5:\"Trois\";s:5:\"value\";s:5:\"trois\";s:4:\"calc\";s:0:\"\";s:8:\"selected\";i:0;s:5:\"order\";i:2;}}s:7:\"columns\";a:4:{s:5:\"label\";a:2:{s:6:\"header\";s:8:\"Libellé\";s:7:\"default\";s:0:\"\";}s:5:\"value\";a:2:{s:6:\"header\";s:6:\"Valeur\";s:7:\"default\";s:0:\"\";}s:4:\"calc\";a:2:{s:6:\"header\";s:16:\"Valeur de calcul\";s:7:\"default\";s:0:\"\";}s:8:\"selected\";a:2:{s:6:\"header\";s:45:\"<span class=\"dashicons dashicons-yes\"></span>\";s:7:\"default\";i:0;}}}}i:1;a:8:{s:6:\"errors\";a:0:{}s:11:\"max_options\";i:0;s:5:\"label\";s:16:\"Une réservation\";s:5:\"value\";s:15:\"une-reservation\";s:4:\"calc\";s:0:\"\";s:8:\"selected\";i:0;s:5:\"order\";i:1;s:12:\"settingModel\";a:10:{s:8:\"settings\";b:0;s:15:\"hide_merge_tags\";b:0;s:5:\"error\";b:0;s:4:\"name\";s:7:\"options\";s:4:\"type\";s:15:\"option-repeater\";s:5:\"label\";s:161:\"Options <a href=\"#\" class=\"nf-add-new\">Ajouter</a> <a href=\"#\" class=\"extra nf-open-import-tooltip\"><i class=\"fa fa-sign-in\" aria-hidden=\"true\"></i> Importer</a>\";s:5:\"width\";s:4:\"full\";s:5:\"group\";s:0:\"\";s:5:\"value\";a:3:{i:0;a:5:{s:5:\"label\";s:2:\"Un\";s:5:\"value\";s:2:\"un\";s:4:\"calc\";s:0:\"\";s:8:\"selected\";i:0;s:5:\"order\";i:0;}i:1;a:5:{s:5:\"label\";s:4:\"Deux\";s:5:\"value\";s:4:\"deux\";s:4:\"calc\";s:0:\"\";s:8:\"selected\";i:0;s:5:\"order\";i:1;}i:2;a:5:{s:5:\"label\";s:5:\"Trois\";s:5:\"value\";s:5:\"trois\";s:4:\"calc\";s:0:\"\";s:8:\"selected\";i:0;s:5:\"order\";i:2;}}s:7:\"columns\";a:4:{s:5:\"label\";a:2:{s:6:\"header\";s:8:\"Libellé\";s:7:\"default\";s:0:\"\";}s:5:\"value\";a:2:{s:6:\"header\";s:6:\"Valeur\";s:7:\"default\";s:0:\"\";}s:4:\"calc\";a:2:{s:6:\"header\";s:16:\"Valeur de calcul\";s:7:\"default\";s:0:\"\";}s:8:\"selected\";a:2:{s:6:\"header\";s:45:\"<span class=\"dashicons dashicons-yes\"></span>\";s:7:\"default\";i:0;}}}}i:2;a:8:{s:6:\"errors\";a:0:{}s:11:\"max_options\";i:0;s:5:\"label\";s:16:\"Un renseignement\";s:5:\"value\";s:16:\"un-renseignement\";s:4:\"calc\";s:0:\"\";s:8:\"selected\";i:0;s:5:\"order\";i:2;s:12:\"settingModel\";a:10:{s:8:\"settings\";b:0;s:15:\"hide_merge_tags\";b:0;s:5:\"error\";b:0;s:4:\"name\";s:7:\"options\";s:4:\"type\";s:15:\"option-repeater\";s:5:\"label\";s:161:\"Options <a href=\"#\" class=\"nf-add-new\">Ajouter</a> <a href=\"#\" class=\"extra nf-open-import-tooltip\"><i class=\"fa fa-sign-in\" aria-hidden=\"true\"></i> Importer</a>\";s:5:\"width\";s:4:\"full\";s:5:\"group\";s:0:\"\";s:5:\"value\";a:3:{i:0;a:5:{s:5:\"label\";s:2:\"Un\";s:5:\"value\";s:2:\"un\";s:4:\"calc\";s:0:\"\";s:8:\"selected\";i:0;s:5:\"order\";i:0;}i:1;a:5:{s:5:\"label\";s:4:\"Deux\";s:5:\"value\";s:4:\"deux\";s:4:\"calc\";s:0:\"\";s:8:\"selected\";i:0;s:5:\"order\";i:1;}i:2;a:5:{s:5:\"label\";s:5:\"Trois\";s:5:\"value\";s:5:\"trois\";s:4:\"calc\";s:0:\"\";s:8:\"selected\";i:0;s:5:\"order\";i:2;}}s:7:\"columns\";a:4:{s:5:\"label\";a:2:{s:6:\"header\";s:8:\"Libellé\";s:7:\"default\";s:0:\"\";}s:5:\"value\";a:2:{s:6:\"header\";s:6:\"Valeur\";s:7:\"default\";s:0:\"\";}s:4:\"calc\";a:2:{s:6:\"header\";s:16:\"Valeur de calcul\";s:7:\"default\";s:0:\"\";}s:8:\"selected\";a:2:{s:6:\"header\";s:45:\"<span class=\"dashicons dashicons-yes\"></span>\";s:7:\"default\";i:0;}}}}i:3;a:10:{s:6:\"errors\";a:0:{}s:11:\"max_options\";i:0;s:5:\"order\";i:3;s:3:\"new\";b:0;s:7:\"options\";a:0:{}s:5:\"label\";s:5:\"Autre\";s:5:\"value\";s:5:\"autre\";s:4:\"calc\";s:0:\"\";s:8:\"selected\";i:0;s:12:\"settingModel\";a:10:{s:8:\"settings\";b:0;s:15:\"hide_merge_tags\";b:0;s:5:\"error\";b:0;s:4:\"name\";s:7:\"options\";s:4:\"type\";s:15:\"option-repeater\";s:5:\"label\";s:161:\"Options <a href=\"#\" class=\"nf-add-new\">Ajouter</a> <a href=\"#\" class=\"extra nf-open-import-tooltip\"><i class=\"fa fa-sign-in\" aria-hidden=\"true\"></i> Importer</a>\";s:5:\"width\";s:4:\"full\";s:5:\"group\";s:0:\"\";s:5:\"value\";a:3:{i:0;a:5:{s:5:\"label\";s:2:\"Un\";s:5:\"value\";s:2:\"un\";s:4:\"calc\";s:0:\"\";s:8:\"selected\";i:0;s:5:\"order\";i:0;}i:1;a:5:{s:5:\"label\";s:4:\"Deux\";s:5:\"value\";s:4:\"deux\";s:4:\"calc\";s:0:\"\";s:8:\"selected\";i:0;s:5:\"order\";i:1;}i:2;a:5:{s:5:\"label\";s:5:\"Trois\";s:5:\"value\";s:5:\"trois\";s:4:\"calc\";s:0:\"\";s:8:\"selected\";i:0;s:5:\"order\";i:2;}}s:7:\"columns\";a:4:{s:5:\"label\";a:2:{s:6:\"header\";s:8:\"Libellé\";s:7:\"default\";s:0:\"\";}s:5:\"value\";a:2:{s:6:\"header\";s:6:\"Valeur\";s:7:\"default\";s:0:\"\";}s:4:\"calc\";a:2:{s:6:\"header\";s:16:\"Valeur de calcul\";s:7:\"default\";s:0:\"\";}s:8:\"selected\";a:2:{s:6:\"header\";s:45:\"<span class=\"dashicons dashicons-yes\"></span>\";s:7:\"default\";i:0;}}}}}', 'options', 'a:4:{i:0;a:8:{s:6:\"errors\";a:0:{}s:11:\"max_options\";i:0;s:5:\"label\";s:25:\"Votre demande concerne...\";s:5:\"value\";s:22:\"votre-demande-concerne\";s:4:\"calc\";s:0:\"\";s:8:\"selected\";i:0;s:5:\"order\";i:0;s:12:\"settingModel\";a:10:{s:8:\"settings\";b:0;s:15:\"hide_merge_tags\";b:0;s:5:\"error\";b:0;s:4:\"name\";s:7:\"options\";s:4:\"type\";s:15:\"option-repeater\";s:5:\"label\";s:161:\"Options <a href=\"#\" class=\"nf-add-new\">Ajouter</a> <a href=\"#\" class=\"extra nf-open-import-tooltip\"><i class=\"fa fa-sign-in\" aria-hidden=\"true\"></i> Importer</a>\";s:5:\"width\";s:4:\"full\";s:5:\"group\";s:0:\"\";s:5:\"value\";a:3:{i:0;a:5:{s:5:\"label\";s:2:\"Un\";s:5:\"value\";s:2:\"un\";s:4:\"calc\";s:0:\"\";s:8:\"selected\";i:0;s:5:\"order\";i:0;}i:1;a:5:{s:5:\"label\";s:4:\"Deux\";s:5:\"value\";s:4:\"deux\";s:4:\"calc\";s:0:\"\";s:8:\"selected\";i:0;s:5:\"order\";i:1;}i:2;a:5:{s:5:\"label\";s:5:\"Trois\";s:5:\"value\";s:5:\"trois\";s:4:\"calc\";s:0:\"\";s:8:\"selected\";i:0;s:5:\"order\";i:2;}}s:7:\"columns\";a:4:{s:5:\"label\";a:2:{s:6:\"header\";s:8:\"Libellé\";s:7:\"default\";s:0:\"\";}s:5:\"value\";a:2:{s:6:\"header\";s:6:\"Valeur\";s:7:\"default\";s:0:\"\";}s:4:\"calc\";a:2:{s:6:\"header\";s:16:\"Valeur de calcul\";s:7:\"default\";s:0:\"\";}s:8:\"selected\";a:2:{s:6:\"header\";s:45:\"<span class=\"dashicons dashicons-yes\"></span>\";s:7:\"default\";i:0;}}}}i:1;a:8:{s:6:\"errors\";a:0:{}s:11:\"max_options\";i:0;s:5:\"label\";s:16:\"Une réservation\";s:5:\"value\";s:15:\"une-reservation\";s:4:\"calc\";s:0:\"\";s:8:\"selected\";i:0;s:5:\"order\";i:1;s:12:\"settingModel\";a:10:{s:8:\"settings\";b:0;s:15:\"hide_merge_tags\";b:0;s:5:\"error\";b:0;s:4:\"name\";s:7:\"options\";s:4:\"type\";s:15:\"option-repeater\";s:5:\"label\";s:161:\"Options <a href=\"#\" class=\"nf-add-new\">Ajouter</a> <a href=\"#\" class=\"extra nf-open-import-tooltip\"><i class=\"fa fa-sign-in\" aria-hidden=\"true\"></i> Importer</a>\";s:5:\"width\";s:4:\"full\";s:5:\"group\";s:0:\"\";s:5:\"value\";a:3:{i:0;a:5:{s:5:\"label\";s:2:\"Un\";s:5:\"value\";s:2:\"un\";s:4:\"calc\";s:0:\"\";s:8:\"selected\";i:0;s:5:\"order\";i:0;}i:1;a:5:{s:5:\"label\";s:4:\"Deux\";s:5:\"value\";s:4:\"deux\";s:4:\"calc\";s:0:\"\";s:8:\"selected\";i:0;s:5:\"order\";i:1;}i:2;a:5:{s:5:\"label\";s:5:\"Trois\";s:5:\"value\";s:5:\"trois\";s:4:\"calc\";s:0:\"\";s:8:\"selected\";i:0;s:5:\"order\";i:2;}}s:7:\"columns\";a:4:{s:5:\"label\";a:2:{s:6:\"header\";s:8:\"Libellé\";s:7:\"default\";s:0:\"\";}s:5:\"value\";a:2:{s:6:\"header\";s:6:\"Valeur\";s:7:\"default\";s:0:\"\";}s:4:\"calc\";a:2:{s:6:\"header\";s:16:\"Valeur de calcul\";s:7:\"default\";s:0:\"\";}s:8:\"selected\";a:2:{s:6:\"header\";s:45:\"<span class=\"dashicons dashicons-yes\"></span>\";s:7:\"default\";i:0;}}}}i:2;a:8:{s:6:\"errors\";a:0:{}s:11:\"max_options\";i:0;s:5:\"label\";s:16:\"Un renseignement\";s:5:\"value\";s:16:\"un-renseignement\";s:4:\"calc\";s:0:\"\";s:8:\"selected\";i:0;s:5:\"order\";i:2;s:12:\"settingModel\";a:10:{s:8:\"settings\";b:0;s:15:\"hide_merge_tags\";b:0;s:5:\"error\";b:0;s:4:\"name\";s:7:\"options\";s:4:\"type\";s:15:\"option-repeater\";s:5:\"label\";s:161:\"Options <a href=\"#\" class=\"nf-add-new\">Ajouter</a> <a href=\"#\" class=\"extra nf-open-import-tooltip\"><i class=\"fa fa-sign-in\" aria-hidden=\"true\"></i> Importer</a>\";s:5:\"width\";s:4:\"full\";s:5:\"group\";s:0:\"\";s:5:\"value\";a:3:{i:0;a:5:{s:5:\"label\";s:2:\"Un\";s:5:\"value\";s:2:\"un\";s:4:\"calc\";s:0:\"\";s:8:\"selected\";i:0;s:5:\"order\";i:0;}i:1;a:5:{s:5:\"label\";s:4:\"Deux\";s:5:\"value\";s:4:\"deux\";s:4:\"calc\";s:0:\"\";s:8:\"selected\";i:0;s:5:\"order\";i:1;}i:2;a:5:{s:5:\"label\";s:5:\"Trois\";s:5:\"value\";s:5:\"trois\";s:4:\"calc\";s:0:\"\";s:8:\"selected\";i:0;s:5:\"order\";i:2;}}s:7:\"columns\";a:4:{s:5:\"label\";a:2:{s:6:\"header\";s:8:\"Libellé\";s:7:\"default\";s:0:\"\";}s:5:\"value\";a:2:{s:6:\"header\";s:6:\"Valeur\";s:7:\"default\";s:0:\"\";}s:4:\"calc\";a:2:{s:6:\"header\";s:16:\"Valeur de calcul\";s:7:\"default\";s:0:\"\";}s:8:\"selected\";a:2:{s:6:\"header\";s:45:\"<span class=\"dashicons dashicons-yes\"></span>\";s:7:\"default\";i:0;}}}}i:3;a:10:{s:6:\"errors\";a:0:{}s:11:\"max_options\";i:0;s:5:\"order\";i:3;s:3:\"new\";b:0;s:7:\"options\";a:0:{}s:5:\"label\";s:5:\"Autre\";s:5:\"value\";s:5:\"autre\";s:4:\"calc\";s:0:\"\";s:8:\"selected\";i:0;s:12:\"settingModel\";a:10:{s:8:\"settings\";b:0;s:15:\"hide_merge_tags\";b:0;s:5:\"error\";b:0;s:4:\"name\";s:7:\"options\";s:4:\"type\";s:15:\"option-repeater\";s:5:\"label\";s:161:\"Options <a href=\"#\" class=\"nf-add-new\">Ajouter</a> <a href=\"#\" class=\"extra nf-open-import-tooltip\"><i class=\"fa fa-sign-in\" aria-hidden=\"true\"></i> Importer</a>\";s:5:\"width\";s:4:\"full\";s:5:\"group\";s:0:\"\";s:5:\"value\";a:3:{i:0;a:5:{s:5:\"label\";s:2:\"Un\";s:5:\"value\";s:2:\"un\";s:4:\"calc\";s:0:\"\";s:8:\"selected\";i:0;s:5:\"order\";i:0;}i:1;a:5:{s:5:\"label\";s:4:\"Deux\";s:5:\"value\";s:4:\"deux\";s:4:\"calc\";s:0:\"\";s:8:\"selected\";i:0;s:5:\"order\";i:1;}i:2;a:5:{s:5:\"label\";s:5:\"Trois\";s:5:\"value\";s:5:\"trois\";s:4:\"calc\";s:0:\"\";s:8:\"selected\";i:0;s:5:\"order\";i:2;}}s:7:\"columns\";a:4:{s:5:\"label\";a:2:{s:6:\"header\";s:8:\"Libellé\";s:7:\"default\";s:0:\"\";}s:5:\"value\";a:2:{s:6:\"header\";s:6:\"Valeur\";s:7:\"default\";s:0:\"\";}s:4:\"calc\";a:2:{s:6:\"header\";s:16:\"Valeur de calcul\";s:7:\"default\";s:0:\"\";}s:8:\"selected\";a:2:{s:6:\"header\";s:45:\"<span class=\"dashicons dashicons-yes\"></span>\";s:7:\"default\";i:0;}}}}}'),
(1188, 26, 'idAttribute', 'id', 'idAttribute', 'id'),
(1189, 26, 'field_label', 'Name', 'field_label', 'Name'),
(1190, 26, 'field_key', 'name', 'field_key', 'name'),
(1191, 26, 'custom_name_attribute', '', 'custom_name_attribute', ''),
(1192, 26, 'personally_identifiable', '', 'personally_identifiable', ''),
(1193, 26, 'value', '', 'value', ''),
(1194, 31, 'editActive', '', 'editActive', ''),
(1195, 31, 'order', '3', 'order', '3'),
(1196, 31, 'idAttribute', 'id', 'idAttribute', 'id'),
(1197, 31, 'type', 'phone', 'type', 'phone'),
(1198, 31, 'label', 'Tél.', 'label', 'Tél.'),
(1199, 31, 'key', 'phone_1615178130311', 'key', 'phone_1615178130311'),
(1200, 31, 'label_pos', 'default', 'label_pos', 'default'),
(1201, 31, 'required', '', 'required', ''),
(1202, 31, 'default', '', 'default', ''),
(1203, 31, 'placeholder', 'Tél.', 'placeholder', 'Tél.'),
(1204, 31, 'container_class', '', 'container_class', ''),
(1205, 31, 'element_class', '', 'element_class', ''),
(1206, 31, 'input_limit', '', 'input_limit', ''),
(1207, 31, 'input_limit_type', 'characters', 'input_limit_type', 'characters'),
(1208, 31, 'input_limit_msg', 'Caractère(s) restant(s)', 'input_limit_msg', 'Caractère(s) restant(s)'),
(1209, 31, 'manual_key', '', 'manual_key', ''),
(1210, 31, 'admin_label', '', 'admin_label', ''),
(1211, 31, 'help_text', '', 'help_text', ''),
(1212, 31, 'mask', '', 'mask', ''),
(1213, 31, 'custom_mask', '', 'custom_mask', ''),
(1214, 31, 'custom_name_attribute', 'phone', 'custom_name_attribute', 'phone'),
(1215, 31, 'personally_identifiable', '1', 'personally_identifiable', '1'),
(1216, 31, 'value', '', 'value', ''),
(1217, 31, 'drawerDisabled', '', 'drawerDisabled', ''),
(1218, 27, 'idAttribute', 'id', 'idAttribute', 'id'),
(1219, 27, 'field_label', 'Email', 'field_label', 'Email'),
(1220, 27, 'field_key', 'email', 'field_key', 'email'),
(1221, 27, 'custom_name_attribute', 'email', 'custom_name_attribute', 'email'),
(1222, 27, 'personally_identifiable', '1', 'personally_identifiable', '1'),
(1223, 27, 'value', '', 'value', ''),
(1224, 27, 'drawerDisabled', '', 'drawerDisabled', ''),
(1225, 28, 'idAttribute', 'id', 'idAttribute', 'id'),
(1226, 28, 'field_label', 'Message', 'field_label', 'Message'),
(1227, 28, 'field_key', 'message', 'field_key', 'message'),
(1228, 28, 'value', '', 'value', ''),
(1229, 28, 'drawerDisabled', '', 'drawerDisabled', ''),
(1230, 29, 'idAttribute', 'id', 'idAttribute', 'id'),
(1231, 29, 'field_label', 'Submit', 'field_label', 'Submit'),
(1232, 29, 'field_key', 'submit', 'field_key', 'submit'),
(1173, 29, 'cellcid', 'c3287', 'cellcid', 'c3287'),
(1248, 32, 'drawerDisabled', '', 'drawerDisabled', ''),
(1247, 32, 'help_text', '', 'help_text', ''),
(1246, 32, 'admin_label', '', 'admin_label', ''),
(1245, 32, 'element_class', '', 'element_class', ''),
(1244, 32, 'container_class', '', 'container_class', ''),
(1172, 29, 'submit_element_hover_styles_advanced', '', 'submit_element_hover_styles_advanced', ''),
(1171, 29, 'submit_element_hover_styles_show_advanced_css', '0', 'submit_element_hover_styles_show_advanced_css', '0'),
(1170, 29, 'submit_element_hover_styles_float', '', 'submit_element_hover_styles_float', ''),
(1169, 29, 'submit_element_hover_styles_display', '', 'submit_element_hover_styles_display', ''),
(1168, 29, 'submit_element_hover_styles_padding', '', 'submit_element_hover_styles_padding', ''),
(1167, 29, 'submit_element_hover_styles_margin', '', 'submit_element_hover_styles_margin', ''),
(1166, 29, 'submit_element_hover_styles_font-size', '', 'submit_element_hover_styles_font-size', ''),
(1165, 29, 'submit_element_hover_styles_width', '', 'submit_element_hover_styles_width', ''),
(1164, 29, 'submit_element_hover_styles_height', '', 'submit_element_hover_styles_height', ''),
(1163, 29, 'submit_element_hover_styles_color', '', 'submit_element_hover_styles_color', ''),
(1162, 29, 'submit_element_hover_styles_border-color', '', 'submit_element_hover_styles_border-color', ''),
(1161, 29, 'submit_element_hover_styles_border-style', '', 'submit_element_hover_styles_border-style', ''),
(1160, 29, 'submit_element_hover_styles_border', '', 'submit_element_hover_styles_border', ''),
(1159, 29, 'submit_element_hover_styles_background-color', '', 'submit_element_hover_styles_background-color', ''),
(1158, 29, 'element_styles_advanced', '', 'element_styles_advanced', ''),
(1157, 29, 'element_styles_show_advanced_css', '0', 'element_styles_show_advanced_css', '0'),
(1156, 29, 'element_styles_float', '', 'element_styles_float', ''),
(1155, 29, 'element_styles_display', '', 'element_styles_display', ''),
(1154, 29, 'element_styles_padding', '', 'element_styles_padding', ''),
(1153, 29, 'element_styles_margin', '', 'element_styles_margin', ''),
(1152, 29, 'element_styles_font-size', '', 'element_styles_font-size', ''),
(1151, 29, 'element_styles_width', '', 'element_styles_width', ''),
(1150, 29, 'element_styles_height', '', 'element_styles_height', ''),
(1149, 29, 'element_styles_color', '', 'element_styles_color', ''),
(1148, 29, 'element_styles_border-color', '', 'element_styles_border-color', ''),
(1147, 29, 'element_styles_border-style', '', 'element_styles_border-style', ''),
(1146, 29, 'element_styles_border', '', 'element_styles_border', ''),
(1145, 29, 'element_styles_background-color', '', 'element_styles_background-color', ''),
(1144, 29, 'label_styles_advanced', '', 'label_styles_advanced', ''),
(1143, 29, 'label_styles_show_advanced_css', '0', 'label_styles_show_advanced_css', '0'),
(1142, 29, 'label_styles_float', '', 'label_styles_float', ''),
(1141, 29, 'label_styles_display', '', 'label_styles_display', ''),
(1140, 29, 'label_styles_padding', '', 'label_styles_padding', ''),
(1139, 29, 'label_styles_margin', '', 'label_styles_margin', ''),
(1138, 29, 'label_styles_font-size', '', 'label_styles_font-size', ''),
(1137, 29, 'label_styles_width', '', 'label_styles_width', ''),
(1136, 29, 'label_styles_height', '', 'label_styles_height', ''),
(1135, 29, 'label_styles_color', '', 'label_styles_color', ''),
(1134, 29, 'label_styles_border-color', '', 'label_styles_border-color', ''),
(1133, 29, 'label_styles_border-style', '', 'label_styles_border-style', ''),
(1132, 29, 'label_styles_border', '', 'label_styles_border', ''),
(1131, 29, 'label_styles_background-color', '', 'label_styles_background-color', ''),
(1130, 29, 'wrap_styles_advanced', '', 'wrap_styles_advanced', ''),
(1129, 29, 'wrap_styles_show_advanced_css', '0', 'wrap_styles_show_advanced_css', '0'),
(1128, 29, 'wrap_styles_float', '', 'wrap_styles_float', ''),
(1127, 29, 'wrap_styles_display', '', 'wrap_styles_display', ''),
(1126, 29, 'wrap_styles_padding', '', 'wrap_styles_padding', ''),
(1125, 29, 'wrap_styles_margin', '', 'wrap_styles_margin', ''),
(1124, 29, 'wrap_styles_font-size', '', 'wrap_styles_font-size', ''),
(1123, 29, 'wrap_styles_width', '', 'wrap_styles_width', ''),
(1122, 29, 'wrap_styles_height', '', 'wrap_styles_height', ''),
(1121, 29, 'wrap_styles_color', '', 'wrap_styles_color', ''),
(1120, 29, 'wrap_styles_border-color', '', 'wrap_styles_border-color', ''),
(1119, 29, 'wrap_styles_border-style', '', 'wrap_styles_border-style', ''),
(1118, 29, 'wrap_styles_border', '', 'wrap_styles_border', ''),
(1117, 29, 'wrap_styles_background-color', '', 'wrap_styles_background-color', ''),
(1116, 29, 'element_class', '', 'element_class', ''),
(1115, 29, 'container_class', '', 'container_class', ''),
(1114, 29, 'editActive', '', 'editActive', ''),
(1113, 29, 'objectDomain', 'fields', 'objectDomain', 'fields'),
(1112, 29, 'objectType', 'Field', 'objectType', 'Field'),
(1111, 29, 'order', '6', 'order', '6'),
(1110, 29, 'processing_label', 'Traitement', 'processing_label', 'Traitement'),
(1109, 29, 'created_at', '2016-08-24 16:39:20', 'created_at', '2016-08-24 16:39:20'),
(1108, 29, 'type', 'submit', 'type', 'submit'),
(1107, 29, 'parent_id', '4', 'parent_id', '4'),
(1106, 29, 'key', 'envoyer_1615179052811', 'key', 'envoyer_1615179052811'),
(1105, 29, 'label', 'Envoyer', 'label', 'Envoyer'),
(1104, 28, 'cellcid', 'c3284', 'cellcid', 'c3284'),
(1103, 28, 'element_styles_advanced', '', 'element_styles_advanced', ''),
(1102, 28, 'element_styles_show_advanced_css', '0', 'element_styles_show_advanced_css', '0'),
(1101, 28, 'element_styles_float', '', 'element_styles_float', ''),
(1100, 28, 'element_styles_display', '', 'element_styles_display', ''),
(1099, 28, 'element_styles_padding', '', 'element_styles_padding', ''),
(1098, 28, 'element_styles_margin', '', 'element_styles_margin', ''),
(1097, 28, 'element_styles_font-size', '', 'element_styles_font-size', ''),
(1096, 28, 'element_styles_width', '', 'element_styles_width', ''),
(1095, 28, 'element_styles_height', '', 'element_styles_height', ''),
(1094, 28, 'element_styles_color', '', 'element_styles_color', ''),
(1093, 28, 'element_styles_border-color', '', 'element_styles_border-color', ''),
(1092, 28, 'element_styles_border-style', '', 'element_styles_border-style', ''),
(1091, 28, 'element_styles_border', '', 'element_styles_border', ''),
(1090, 28, 'element_styles_background-color', '', 'element_styles_background-color', ''),
(1089, 28, 'label_styles_advanced', '', 'label_styles_advanced', ''),
(1088, 28, 'label_styles_show_advanced_css', '0', 'label_styles_show_advanced_css', '0'),
(1087, 28, 'label_styles_float', '', 'label_styles_float', ''),
(1086, 28, 'label_styles_display', '', 'label_styles_display', ''),
(1085, 28, 'label_styles_padding', '', 'label_styles_padding', ''),
(1084, 28, 'label_styles_margin', '', 'label_styles_margin', ''),
(1083, 28, 'label_styles_font-size', '', 'label_styles_font-size', ''),
(1082, 28, 'label_styles_width', '', 'label_styles_width', ''),
(1081, 28, 'label_styles_height', '', 'label_styles_height', ''),
(1080, 28, 'label_styles_color', '', 'label_styles_color', ''),
(1079, 28, 'label_styles_border-color', '', 'label_styles_border-color', ''),
(1078, 28, 'label_styles_border-style', '', 'label_styles_border-style', ''),
(1077, 28, 'label_styles_border', '', 'label_styles_border', ''),
(1076, 28, 'label_styles_background-color', '', 'label_styles_background-color', ''),
(1075, 28, 'wrap_styles_advanced', '', 'wrap_styles_advanced', ''),
(1074, 28, 'wrap_styles_show_advanced_css', '0', 'wrap_styles_show_advanced_css', '0'),
(1073, 28, 'wrap_styles_float', '', 'wrap_styles_float', ''),
(1072, 28, 'wrap_styles_display', '', 'wrap_styles_display', ''),
(1071, 28, 'wrap_styles_padding', '', 'wrap_styles_padding', ''),
(1070, 28, 'wrap_styles_margin', '', 'wrap_styles_margin', ''),
(1069, 28, 'wrap_styles_font-size', '', 'wrap_styles_font-size', ''),
(1068, 28, 'wrap_styles_width', '', 'wrap_styles_width', ''),
(1067, 28, 'wrap_styles_height', '', 'wrap_styles_height', ''),
(1066, 28, 'wrap_styles_color', '', 'wrap_styles_color', ''),
(1065, 28, 'wrap_styles_border-color', '', 'wrap_styles_border-color', ''),
(1064, 28, 'wrap_styles_border-style', '', 'wrap_styles_border-style', ''),
(1063, 28, 'wrap_styles_border', '', 'wrap_styles_border', ''),
(1062, 28, 'wrap_styles_background-color', '', 'wrap_styles_background-color', ''),
(1061, 28, 'textarea_media', '', 'textarea_media', ''),
(1060, 28, 'disable_rte_mobile', '', 'disable_rte_mobile', ''),
(1059, 28, 'textarea_rte', '', 'textarea_rte', ''),
(1058, 28, 'disable_browser_autocomplete', '', 'disable_browser_autocomplete', ''),
(1057, 28, 'desc_text', '', 'desc_text', ''),
(1056, 28, 'help_text', '', 'help_text', ''),
(1055, 28, 'admin_label', '', 'admin_label', ''),
(1054, 28, 'disable_input', '', 'disable_input', ''),
(1053, 28, 'manual_key', '', 'manual_key', ''),
(1052, 28, 'input_limit_msg', 'Character(s) left', 'input_limit_msg', 'Character(s) left'),
(1051, 28, 'input_limit_type', 'characters', 'input_limit_type', 'characters'),
(1050, 28, 'input_limit', '', 'input_limit', ''),
(1049, 28, 'container_class', '', 'container_class', ''),
(1048, 28, 'editActive', '', 'editActive', ''),
(1047, 28, 'objectDomain', 'fields', 'objectDomain', 'fields'),
(1046, 28, 'objectType', 'Field', 'objectType', 'Field'),
(1045, 28, 'element_class', '', 'element_class', ''),
(1044, 28, 'wrapper_class', '', 'wrapper_class', ''),
(1043, 28, 'default', '', 'default', ''),
(1042, 28, 'placeholder', 'Message', 'placeholder', 'Message'),
(1041, 28, 'order', '5', 'order', '5'),
(1040, 28, 'required', '1', 'required', '1'),
(1039, 28, 'label_pos', 'above', 'label_pos', 'above'),
(1038, 28, 'created_at', '2016-08-24 16:39:20', 'created_at', '2016-08-24 16:39:20'),
(1037, 28, 'type', 'textarea', 'type', 'textarea'),
(1036, 28, 'parent_id', '4', 'parent_id', '4'),
(1035, 28, 'key', 'message', 'key', 'message'),
(1034, 28, 'label', 'Message', 'label', 'Message'),
(1033, 27, 'cellcid', 'c3281', 'cellcid', 'c3281'),
(1032, 27, 'element_styles_advanced', '', 'element_styles_advanced', ''),
(1031, 27, 'element_styles_show_advanced_css', '0', 'element_styles_show_advanced_css', '0'),
(1030, 27, 'element_styles_float', '', 'element_styles_float', ''),
(1029, 27, 'element_styles_display', '', 'element_styles_display', ''),
(1028, 27, 'element_styles_padding', '', 'element_styles_padding', ''),
(1027, 27, 'element_styles_margin', '', 'element_styles_margin', ''),
(1026, 27, 'element_styles_font-size', '', 'element_styles_font-size', ''),
(1025, 27, 'element_styles_width', '', 'element_styles_width', ''),
(1024, 27, 'element_styles_height', '', 'element_styles_height', ''),
(1023, 27, 'element_styles_color', '', 'element_styles_color', ''),
(1022, 27, 'element_styles_border-color', '', 'element_styles_border-color', ''),
(1021, 27, 'element_styles_border-style', '', 'element_styles_border-style', ''),
(1020, 27, 'element_styles_border', '', 'element_styles_border', ''),
(1019, 27, 'element_styles_background-color', '', 'element_styles_background-color', ''),
(1018, 27, 'label_styles_advanced', '', 'label_styles_advanced', ''),
(1017, 27, 'label_styles_show_advanced_css', '0', 'label_styles_show_advanced_css', '0'),
(1016, 27, 'label_styles_float', '', 'label_styles_float', ''),
(1015, 27, 'label_styles_display', '', 'label_styles_display', ''),
(1014, 27, 'label_styles_padding', '', 'label_styles_padding', ''),
(1013, 27, 'label_styles_margin', '', 'label_styles_margin', ''),
(1012, 27, 'label_styles_font-size', '', 'label_styles_font-size', ''),
(1011, 27, 'label_styles_width', '', 'label_styles_width', ''),
(1010, 27, 'label_styles_height', '', 'label_styles_height', ''),
(1009, 27, 'label_styles_color', '', 'label_styles_color', ''),
(1008, 27, 'label_styles_border-color', '', 'label_styles_border-color', ''),
(1007, 27, 'label_styles_border-style', '', 'label_styles_border-style', ''),
(1006, 27, 'label_styles_border', '', 'label_styles_border', ''),
(1005, 27, 'label_styles_background-color', '', 'label_styles_background-color', ''),
(1004, 27, 'wrap_styles_advanced', '', 'wrap_styles_advanced', ''),
(1003, 27, 'wrap_styles_show_advanced_css', '0', 'wrap_styles_show_advanced_css', '0'),
(1002, 27, 'wrap_styles_float', '', 'wrap_styles_float', ''),
(1001, 27, 'wrap_styles_display', '', 'wrap_styles_display', ''),
(1000, 27, 'wrap_styles_padding', '', 'wrap_styles_padding', ''),
(999, 27, 'wrap_styles_margin', '', 'wrap_styles_margin', ''),
(998, 27, 'wrap_styles_font-size', '', 'wrap_styles_font-size', ''),
(997, 27, 'wrap_styles_width', '', 'wrap_styles_width', ''),
(996, 27, 'wrap_styles_height', '', 'wrap_styles_height', ''),
(995, 27, 'wrap_styles_color', '', 'wrap_styles_color', ''),
(994, 27, 'wrap_styles_border-color', '', 'wrap_styles_border-color', ''),
(993, 27, 'wrap_styles_border-style', '', 'wrap_styles_border-style', ''),
(992, 27, 'wrap_styles_border', '', 'wrap_styles_border', ''),
(991, 27, 'wrap_styles_background-color', '', 'wrap_styles_background-color', ''),
(990, 27, 'desc_text', '', 'desc_text', ''),
(989, 27, 'help_text', '', 'help_text', ''),
(988, 27, 'admin_label', '', 'admin_label', ''),
(987, 27, 'container_class', '', 'container_class', ''),
(986, 27, 'editActive', '', 'editActive', ''),
(985, 27, 'objectDomain', 'fields', 'objectDomain', 'fields'),
(984, 27, 'objectType', 'Field', 'objectType', 'Field'),
(983, 27, 'element_class', '', 'element_class', ''),
(982, 27, 'wrapper_class', '', 'wrapper_class', ''),
(981, 27, 'default', '', 'default', ''),
(980, 27, 'placeholder', 'Email', 'placeholder', 'Email'),
(979, 27, 'order', '4', 'order', '4'),
(978, 27, 'required', '1', 'required', '1'),
(977, 27, 'label_pos', 'above', 'label_pos', 'above'),
(976, 27, 'created_at', '2016-08-24 16:39:20', 'created_at', '2016-08-24 16:39:20'),
(975, 27, 'type', 'email', 'type', 'email'),
(974, 27, 'parent_id', '4', 'parent_id', '4'),
(973, 27, 'key', 'email', 'key', 'email'),
(972, 27, 'label', 'Email', 'label', 'Email'),
(971, 26, 'cellcid', 'c3277', 'cellcid', 'c3277'),
(970, 26, 'element_styles_advanced', '', 'element_styles_advanced', ''),
(969, 26, 'element_styles_show_advanced_css', '0', 'element_styles_show_advanced_css', '0'),
(968, 26, 'element_styles_float', '', 'element_styles_float', ''),
(967, 26, 'element_styles_display', '', 'element_styles_display', ''),
(966, 26, 'element_styles_padding', '', 'element_styles_padding', ''),
(965, 26, 'element_styles_margin', '', 'element_styles_margin', ''),
(964, 26, 'element_styles_font-size', '', 'element_styles_font-size', ''),
(963, 26, 'element_styles_width', '', 'element_styles_width', ''),
(962, 26, 'element_styles_height', '', 'element_styles_height', ''),
(961, 26, 'element_styles_color', '', 'element_styles_color', ''),
(960, 26, 'element_styles_border-color', '', 'element_styles_border-color', ''),
(959, 26, 'element_styles_border-style', '', 'element_styles_border-style', ''),
(958, 26, 'element_styles_border', '', 'element_styles_border', ''),
(957, 26, 'element_styles_background-color', '', 'element_styles_background-color', ''),
(956, 26, 'label_styles_advanced', '', 'label_styles_advanced', ''),
(955, 26, 'label_styles_show_advanced_css', '0', 'label_styles_show_advanced_css', '0'),
(954, 26, 'label_styles_float', '', 'label_styles_float', ''),
(953, 26, 'label_styles_display', '', 'label_styles_display', ''),
(952, 26, 'label_styles_padding', '', 'label_styles_padding', ''),
(951, 26, 'label_styles_margin', '', 'label_styles_margin', ''),
(950, 26, 'label_styles_font-size', '', 'label_styles_font-size', ''),
(949, 26, 'label_styles_width', '', 'label_styles_width', ''),
(948, 26, 'label_styles_height', '', 'label_styles_height', ''),
(947, 26, 'label_styles_color', '', 'label_styles_color', ''),
(946, 26, 'label_styles_border-color', '', 'label_styles_border-color', ''),
(945, 26, 'label_styles_border-style', '', 'label_styles_border-style', ''),
(944, 26, 'label_styles_border', '', 'label_styles_border', ''),
(943, 26, 'label_styles_background-color', '', 'label_styles_background-color', ''),
(942, 26, 'wrap_styles_advanced', '', 'wrap_styles_advanced', ''),
(941, 26, 'wrap_styles_show_advanced_css', '0', 'wrap_styles_show_advanced_css', '0'),
(940, 26, 'wrap_styles_float', '', 'wrap_styles_float', ''),
(939, 26, 'wrap_styles_display', '', 'wrap_styles_display', ''),
(938, 26, 'wrap_styles_padding', '', 'wrap_styles_padding', ''),
(937, 26, 'wrap_styles_margin', '', 'wrap_styles_margin', ''),
(936, 26, 'wrap_styles_font-size', '', 'wrap_styles_font-size', ''),
(935, 26, 'wrap_styles_width', '', 'wrap_styles_width', ''),
(934, 26, 'wrap_styles_height', '', 'wrap_styles_height', ''),
(933, 26, 'wrap_styles_color', '', 'wrap_styles_color', ''),
(932, 26, 'wrap_styles_border-color', '', 'wrap_styles_border-color', ''),
(931, 26, 'wrap_styles_border-style', '', 'wrap_styles_border-style', ''),
(930, 26, 'wrap_styles_border', '', 'wrap_styles_border', ''),
(929, 26, 'wrap_styles_background-color', '', 'wrap_styles_background-color', ''),
(928, 26, 'custom_mask', '', 'custom_mask', ''),
(927, 26, 'mask', '', 'mask', ''),
(926, 26, 'disable_browser_autocomplete', '', 'disable_browser_autocomplete', ''),
(925, 26, 'desc_text', '', 'desc_text', ''),
(924, 26, 'help_text', '', 'help_text', ''),
(923, 26, 'admin_label', '', 'admin_label', ''),
(922, 26, 'disable_input', '', 'disable_input', ''),
(921, 26, 'manual_key', '', 'manual_key', ''),
(920, 26, 'input_limit_msg', 'Character(s) left', 'input_limit_msg', 'Character(s) left'),
(919, 26, 'input_limit_type', 'characters', 'input_limit_type', 'characters'),
(918, 26, 'input_limit', '', 'input_limit', ''),
(916, 26, 'editActive', '', 'editActive', ''),
(917, 26, 'container_class', '', 'container_class', ''),
(915, 26, 'objectDomain', 'fields', 'objectDomain', 'fields'),
(914, 26, 'objectType', 'Field', 'objectType', 'Field'),
(913, 26, 'element_class', '', 'element_class', ''),
(912, 26, 'wrapper_class', '', 'wrapper_class', ''),
(911, 26, 'default', '', 'default', ''),
(909, 26, 'order', '2', 'order', '2'),
(910, 26, 'placeholder', 'Nom', 'placeholder', 'Nom'),
(908, 26, 'required', '1', 'required', '1'),
(907, 26, 'label_pos', 'above', 'label_pos', 'above'),
(906, 26, 'created_at', '2016-08-24 16:39:20', 'created_at', '2016-08-24 16:39:20'),
(905, 26, 'type', 'textbox', 'type', 'textbox'),
(903, 26, 'key', 'nom_1615178069660', 'key', 'nom_1615178069660'),
(904, 26, 'parent_id', '4', 'parent_id', '4'),
(902, 26, 'label', 'Nom', 'label', 'Nom');

-- --------------------------------------------------------

--
-- Structure de la table `wp_nf3_forms`
--

CREATE TABLE IF NOT EXISTS `wp_nf3_forms` (
  `id` int(11) NOT NULL AUTO_INCREMENT,
  `title` longtext,
  `key` longtext,
  `created_at` timestamp NULL DEFAULT NULL,
  `updated_at` datetime DEFAULT NULL,
  `views` int(11) DEFAULT NULL,
  `subs` int(11) DEFAULT NULL,
  `form_title` longtext,
  `default_label_pos` varchar(15) DEFAULT NULL,
  `show_title` bit(1) DEFAULT NULL,
  `clear_complete` bit(1) DEFAULT NULL,
  `hide_complete` bit(1) DEFAULT NULL,
  `logged_in` bit(1) DEFAULT NULL,
  `seq_num` int(11) DEFAULT NULL,
  UNIQUE KEY `id` (`id`)
) ENGINE=MyISAM AUTO_INCREMENT=5 DEFAULT CHARSET=utf8mb4;

--
-- Déchargement des données de la table `wp_nf3_forms`
--

INSERT INTO `wp_nf3_forms` (`id`, `title`, `key`, `created_at`, `updated_at`, `views`, `subs`, `form_title`, `default_label_pos`, `show_title`, `clear_complete`, `hide_complete`, `logged_in`, `seq_num`) VALUES
(4, 'Contact Me', NULL, '2016-08-24 15:39:20', NULL, NULL, NULL, 'Contact Me', 'above', b'0', b'1', b'1', b'0', 11);

-- --------------------------------------------------------

--
-- Structure de la table `wp_nf3_form_meta`
--

CREATE TABLE IF NOT EXISTS `wp_nf3_form_meta` (
  `id` int(11) NOT NULL AUTO_INCREMENT,
  `parent_id` int(11) NOT NULL,
  `key` longtext NOT NULL,
  `value` longtext,
  `meta_key` longtext,
  `meta_value` longtext,
  UNIQUE KEY `id` (`id`)
) ENGINE=MyISAM AUTO_INCREMENT=349 DEFAULT CHARSET=utf8mb4;

--
-- Déchargement des données de la table `wp_nf3_form_meta`
--

INSERT INTO `wp_nf3_form_meta` (`id`, `parent_id`, `key`, `value`, `meta_key`, `meta_value`) VALUES
(313, 4, 'success-msg_styles_margin', '', 'success-msg_styles_margin', ''),
(312, 4, 'success-msg_styles_font-size', '', 'success-msg_styles_font-size', ''),
(311, 4, 'success-msg_styles_width', '', 'success-msg_styles_width', ''),
(310, 4, 'success-msg_styles_height', '', 'success-msg_styles_height', ''),
(309, 4, 'success-msg_styles_color', '', 'success-msg_styles_color', ''),
(308, 4, 'success-msg_styles_border-color', '', 'success-msg_styles_border-color', ''),
(307, 4, 'success-msg_styles_border-style', '', 'success-msg_styles_border-style', ''),
(306, 4, 'success-msg_styles_border', '', 'success-msg_styles_border', ''),
(305, 4, 'success-msg_styles_background-color', '', 'success-msg_styles_background-color', ''),
(304, 4, 'row-odd_styles_advanced', '', 'row-odd_styles_advanced', ''),
(303, 4, 'row-odd_styles_show_advanced_css', '0', 'row-odd_styles_show_advanced_css', '0'),
(302, 4, 'row-odd_styles_display', '', 'row-odd_styles_display', ''),
(301, 4, 'row-odd_styles_padding', '', 'row-odd_styles_padding', ''),
(300, 4, 'row-odd_styles_margin', '', 'row-odd_styles_margin', ''),
(299, 4, 'row-odd_styles_font-size', '', 'row-odd_styles_font-size', ''),
(298, 4, 'row-odd_styles_width', '', 'row-odd_styles_width', ''),
(297, 4, 'row-odd_styles_height', '', 'row-odd_styles_height', ''),
(296, 4, 'row-odd_styles_color', '', 'row-odd_styles_color', ''),
(295, 4, 'row-odd_styles_border-color', '', 'row-odd_styles_border-color', ''),
(281, 4, 'row_styles_border-style', '', 'row_styles_border-style', ''),
(282, 4, 'row_styles_border-color', '', 'row_styles_border-color', ''),
(283, 4, 'row_styles_color', '', 'row_styles_color', ''),
(284, 4, 'row_styles_height', '', 'row_styles_height', ''),
(285, 4, 'row_styles_width', '', 'row_styles_width', ''),
(286, 4, 'row_styles_font-size', '', 'row_styles_font-size', ''),
(287, 4, 'row_styles_margin', '', 'row_styles_margin', ''),
(288, 4, 'row_styles_padding', '', 'row_styles_padding', ''),
(289, 4, 'row_styles_display', '', 'row_styles_display', ''),
(290, 4, 'row_styles_show_advanced_css', '0', 'row_styles_show_advanced_css', '0'),
(291, 4, 'row_styles_advanced', '', 'row_styles_advanced', ''),
(292, 4, 'row-odd_styles_background-color', '', 'row-odd_styles_background-color', ''),
(293, 4, 'row-odd_styles_border', '', 'row-odd_styles_border', ''),
(294, 4, 'row-odd_styles_border-style', '', 'row-odd_styles_border-style', ''),
(280, 4, 'row_styles_border', '', 'row_styles_border', ''),
(279, 4, 'row_styles_background-color', '', 'row_styles_background-color', ''),
(278, 4, 'title_styles_advanced', '', 'title_styles_advanced', ''),
(277, 4, 'title_styles_show_advanced_css', '0', 'title_styles_show_advanced_css', '0'),
(276, 4, 'title_styles_float', '', 'title_styles_float', ''),
(275, 4, 'title_styles_display', '', 'title_styles_display', ''),
(274, 4, 'title_styles_padding', '', 'title_styles_padding', ''),
(273, 4, 'title_styles_margin', '', 'title_styles_margin', ''),
(272, 4, 'title_styles_font-size', '', 'title_styles_font-size', ''),
(271, 4, 'title_styles_width', '', 'title_styles_width', ''),
(270, 4, 'title_styles_height', '', 'title_styles_height', ''),
(269, 4, 'title_styles_color', '', 'title_styles_color', ''),
(268, 4, 'title_styles_border-color', '', 'title_styles_border-color', ''),
(267, 4, 'title_styles_border-style', '', 'title_styles_border-style', ''),
(266, 4, 'title_styles_border', '', 'title_styles_border', ''),
(265, 4, 'title_styles_background-color', '', 'title_styles_background-color', ''),
(264, 4, 'container_styles_advanced', '', 'container_styles_advanced', ''),
(263, 4, 'container_styles_show_advanced_css', '0', 'container_styles_show_advanced_css', '0'),
(262, 4, 'container_styles_float', '', 'container_styles_float', ''),
(261, 4, 'container_styles_display', '', 'container_styles_display', ''),
(260, 4, 'container_styles_padding', '', 'container_styles_padding', ''),
(259, 4, 'container_styles_margin', '', 'container_styles_margin', ''),
(258, 4, 'container_styles_font-size', '', 'container_styles_font-size', ''),
(257, 4, 'container_styles_width', '', 'container_styles_width', ''),
(256, 4, 'container_styles_height', '', 'container_styles_height', ''),
(255, 4, 'container_styles_color', '', 'container_styles_color', ''),
(254, 4, 'container_styles_border-color', '', 'container_styles_border-color', ''),
(253, 4, 'container_styles_border-style', '', 'container_styles_border-style', ''),
(252, 4, 'container_styles_border', '', 'container_styles_border', ''),
(332, 4, 'allow_public_link', '0', 'allow_public_link', '0'),
(251, 4, 'container_styles_background-color', '', 'container_styles_background-color', ''),
(333, 4, 'embed_form', '', 'embed_form', ''),
(334, 4, 'currency', '', 'currency', ''),
(335, 4, 'repeatable_fieldsets', '', 'repeatable_fieldsets', ''),
(336, 4, 'unique_field_error', 'Un formulaire avec cette valeur a déjà été envoyé.', 'unique_field_error', 'Un formulaire avec cette valeur a déjà été envoyé.'),
(337, 4, 'changeEmailErrorMsg', '', 'changeEmailErrorMsg', ''),
(338, 4, 'changeDateErrorMsg', '', 'changeDateErrorMsg', ''),
(339, 4, 'confirmFieldErrorMsg', '', 'confirmFieldErrorMsg', ''),
(340, 4, 'fieldNumberNumMinError', '', 'fieldNumberNumMinError', ''),
(341, 4, 'fieldNumberNumMaxError', '', 'fieldNumberNumMaxError', ''),
(342, 4, 'fieldNumberIncrementBy', '', 'fieldNumberIncrementBy', ''),
(250, 4, 'formContentData', 'a:6:{i:0;s:24:\"listselect_1615179073231\";i:1;s:17:\"nom_1615178069660\";i:2;s:19:\"phone_1615178130311\";i:3;s:5:\"email\";i:4;s:7:\"message\";i:5;s:21:\"envoyer_1615179052811\";}', 'formContentData', 'a:6:{i:0;s:24:\"listselect_1615179073231\";i:1;s:17:\"nom_1615178069660\";i:2;s:19:\"phone_1615178130311\";i:3;s:5:\"email\";i:4;s:7:\"message\";i:5;s:21:\"envoyer_1615179052811\";}'),
(249, 4, 'calculations', 'a:0:{}', 'calculations', 'a:0:{}'),
(248, 4, 'sub_limit_msg', '', 'sub_limit_msg', ''),
(247, 4, 'sub_limit_number', '', 'sub_limit_number', ''),
(246, 4, 'not_logged_in_msg', '', 'not_logged_in_msg', ''),
(244, 4, 'add_submit', '1', 'add_submit', '1'),
(245, 4, 'logged_in', '0', 'logged_in', '0'),
(243, 4, 'element_class', '', 'element_class', ''),
(242, 4, 'wrapper_class', '', 'wrapper_class', ''),
(241, 4, 'hide_complete', '1', 'hide_complete', '1'),
(240, 4, 'clear_complete', '1', 'clear_complete', '1'),
(239, 4, 'show_title', '0', 'show_title', '0'),
(238, 4, 'editActive', '1', 'editActive', '1'),
(237, 4, 'objectType', 'Form Setting', 'objectType', 'Form Setting'),
(236, 4, 'conditions', 'a:0:{}', 'conditions', 'a:0:{}'),
(235, 4, 'default_label_pos', 'above', 'default_label_pos', 'above'),
(233, 4, 'key', '', 'key', ''),
(234, 4, 'created_at', '2016-08-24 16:39:20', 'created_at', '2016-08-24 16:39:20'),
(232, 4, 'title', 'Contact Me', 'title', 'Contact Me'),
(314, 4, 'success-msg_styles_padding', '', 'success-msg_styles_padding', ''),
(315, 4, 'success-msg_styles_display', '', 'success-msg_styles_display', ''),
(316, 4, 'success-msg_styles_show_advanced_css', '0', 'success-msg_styles_show_advanced_css', '0'),
(317, 4, 'success-msg_styles_advanced', '', 'success-msg_styles_advanced', ''),
(318, 4, 'error_msg_styles_background-color', '', 'error_msg_styles_background-color', ''),
(319, 4, 'error_msg_styles_border', '', 'error_msg_styles_border', ''),
(320, 4, 'error_msg_styles_border-style', '', 'error_msg_styles_border-style', ''),
(321, 4, 'error_msg_styles_border-color', '', 'error_msg_styles_border-color', ''),
(322, 4, 'error_msg_styles_color', '', 'error_msg_styles_color', ''),
(323, 4, 'error_msg_styles_height', '', 'error_msg_styles_height', ''),
(324, 4, 'error_msg_styles_width', '', 'error_msg_styles_width', ''),
(325, 4, 'error_msg_styles_font-size', '', 'error_msg_styles_font-size', ''),
(326, 4, 'error_msg_styles_margin', '', 'error_msg_styles_margin', ''),
(327, 4, 'error_msg_styles_padding', '', 'error_msg_styles_padding', ''),
(328, 4, 'error_msg_styles_display', '', 'error_msg_styles_display', ''),
(329, 4, 'error_msg_styles_show_advanced_css', '0', 'error_msg_styles_show_advanced_css', '0'),
(330, 4, 'error_msg_styles_advanced', '', 'error_msg_styles_advanced', ''),
(331, 4, 'seq_num', NULL, 'seq_num', NULL),
(343, 4, 'formErrorsCorrectErrors', '', 'formErrorsCorrectErrors', ''),
(344, 4, 'validateRequiredField', '', 'validateRequiredField', ''),
(345, 4, 'honeypotHoneypotError', '', 'honeypotHoneypotError', ''),
(346, 4, 'fieldsMarkedRequired', '', 'fieldsMarkedRequired', ''),
(347, 4, 'drawerDisabled', '', 'drawerDisabled', ''),
(348, 4, '_seq_num', '11', '_seq_num', '11');

-- --------------------------------------------------------

--
-- Structure de la table `wp_nf3_objects`
--

