CREATE TABLE IF NOT EXISTS `wp_users` (
  `ID` bigint(20) UNSIGNED NOT NULL AUTO_INCREMENT,
  `user_login` varchar(60) COLLATE utf8mb4_unicode_520_ci NOT NULL DEFAULT '',
  `user_pass` varchar(255) COLLATE utf8mb4_unicode_520_ci NOT NULL DEFAULT '',
  `user_nicename` varchar(50) COLLATE utf8mb4_unicode_520_ci NOT NULL DEFAULT '',
  `user_email` varchar(100) COLLATE utf8mb4_unicode_520_ci NOT NULL DEFAULT '',
  `user_url` varchar(100) COLLATE utf8mb4_unicode_520_ci NOT NULL DEFAULT '',
  `user_registered` datetime NOT NULL DEFAULT '0000-00-00 00:00:00',
  `user_activation_key` varchar(255) COLLATE utf8mb4_unicode_520_ci NOT NULL DEFAULT '',
  `user_status` int(11) NOT NULL DEFAULT '0',
  `display_name` varchar(250) COLLATE utf8mb4_unicode_520_ci NOT NULL DEFAULT '',
  PRIMARY KEY (`ID`),
  KEY `user_login_key` (`user_login`),
  KEY `user_nicename` (`user_nicename`),
  KEY `user_email` (`user_email`)
) ENGINE=MyISAM AUTO_INCREMENT=4 DEFAULT CHARSET=utf8mb4 COLLATE=utf8mb4_unicode_520_ci;

--
-- Déchargement des données de la table `wp_users`
--

INSERT INTO `wp_users` (`ID`, `user_login`, `user_pass`, `user_nicename`, `user_email`, `user_url`, `user_registered`, `user_activation_key`, `user_status`, `display_name`) VALUES
(1, 'admin', '$P$BygdiBZkzou7B7fB9xidynGzp0IDEy.', 'admin', 'infos@closdanthonyresidence.net', 'https:closdanthonyresidence.net', '2020-10-30 16:01:51', '', 0, 'admin');

-- --------------------------------------------------------

--
-- Structure de la table `wp_wc_admin_notes`
--

CREATE TABLE IF NOT EXISTS `wp_wc_admin_notes` (
  `note_id` bigint(20) UNSIGNED NOT NULL AUTO_INCREMENT,
  `name` varchar(255) COLLATE utf8mb4_unicode_520_ci NOT NULL,
  `type` varchar(20) COLLATE utf8mb4_unicode_520_ci NOT NULL,
  `locale` varchar(20) COLLATE utf8mb4_unicode_520_ci NOT NULL,
  `title` longtext COLLATE utf8mb4_unicode_520_ci NOT NULL,
  `content` longtext COLLATE utf8mb4_unicode_520_ci NOT NULL,
  `content_data` longtext COLLATE utf8mb4_unicode_520_ci,
  `status` varchar(200) COLLATE utf8mb4_unicode_520_ci NOT NULL,
  `source` varchar(200) COLLATE utf8mb4_unicode_520_ci NOT NULL,
  `date_created` datetime NOT NULL DEFAULT '0000-00-00 00:00:00',
  `date_reminder` datetime DEFAULT NULL,
  `is_snoozable` tinyint(1) NOT NULL DEFAULT '0',
  `layout` varchar(20) COLLATE utf8mb4_unicode_520_ci NOT NULL DEFAULT '',
  `image` varchar(200) COLLATE utf8mb4_unicode_520_ci DEFAULT NULL,
  `is_deleted` tinyint(1) NOT NULL DEFAULT '0',
  `icon` varchar(200) COLLATE utf8mb4_unicode_520_ci NOT NULL DEFAULT 'info',
  PRIMARY KEY (`note_id`)
) ENGINE=MyISAM AUTO_INCREMENT=116 DEFAULT CHARSET=utf8mb4 COLLATE=utf8mb4_unicode_520_ci;

--
-- Déchargement des données de la table `wp_wc_admin_notes`
--

INSERT INTO `wp_wc_admin_notes` (`note_id`, `name`, `type`, `locale`, `title`, `content`, `content_data`, `status`, `source`, `date_created`, `date_reminder`, `is_snoozable`, `layout`, `image`, `is_deleted`, `icon`) VALUES
(1, 'wc-admin-onboarding-email-marketing', 'info', 'en_US', 'Tips, product updates, and inspiration', 'We\'re here for you - get tips, product updates and inspiration straight to your email box', '{}', 'unactioned', 'woocommerce-admin', '2022-03-05 18:43:30', NULL, 0, 'plain', '', 0, 'info'),
(2, 'wc-admin-marketing-intro', 'info', 'en_US', 'Connect with your audience', 'Grow your customer base and increase your sales with marketing tools built for WooCommerce.', '{}', 'unactioned', 'woocommerce-admin', '2022-03-05 18:43:30', NULL, 0, 'plain', '', 0, 'info'),
(3, 'wc-admin-wc-helper-connection', 'info', 'en_US', 'Connect to WooCommerce.com', 'Connect to get important product notifications and updates.', '{}', 'unactioned', 'woocommerce-admin', '2022-03-05 18:43:30', NULL, 0, 'plain', '', 0, 'info'),
(4, 'new_in_app_marketplace_2021', 'info', 'en_US', 'Customize your store with extensions', 'Check out our NEW Extensions tab to see our favorite extensions for customizing your store, and discover the most popular extensions in the WooCommerce Marketplace.', '{}', 'pending', 'woocommerce.com', '2022-03-04 13:43:30', NULL, 0, 'plain', '', 0, 'info'),
(5, 'wayflyer_bnpl_q4_2021', 'marketing', 'en_US', 'Grow your business with funding through Wayflyer', 'Fast, flexible financing to boost cash flow and help your business grow – one fee, no interest rates, penalties, equity, or personal guarantees. Based on your store’s performance, Wayflyer provides funding and analytical insights to invest in your business.', '{}', 'pending', 'woocommerce.com', '2022-03-04 09:43:30', NULL, 0, 'plain', '', 0, 'info'),
(6, 'wc_shipping_mobile_app_usps_q4_2021', 'marketing', 'en_US', 'Print and manage your shipping labels with WooCommerce Shipping and the WooCommerce Mobile App', 'Save time by printing, purchasing, refunding, and tracking shipping labels generated by <a href=\"https://woocommerce.com/woocommerce-shipping/\">WooCommerce Shipping</a> – all directly from your mobile device!', '{}', 'pending', 'woocommerce.com', '2022-03-04 09:43:30', NULL, 0, 'plain', '', 0, 'info'),
(7, 'wc_shipping_mobile_app_q4_2021', 'marketing', 'en_US', 'Print and manage your shipping labels with the WooCommerce Mobile App', 'Save time by printing, purchasing, refunding, and tracking shipping labels generated by <a href=\"https://woocommerce.com/woocommerce-shipping/\">WooCommerce Shipping</a> – all directly from your mobile device!', '{}', 'pending', 'woocommerce.com', '2022-03-05 08:43:30', NULL, 0, 'plain', '', 0, 'info'),
(8, 'ecomm-need-help-setting-up-your-store', 'info', 'en_US', 'Need help setting up your Store?', 'Schedule a free 30-min <a href=\"https://wordpress.com/support/concierge-support/\">quick start session</a> and get help from our specialists. We’re happy to walk through setup steps, show you around the WordPress.com dashboard, troubleshoot any issues you may have, and help you the find the features you need to accomplish your goals for your site.', '{}', 'pending', 'woocommerce.com', '2022-03-05 08:43:30', NULL, 0, 'plain', '', 0, 'info'),
(9, 'woocommerce-services', 'info', 'en_US', 'WooCommerce Shipping & Tax', 'WooCommerce Shipping &amp; Tax helps get your store \"ready to sell\" as quickly as possible. You create your products. We take care of tax calculation, payment processing, and shipping label printing! Learn more about the extension that you just installed.', '{}', 'unactioned', 'woocommerce.com', '2022-03-04 15:47:31', NULL, 0, 'plain', '', 0, 'info'),
(10, 'ecomm-unique-shopping-experience', 'info', 'en_US', 'For a shopping experience as unique as your customers', 'Product Add-Ons allow your customers to personalize products while they\'re shopping on your online store. No more follow-up email requests—customers get what they want, before they\'re done checking out. Learn more about this extension that comes included in your plan.', '{}', 'pending', 'woocommerce.com', '2022-03-05 08:43:30', NULL, 0, 'plain', '', 0, 'info'),
(11, 'wc-admin-getting-started-in-ecommerce', 'info', 'en_US', 'Getting Started in eCommerce - webinar', 'We want to make eCommerce and this process of getting started as easy as possible for you. Watch this webinar to get tips on how to have our store up and running in a breeze.', '{}', 'pending', 'woocommerce.com', '2022-03-05 08:43:30', NULL, 0, 'plain', '', 0, 'info'),
(12, 'your-first-product', 'info', 'en_US', 'Your first product', 'That’s huge! You’re well on your way to building a successful online store — now it’s time to think about how you’ll fulfill your orders.<br /><br />Read our shipping guide to learn best practices and options for putting together your shipping strategy. And for WooCommerce stores in the United States, you can print discounted shipping labels via USPS with <a href=\"https://href.li/?https://woocommerce.com/shipping\" target=\"_blank\">WooCommerce Shipping</a>.', '{}', 'pending', 'woocommerce.com', '2022-03-04 09:43:30', NULL, 0, 'plain', '', 0, 'info'),
(13, 'wc-admin-optimizing-the-checkout-flow', 'info', 'en_US', 'Optimizing the checkout flow', 'It’s crucial to get your store’s checkout as smooth as possible to avoid losing sales. Let’s take a look at how you can optimize the checkout experience for your shoppers.', '{}', 'pending', 'woocommerce.com', '2022-03-04 09:43:30', NULL, 0, 'plain', '', 0, 'info'),
(14, 'wc-admin-first-five-things-to-customize', 'info', 'en_US', 'The first 5 things to customize in your store', 'Deciding what to start with first is tricky. To help you properly prioritize, we’ve put together this short list of the first few things you should customize in WooCommerce.', '{}', 'unactioned', 'woocommerce.com', '2022-03-22 05:10:21', NULL, 0, 'plain', '', 0, 'info'),
(15, 'wc-payments-qualitative-feedback', 'info', 'en_US', 'WooPayments setup - let us know what you think', 'Congrats on enabling WooPayments for your store. Please share your feedback in this 2 minute survey to help us improve the setup process.', '{}', 'pending', 'woocommerce.com', '2022-03-04 09:43:30', NULL, 0, 'plain', '', 0, 'info'),
(16, 'share-your-feedback-on-paypal', 'info', 'en_US', 'Share your feedback on PayPal', 'Share your feedback in this 2 minute survey about how we can make the process of accepting payments more useful for your store.', '{}', 'pending', 'woocommerce.com', '2022-03-04 09:43:30', NULL, 0, 'plain', '', 0, 'info'),
(17, 'google_listings_and_ads_install', 'marketing', 'en_US', 'Drive traffic and sales with Google', 'Reach online shoppers to drive traffic and sales for your store by showcasing products across Google, for free or with ads.', '{}', 'pending', 'woocommerce.com', '2022-03-04 09:43:30', NULL, 0, 'plain', '', 0, 'info'),
(18, 'wc-subscriptions-security-update-3-0-15', 'info', 'en_US', 'WooCommerce Subscriptions security update!', 'We recently released an important security update to WooCommerce Subscriptions. To ensure your site’s data is protected, please upgrade <strong>WooCommerce Subscriptions to version 3.0.15</strong> or later.<br /><br />Click the button below to view and update to the latest Subscriptions version, or log in to <a href=\"https://woocommerce.com/my-dashboard\">WooCommerce.com Dashboard</a> and navigate to your <strong>Downloads</strong> page.<br /><br />We recommend always using the latest version of WooCommerce Subscriptions, and other software running on your site, to ensure maximum security.<br /><br />If you have any questions we are here to help — just <a href=\"https://woocommerce.com/my-account/create-a-ticket/\">open a ticket</a>.', '{}', 'pending', 'woocommerce.com', '2022-03-04 09:43:30', NULL, 0, 'plain', '', 0, 'info'),
(19, 'woocommerce-core-update-5-4-0', 'info', 'en_US', 'Update to WooCommerce 5.4.1 now', 'WooCommerce 5.4.1 addresses a checkout issue discovered in WooCommerce 5.4. We recommend upgrading to WooCommerce 5.4.1 as soon as possible.', '{}', 'pending', 'woocommerce.com', '2022-03-04 09:43:30', NULL, 0, 'plain', '', 0, 'info'),
(20, 'wcpay-promo-2020-11', 'marketing', 'en_US', 'wcpay-promo-2020-11', 'wcpay-promo-2020-11', '{}', 'pending', 'woocommerce.com', '2022-03-04 09:43:30', NULL, 0, 'plain', '', 0, 'info'),
(21, 'wcpay-promo-2020-12', 'marketing', 'en_US', 'wcpay-promo-2020-12', 'wcpay-promo-2020-12', '{}', 'pending', 'woocommerce.com', '2022-03-04 09:43:30', NULL, 0, 'plain', '', 0, 'info'),
(22, 'ppxo-pps-upgrade-paypal-payments-1', 'info', 'en_US', 'Get the latest PayPal extension for WooCommerce', 'Heads up! There’s a new PayPal on the block!<br /><br />Now is a great time to upgrade to our latest <a href=\"https://woocommerce.com/products/woocommerce-paypal-payments/\" target=\"_blank\">PayPal extension</a> to continue to receive support and updates with PayPal.<br /><br />Get access to a full suite of PayPal payment methods, extensive currency and country coverage, and pay later options with the all-new PayPal extension for WooCommerce.', '{}', 'pending', 'woocommerce.com', '2022-03-04 09:43:30', NULL, 0, 'plain', '', 0, 'info'),
(23, 'ppxo-pps-upgrade-paypal-payments-2', 'info', 'en_US', 'Upgrade your PayPal experience!', 'Get access to a full suite of PayPal payment methods, extensive currency and country coverage, offer subscription and recurring payments, and the new PayPal pay later options.<br /><br />Start using our <a href=\"https://woocommerce.com/products/woocommerce-paypal-payments/\" target=\"_blank\">latest PayPal today</a> to continue to receive support and updates.', '{}', 'pending', 'woocommerce.com', '2022-03-04 09:43:31', NULL, 0, 'plain', '', 0, 'info'),
(24, 'woocommerce-core-sqli-july-2021-need-to-update', 'update', 'en_US', 'Action required: Critical vulnerabilities in WooCommerce', 'In response to a critical vulnerability identified on July 13, 2021, we are working with the WordPress Plugins Team to deploy software updates to stores running WooCommerce (versions 3.3 to 5.5) and the WooCommerce Blocks feature plugin (versions 2.5 to 5.5).<br /><br />Our investigation into this vulnerability is ongoing, but <strong>we wanted to let you know now about the importance of updating immediately</strong>.<br /><br />For more information on which actions you should take, as well as answers to FAQs, please urgently review our blog post detailing this issue.', '{}', 'pending', 'woocommerce.com', '2022-03-04 09:43:31', NULL, 0, 'plain', '', 0, 'info'),
(25, 'woocommerce-blocks-sqli-july-2021-need-to-update', 'update', 'en_US', 'Action required: Critical vulnerabilities in WooCommerce Blocks', 'In response to a critical vulnerability identified on July 13, 2021, we are working with the WordPress Plugins Team to deploy software updates to stores running WooCommerce (versions 3.3 to 5.5) and the WooCommerce Blocks feature plugin (versions 2.5 to 5.5).<br /><br />Our investigation into this vulnerability is ongoing, but <strong>we wanted to let you know now about the importance of updating immediately</strong>.<br /><br />For more information on which actions you should take, as well as answers to FAQs, please urgently review our blog post detailing this issue.', '{}', 'pending', 'woocommerce.com', '2022-03-04 09:43:31', NULL, 0, 'plain', '', 0, 'info'),
(26, 'woocommerce-core-sqli-july-2021-store-patched', 'update', 'en_US', 'Solved: Critical vulnerabilities patched in WooCommerce', 'In response to a critical vulnerability identified on July 13, 2021, we worked with the WordPress Plugins Team to deploy software updates to stores running WooCommerce (versions 3.3 to 5.5) and the WooCommerce Blocks feature plugin (versions 2.5 to 5.5).<br /><br /><strong>Your store has been updated to the latest secure version(s)</strong>. For more information and answers to FAQs, please review our blog post detailing this issue.', '{}', 'pending', 'woocommerce.com', '2022-03-04 09:43:31', NULL, 0, 'plain', '', 0, 'info'),
(27, 'woocommerce-blocks-sqli-july-2021-store-patched', 'update', 'en_US', 'Solved: Critical vulnerabilities patched in WooCommerce Blocks', 'In response to a critical vulnerability identified on July 13, 2021, we worked with the WordPress Plugins Team to deploy software updates to stores running WooCommerce (versions 3.3 to 5.5) and the WooCommerce Blocks feature plugin (versions 2.5 to 5.5).<br /><br /><strong>Your store has been updated to the latest secure version(s)</strong>. For more information and answers to FAQs, please review our blog post detailing this issue.', '{}', 'pending', 'woocommerce.com', '2022-03-04 09:43:31', NULL, 0, 'plain', '', 0, 'info'),
(28, 'habit-moment-survey', 'marketing', 'en_US', 'We’re all ears! Share your experience so far with WooCommerce', 'We’d love your input to shape the future of WooCommerce together. Feel free to share any feedback, ideas or suggestions that you have.', '{}', 'pending', 'woocommerce.com', '2022-03-04 09:43:31', NULL, 0, 'plain', '', 0, 'info'),
(29, 'ecomm-wc-navigation-survey', 'info', 'en_US', 'We’d like your feedback on the WooCommerce navigation', 'We’re making improvements to the WooCommerce navigation and would love your feedback. Share your experience in this 2 minute survey.', '{}', 'pending', 'woocommerce.com', '2022-03-04 20:43:31', NULL, 0, 'plain', '', 0, 'info'),
(30, 'wcpay_applepay_q1_2022', 'marketing', 'en_US', 'Increase conversions with Apple Pay – just like Diane does', 'See how Diane from <a href=\"https://woocommerce.com/posts/lady-dye-yarns-from-crafts-to-activism-with-woocommerce/?utm_source=product&amp;utm_medium=inboxnotification&amp;utm_campaign=apple-pay\" target=\"_blank\">Lady Dye Yarns</a> uses Apple Pay to provide customers with the fast, secure checkout experience they love. You can, too – Apple Pay is included in WooCommerce Payments. Here\'s how you can increase conversions by encouraging shoppers to pay with a single tap.', '{}', 'pending', 'woocommerce.com', '2022-03-05 11:43:31', NULL, 0, 'plain', '', 0, 'info'),
(31, 'stripe_applepay_q1_2022', 'marketing', 'en_US', 'Increase conversions with Apple Pay – just like Thomas does', 'Read the inspirational story of <a href=\"https://woocommerce.com/posts/incredible-story-of-thomas-trendy-socks-down-syndrome-entrepreneur/?utm_source=product&amp;utm_medium=inboxnotification&amp;utm_campaign=apple-pay\" target=\"_blank\">Thomas\'s Trendy Socks</a> and see how he’s using Apple Pay to provide customers with the fast, secure checkout experience they love. You can, too – ready to turn more visitors into buyers? Accept Apple Pay by selecting Enable express checkouts in Settings &gt; Payments &gt; Stripe.', '{}', 'pending', 'woocommerce.com', '2022-03-05 11:43:31', NULL, 0, 'plain', '', 0, 'info'),
(32, 'square_applepay_q1_2022', 'marketing', 'en_US', 'Increase conversions with a faster checkout experience', 'By enabling Apple Pay in Square, your customers can complete purchases quickly and securely with a single touch or a glance – no lengthy checkout forms necessary. Accept Apple Pay by enabling Digital Wallets within Settings &gt; Payments &gt; Square.', '{}', 'pending', 'woocommerce.com', '2022-03-05 11:43:31', NULL, 0, 'plain', '', 0, 'info'),
(33, 'wc-admin-install-jp-and-wcs-plugins', 'info', 'en_US', 'Il y a eu un problème lors de l’installation de Jetpack et de WooCommerce Shipping et Tax. Veuillez essayer à nouveau.', 'Il y a eu un problème lors de l’installation de Jetpack et de WooCommerce Shipping &amp; Tax. Veuillez essayer à nouveau et profitez de tous les avantages d’avoir les extensions connectées à votre boutique ! Les extensions Jetpack et WooCommerce Shipping &amp; Tax seront installées et activées gratuitement.', '{}', 'unactioned', 'woocommerce-admin', '2022-03-05 18:47:29', NULL, 0, 'plain', '', 0, 'info'),
(34, 'wc-admin-mobile-app', 'info', 'en_US', 'Installer l’application mobile Woo', 'Installez l’application mobile WooCommerce pour gérer les commandes, recevoir des notifications de vente et afficher les statistiques principales où que vous soyez.', '{}', 'unactioned', 'woocommerce-admin', '2022-03-22 09:10:17', NULL, 0, 'plain', '', 0, 'info'),
(35, 'wc-admin-usage-tracking-opt-in', 'info', 'en_US', 'Aider WooCommerce à améliorer ses services grâce au suivi de l’utilisation', 'Récupérer les données d’utilisation nous permet d’améliorer WooCommerce. Votre boutique sera prise en compte lors de l’évaluation des nouvelles fonctionnalités et de la qualité d’une mise à jour, ou pour déterminer l’intérêt d’une amélioration. Vous pouvez toujours consulter les <a href=\"http://localhost/closdanthonyresidence.com/wp-admin/admin.php?page=wc-settings&#038;tab=advanced&#038;section=woocommerce_com\" target=\"_blank\">Paramètres</a> et choisir d’interrompre le partage des données. <a href=\"https://woocommerce.com/usage-tracking\" target=\"_blank\">En savoir plus</a> sur les données que nous collectons.', '{}', 'unactioned', 'woocommerce-admin', '2022-03-22 09:10:17', NULL, 0, 'plain', '', 0, 'info'),
(36, 'wc-admin-onboarding-payments-reminder', 'info', 'en_US', 'Commencer à accepter les paiements sur votre boutique !', 'Accepter les paiements avec le fournisseur qui vous convient, parmi plus de 100 passerelles de paiement pour WooCommerce.', '{}', 'unactioned', 'woocommerce-admin', '2022-03-22 09:10:17', NULL, 0, 'plain', '', 0, 'info'),
(37, 'wc-admin-store-notice-giving-feedback-2', 'info', 'en_US', 'Donner des commentaires', 'Maintenant que vous nous avez choisis comme partenaire, notre objectif est de nous assurer que nous vous fournissons les bons outils pour répondre à vos besoins. Nous sommes impatients de recevoir vos commentaires sur votre expérience de conception de la boutique pour que nous puissions l’améliorer à l’avenir.', '{}', 'unactioned', 'woocommerce-admin', '2022-03-22 09:10:17', NULL, 0, 'plain', '', 0, 'info'),
(38, 'wc-admin-insight-first-sale', 'survey', 'en_US', 'Le saviez-vous ?', 'Une boutique optimisée par WooCommerce nécessite en moyenne 31 jours pour réaliser sa première vente. Vous êtes sur la bonne voie ! Trouvez-vous ce type d’information utile ?', '{}', 'unactioned', 'woocommerce-admin', '2022-03-22 09:10:18', NULL, 0, 'plain', '', 0, 'info'),
(39, 'wc-admin-home-screen-feedback', 'info', 'en_US', 'Aidez-nous à améliorer l’écran d’accueil de WooCommerce', 'Nous aimerions votre contribution pour concevoir ensemble l’écran d’accueil de WooCommerce. N’hésitez pas à partager vos commentaires, idées ou suggestions avec nous.', '{}', 'unactioned', 'woocommerce-admin', '2022-03-22 09:10:18', NULL, 0, 'plain', '', 0, 'info'),
(40, 'woocommerce-core-paypal-march-2022-updated', 'update', 'en_US', 'Security auto-update of WooCommerce', '<strong>Your store has been updated to the latest secure version of WooCommerce</strong>. We worked with WordPress to deploy PayPal Standard security updates for stores running WooCommerce (version 3.5 to 6.3). It’s recommended to disable PayPal Standard, and use <a href=\"https://woocommerce.com/products/woocommerce-paypal-payments/\" target=\"_blank\">PayPal Payments</a> to accept PayPal.', '{}', 'pending', 'woocommerce.com', '2022-03-21 06:10:21', NULL, 0, 'plain', '', 0, 'info'),
(41, 'woocommerce-core-paypal-march-2022-updated-nopp', 'update', 'en_US', 'Security auto-update of WooCommerce', '<strong>Your store has been updated to the latest secure version of WooCommerce</strong>. We worked with WordPress to deploy security updates related to PayPal Standard payment gateway for stores running WooCommerce (version 3.5 to 6.3).', '{}', 'pending', 'woocommerce.com', '2022-03-21 06:10:21', NULL, 0, 'plain', '', 0, 'info'),
(42, 'pinterest_03_2022_update', 'marketing', 'en_US', 'Your Pinterest for WooCommerce plugin is out of date!', 'Update to the latest version of Pinterest for WooCommerce to continue using this plugin and keep your store connected with Pinterest. To update, visit <strong>Plugins &gt; Installed Plugins</strong>, and click on “update now” under Pinterest for WooCommerce.', '{}', 'pending', 'woocommerce.com', '2022-04-30 16:48:01', NULL, 0, 'plain', '', 0, 'info'),
(43, 'pinterest_gtm_q2_2021', 'marketing', 'en_US', 'Get your products in front of a large, engaged audience', 'Did you know that shoppers on Pinterest spend twice as much as people on other social platforms? With the new, official Pinterest for WooCommerce, you can turn your product catalog into shoppable Pins and showcase them to 400+ million monthly users looking to buy.', '{}', 'unactioned', 'woocommerce.com', '2022-05-02 16:48:01', NULL, 0, 'plain', '', 0, 'info'),
(44, 'setup_task_initiative_survey_q2_2022', 'survey', 'en_US', 'We want to know what matters most to you', 'Take 2 minutes to give us your input on what is important for you while setting up your store and help shape the future of WooCommerce together.', '{}', 'unactioned', 'woocommerce.com', '2022-05-02 14:48:01', NULL, 0, 'plain', '', 0, 'info'),
(45, 'woocommerce_payments_subscriptions_nopayments_q2_2022', 'marketing', 'en_US', 'Sell subscriptions online – without a paid extension', 'Say hello to WooCommerce Payments – now with built-in subscriptions functionality. Get free access to the features you need to start earning recurring revenue online. Pay as you go, with no setup costs or monthly fees.', '{}', 'pending', 'woocommerce.com', '2022-05-02 16:48:01', NULL, 0, 'plain', '', 0, 'info'),
(46, 'woocommerce_payments_subscriptions_yespayments_q2_2022', 'marketing', 'en_US', 'Sell subscriptions online – no extra extension required', 'It\'s here! WooCommerce Payments now features built-in subscriptions functionality. No need to install an extra, paid extension – we\'ve made it simpler than ever to start earning recurring revenue. Ready to grow your business?', '{}', 'pending', 'woocommerce.com', '2022-05-02 16:48:01', NULL, 0, 'plain', '', 0, 'info'),
(47, 'wc-admin-real-time-order-alerts', 'info', 'en_US', 'Obtenir des alertes de commande en temps réel n’importe où', 'Obtenez des notifications sur l’activité de votre boutique, notamment des nouvelles commandes et des avis sur vos produits, directement sur vos appareils mobiles grâce à l’application Woo.', '{}', 'unactioned', 'woocommerce-admin', '2022-07-14 15:55:34', NULL, 0, 'plain', '', 0, 'info'),
(48, 'store_setup_survey_survey_q2_2022', 'survey', 'en_US', 'How is your store setup going?', 'Our goal is to make sure you have all the right tools to start setting up your store in the smoothest way possible.\r\nWe’d love to know if we hit our mark and how we can improve. To collect your thoughts, we made a 2-minute survey.', '{}', 'pending', 'woocommerce.com', '2022-07-12 17:55:38', NULL, 0, 'plain', '', 0, 'info'),
(49, 'wc-admin-wisepad3', 'marketing', 'en_US', 'Take your business on the go in Canada with WooCommerce In-Person Payments', 'Quickly create new orders, accept payment in person for orders placed online, and automatically sync your inventory – no matter where your business takes you. With WooCommerce In-Person Payments and the WisePad 3 card reader, you can bring the power of your store anywhere.', '{}', 'pending', 'woocommerce.com', '2022-07-13 01:55:38', NULL, 0, 'plain', '', 0, 'info'),
(50, 'wc-admin-manage-orders-on-the-go', 'info', 'en_US', 'Gérez vos commandes à la volée', 'Recherchez des commandes et des informations sur les clients, et effectuez des remboursements en un clic à l’aide de l’application Woo.', '{}', 'unactioned', 'woocommerce-admin', '2022-11-08 20:38:04', NULL, 0, 'plain', '', 0, 'info'),
(51, 'woocommerce-payments-august-2022-need-to-update', 'update', 'en_US', 'Action required: Please update WooCommerce Payments', 'An updated secure version of WooCommerce Payments is available – please ensure that you’re using the latest patch version. For more information on what action you need to take, please review the article below.', '{}', 'pending', 'woocommerce.com', '2022-11-10 16:37:01', NULL, 0, 'plain', '', 0, 'info'),
(52, 'woocommerce-payments-august-2022-store-patched', 'update', 'en_US', 'WooCommerce Payments has been automatically updated', 'You’re now running the latest secure version of WooCommerce Payments. We’ve worked with the WordPress Plugins team to deploy a security update to stores running WooCommerce Payments (version 3.9 to 4.5). For further information, please review the article below.', '{}', 'pending', 'woocommerce.com', '2022-11-10 16:37:01', NULL, 0, 'plain', '', 0, 'info'),
(53, 'shipping_category_q4_2022', 'marketing', 'en_US', 'Save time on shipping', 'Is your store all set to ship? Save valuable time (and money!) by automating your fulfillment process for the busiest shopping season. Explore our range of trusted shipping partners to get started.', '{}', 'pending', 'woocommerce.com', '2022-11-11 05:37:01', NULL, 0, 'plain', '', 0, 'info'),
(54, 'woocommerce_admin_deprecation_q4_2022', 'info', 'en_US', 'WooCommerce Admin is part of WooCommerce!', 'To make sure your store continues to run smoothly, check that WooCommerce is up-to-date – at least version 6.5 – and then disable the WooCommerce Admin plugin.', '{}', 'pending', 'woocommerce.com', '2022-11-10 22:37:01', NULL, 0, 'plain', '', 0, 'info'),
(55, 'tiktok-targeted-q4-2022', 'marketing', 'en_US', 'Get $200 in ad credit from TikTok after you spend $20 on your first campaign', 'Reach one billion shoppers with TikTok for WooCommerce this holiday season! Sync your product catalog, capture insights, and create ad campaigns right from your dashboard. Connect your store today to unlock this limited time offer! <a href=\"https://ads.tiktok.com/help/article?aid=10011326\">Terms &amp; conditions apply</a>.', '{}', 'pending', 'woocommerce.com', '2022-11-10 23:37:01', NULL, 0, 'plain', '', 0, 'info'),
(56, 'paypal_paylater_g3_q4_22', 'marketing', 'en_US', 'Transformez les visiteurs en acheteurs avec le Paiement en 4X', 'Ajoutez PayPal à vos modes de paiement et proposez notre Paiement en 4X. Disponible dans les Paiements PayPal, le Paiement en 4X vous permet de recevoir votre paiement immédiatement, tandis que vos clients paient en plusieurs fois. Augmentez le panier moyen et boostez vos ventes, sans frais supplémentaires pour vous.', '{}', 'pending', 'woocommerce.com', '2022-11-10 22:37:01', NULL, 0, 'plain', '', 0, 'info'),
(57, 'paypal_paylater_g2_q4_22', 'marketing', 'en_US', 'Upgrade to PayPal Payments to offer Pay Later at checkout', 'PayPal Pay Later is included in PayPal Payments at no additional cost to you. Customers can spread their payments over time while you get paid up front. \r\nThere’s never been a better time to upgrade your PayPal plugin. Simply download it and connect with a PayPal Business account.', '{}', 'pending', 'woocommerce.com', '2022-11-10 22:37:01', NULL, 0, 'plain', '', 0, 'info'),
(58, 'wc-admin-performance-on-mobile', 'info', 'en_US', 'Suivre les performances de votre boutique sur mobile', 'Suivez vos ventes et performances de vos produits avec l’application Woo.', '{}', 'unactioned', 'woocommerce-admin', '2022-12-02 09:27:01', NULL, 0, 'plain', '', 0, 'info'),
(59, 'google_listings_ads_custom_attribute_mapping_q4_2022', 'marketing', 'en_US', 'Our latest improvement to the Google Listings & Ads extension: Attribute Mapping', 'You spoke, we listened. This new feature enables you to easily upload your products, customize your product attributes in one place, and target shoppers with more relevant ads. Extend how far your ad dollars go with each campaign.', '{}', 'pending', 'woocommerce.com', '2022-12-01 19:27:04', NULL, 0, 'plain', '', 0, 'info'),
(60, 'wc-admin-manualauthcapture', 'marketing', 'en_US', 'Miss fewer manual payments in WooCommerce Payments', 'Using WooCommerce Payments to manually authorize and capture payments? We’ve introduced a simplified and more efficient process, so you can miss fewer payments and continue to grow your revenue.', '{}', 'pending', 'woocommerce.com', '2022-12-02 02:27:04', NULL, 0, 'plain', '', 0, 'info'),
(61, 'apple_pay_square_q422', 'marketing', 'en_US', 'Grow your business with Apple Pay', 'Start boosting your online conversions today with Apple Pay – shoppers can safely complete a purchase with a touch or a glance and are more likely to come back. Enable Apple Pay with Square by selecting  Settings &gt; Payments &gt; Square.', '{}', 'pending', 'woocommerce.com', '2022-12-07 12:54:21', NULL, 0, 'plain', '', 0, 'info'),
(62, 'apple_pay_wcpay_q422', 'marketing', 'en_US', 'Grow your business with Apple Pay', 'Start boosting your online conversions today with Apple Pay – shoppers can safely complete a purchase with a touch or a glance and are more likely to come back. Confirm Apple Pay is enabled by selecting Payments &gt; Settings and making sure Enable express checkouts is checked.', '{}', 'pending', 'woocommerce.com', '2022-12-07 12:54:21', NULL, 0, 'plain', '', 0, 'info'),
(63, 'meta-noFB-dec-q4-2022', 'marketing', 'en_US', 'Create highly targeted Facebook ads with Facebook for WooCommerce', 'Sync your product catalog to create Facebook ads and track their performance – all from within your WooCommerce dashboard. With improved tracking signals and speed, plus more accurate tracking with the introduction of Meta’s Conversion API, you’ll have all the tools you need to run effective ad campaigns.', '{}', 'unactioned', 'woocommerce.com', '2022-12-13 11:33:37', NULL, 0, 'plain', '', 0, 'info'),
(64, 'needs-update-eway-payment-gateway-rin-2022-12-20', 'update', 'en_US', 'Security vulnerability patched in WooCommerce Eway Gateway', 'In response to a potential vulnerability identified in WooCommerce Eway Gateway versions 3.1.0 to 3.5.0, we’ve worked to deploy security fixes and have released an updated version.\r\nNo external exploits have been detected, but we recommend you update to your latest supported version 3.1.26, 3.2.3, 3.3.1, 3.4.6, or 3.5.1', '{}', 'pending', 'woocommerce.com', '2023-01-29 08:45:04', NULL, 0, 'plain', '', 0, 'info'),
(65, 'updated-eway-payment-gateway-rin-2022-12-20', 'update', 'en_US', 'WooCommerce Eway Gateway has been automatically updated', 'Your store is now running the latest secure version of WooCommerce Eway Gateway. We worked with the WordPress Plugins team to deploy a software update to stores running WooCommerce Eway Gateway (versions 3.1.0 to 3.5.0) in response to a security vulnerability that was discovered.', '{}', 'pending', 'woocommerce.com', '2023-01-29 08:45:04', NULL, 0, 'plain', '', 0, 'info'),
(66, 'ecomm-wc-navigation-survey-2023', 'info', 'en_US', 'Navigating WooCommerce on WordPress.com', 'We are improving the WooCommerce navigation on WordPress.com and would love your help to make it better! Please share your experience with us in this 2-minute survey.', '{}', 'pending', 'woocommerce.com', '2023-01-29 08:45:05', NULL, 0, 'plain', '', 0, 'info'),
(67, 'wc-admin-edit-products-on-the-move', 'info', 'en_US', 'Modifier les produits en étant mobile', 'Modifier et créer des nouveaux produits depuis votre application mobile avec l’application WooCommerce', '{}', 'unactioned', 'woocommerce-admin', '2023-04-19 16:34:03', NULL, 0, 'plain', '', 0, 'info'),
(68, 'google_listings_ads_pmax_i1_q1_2023_no_gla', 'marketing', 'en_US', 'Create more engaging ads – without the hard work', 'Get in front of millions of shoppers searching for products like yours with Google Listings &amp; Ads. With new customization features, Google automatically tests multiple combinations of text and images to create the most engaging ad to boost your business. Plus, get up to $500 in ad credit – terms and conditions apply.', '{}', 'unactioned', 'woocommerce.com', '2023-04-19 06:34:05', NULL, 0, 'plain', '', 0, 'info'),
(69, 'google_listings_ads_pmax_i1_q1_2023_with_gla', 'marketing', 'en_US', 'New customization features to boost your business', 'You can now add custom images, messaging, and URLs to campaigns in Google Listings &amp; Ads. Google then automatically tests multiple combinations to create the most engaging version to help boost your business. Get more sales with dynamic content – edit an existing campaign or create a new ad now.', '{}', 'pending', 'woocommerce.com', '2023-04-19 06:34:05', NULL, 0, 'plain', '', 0, 'info'),
(70, 'woocommerce-wcpay-march-2023-update-needed', 'update', 'en_US', 'Action required: Security update for WooCommerce Payments', '<strong>Your store requires a security update for WooCommerce Payments</strong>. Please update to the latest version of WooCommerce Payments immediately to address a potential vulnerability discovered on March 22. For more information on how to update, visit this WooCommerce Developer Blog Post.', '{}', 'pending', 'woocommerce.com', '2023-04-18 22:34:05', NULL, 0, 'plain', '', 0, 'info'),
(71, 'tap_to_pay_iphone_q2_2023_no_wcpay', 'marketing', 'en_US', 'Accept in-person contactless payments on your iPhone', 'Tap to Pay on iPhone and WooCommerce Payments is quick, secure, and simple to set up — no extra terminals or card readers are needed. Accept contactless debit and credit cards, Apple Pay, and other NFC digital wallets in person.', '{}', 'unactioned', 'woocommerce.com', '2023-04-18 22:34:05', NULL, 0, 'plain', '', 0, 'info'),
(72, 'tap_to_pay_iphone_q2_2023_with_wcpay', 'marketing', 'en_US', 'New: accept in-person contactless payments on your iPhone', 'Tap to Pay on iPhone is quick, secure, and simple to set up in WooCommerce Payments — no extra terminals or card readers are needed. Accept contactless debit and credit cards, Apple Pay, and other NFC digital wallets in person in a few short steps!', '{}', 'pending', 'woocommerce.com', '2023-04-19 06:34:05', NULL, 0, 'plain', '', 0, 'info'),
(73, 'woocommerce-WCPreOrders-april-2023-update-needed', 'update', 'en_US', 'Action required: Security update of WooCommerce Pre-Orders extension', '<strong>Your store requires a security update for the WooCommerce Pre-Orders extension</strong>. Please update the WooCommerce Pre-Orders extension immediately to address a potential vulnerability discovered on April 11.', '{}', 'pending', 'woocommerce.com', '2023-04-18 22:34:05', NULL, 0, 'plain', '', 0, 'info'),
(74, 'wc-admin-wcpay-denmark-Q2-2023', 'marketing', 'en_US', 'WooCommerce Payments is now available in Denmark!', 'We’ve recently released WooCommerce Payments in Denmark. You can view and manage transactions right in your WordPress dashboard while securely accepting major cards, Apple Pay, and payments in over 100 currencies.', '{}', 'pending', 'woocommerce.com', '2023-04-19 06:34:05', NULL, 0, 'plain', '', 0, 'info'),
(75, 'wc-admin-wcpay-greece-Q2-2023', 'marketing', 'en_US', 'WooCommerce Payments is now available in Greece!', 'We’ve recently released WooCommerce Payments in Greece. You can view and manage transactions right in your WordPress dashboard while securely accepting major cards, Apple Pay, and payments in over 100 currencies.', '{}', 'pending', 'woocommerce.com', '2023-04-19 06:34:05', NULL, 0, 'plain', '', 0, 'info'),
(76, 'wc-admin-wcpay-norway-Q2-2023', 'marketing', 'en_US', 'WooCommerce Payments is now available in Norway!', 'We’ve recently released WooCommerce Payments in Norway. You can view and manage transactions right in your WordPress dashboard while securely accepting major cards, Apple Pay, and payments in over 100 currencies.', '{}', 'pending', 'woocommerce.com', '2023-04-19 06:34:05', NULL, 0, 'plain', '', 0, 'info'),
(77, 'wc-admin-wcpay-slovakia-Q2-2023', 'marketing', 'en_US', 'WooCommerce Payments is now available in Slovakia!', 'We’ve recently released WooCommerce Payments in Slovakia. You can view and manage transactions right in your WordPress dashboard while securely accepting major cards, Apple Pay, and payments in over 100 currencies.', '{}', 'pending', 'woocommerce.com', '2023-04-19 06:34:05', NULL, 0, 'plain', '', 0, 'info'),
(78, 'wc-admin-wcpay-finland-Q2-2023', 'marketing', 'en_US', 'WooCommerce Payments is now available in Finland!', 'We’ve recently released WooCommerce Payments in Finland. You can view and manage transactions right in your WordPress dashboard while securely accepting major cards, Apple Pay, and payments in over 100 currencies.', '{}', 'pending', 'woocommerce.com', '2023-04-19 06:34:05', NULL, 0, 'plain', '', 0, 'info'),
(79, 'wc-admin-wcpay-estonia-Q2-2023', 'marketing', 'en_US', 'WooCommerce Payments is now available in Estonia!', 'We’ve recently released WooCommerce Payments in Estonia. You can view and manage transactions right in your WordPress dashboard while securely accepting major cards, Apple Pay, and payments in over 100 currencies.', '{}', 'pending', 'woocommerce.com', '2023-04-19 06:34:05', NULL, 0, 'plain', '', 0, 'info'),
(80, 'wc-admin-wcpay-lithuania-Q2-2023', 'marketing', 'en_US', 'WooCommerce Payments is now available in Lithuania!', 'We’ve recently released WooCommerce Payments in Lithuania. You can view and manage transactions right in your WordPress dashboard while securely accepting major cards, Apple Pay, and payments in over 100 currencies.', '{}', 'pending', 'woocommerce.com', '2023-04-19 06:34:05', NULL, 0, 'plain', '', 0, 'info'),
(81, 'wc-admin-wcpay-slovenia-Q2-2023', 'marketing', 'en_US', 'WooCommerce Payments is now available in Slovenia!', 'We’ve recently released WooCommerce Payments in Slovenia. You can view and manage transactions right in your WordPress dashboard while securely accepting major cards, Apple Pay, and payments in over 100 currencies.', '{}', 'pending', 'woocommerce.com', '2023-04-19 06:34:05', NULL, 0, 'plain', '', 0, 'info'),
(82, 'wc-admin-wcpay-latvia-Q2-2023', 'marketing', 'en_US', 'WooCommerce Payments is now available in Latvia!', 'We’ve recently released WooCommerce Payments in Latvia. You can view and manage transactions right in your WordPress dashboard while securely accepting major cards, Apple Pay, and payments in over 100 currencies.', '{}', 'pending', 'woocommerce.com', '2023-04-19 06:34:05', NULL, 0, 'plain', '', 0, 'info'),
(83, 'wc-admin-wcpay-cyprus-Q2-2023', 'marketing', 'en_US', 'WooCommerce Payments is now available in Cyprus!', 'We’ve recently released WooCommerce Payments in Cyprus. You can view and manage transactions right in your WordPress dashboard while securely accepting major cards, Apple Pay, and payments in over 100 currencies.', '{}', 'pending', 'woocommerce.com', '2023-04-19 06:34:05', NULL, 0, 'plain', '', 0, 'info'),
(84, 'wc-admin-wcpay-malta-Q2-2023', 'marketing', 'en_US', 'WooCommerce Payments is now available in Malta!', 'We’ve recently released WooCommerce Payments in Malta. You can view and manage transactions right in your WordPress dashboard while securely accepting major cards, Apple Pay, and payments in over 100 currencies.', '{}', 'pending', 'woocommerce.com', '2023-04-19 06:34:05', NULL, 0, 'plain', '', 0, 'info'),
(85, 'wc-admin-wcpay-luxembourg-Q2-2023', 'marketing', 'en_US', 'WooCommerce Payments is now available in Luxembourg!', 'We’ve recently released WooCommerce Payments in Luxembourg. You can view and manage transactions right in your WordPress dashboard while securely accepting major cards, Apple Pay, and payments in over 100 currencies.', '{}', 'pending', 'woocommerce.com', '2023-04-19 06:34:05', NULL, 0, 'plain', '', 0, 'info'),
(86, 'woopay-beta-merchantrecruitment-04MAY23', 'info', 'en_US', 'Increase conversions with WooPay — our fastest checkout yet', 'WooPay, a new express checkout feature built into WooCommerce Payments, is now available —and we’re inviting you to be one of the first to try it. \r\n<br><br>\r\nBoost conversions by offering your customers a simple, secure way to pay with a single click.\r\n<br><br>\r\nGet started in seconds.', '{}', 'pending', 'woocommerce.com', '2023-05-09 18:11:24', NULL, 0, 'plain', '', 0, 'info'),
(87, 'wc_admin_BNPL_WCPay_coming-soon_Q1_2023', 'marketing', 'en_US', 'Buy now, pay later is heading to WooCommerce Payments', 'Great news: full integration with Afterpay and Affirm is on its way to WooCommerce Payments! You’ll soon be able to increase your order values, sell more, and offer customers a payment option they’ll love — with no extra downloads or extensions required.', '{}', 'pending', 'woocommerce.com', '2023-05-10 04:11:24', NULL, 0, 'plain', '', 0, 'info'),
(88, 'woopay-beta-merchantrecruitment-update-04MAY23', 'info', 'en_US', 'Increase conversions with WooPay — our fastest checkout yet', 'WooPay, a new express checkout feature built into WooCommerce Payments, is now available — and you’re invited to try it. \r\n<br /><br />\r\nBoost conversions by offering your customers a simple, secure way to pay with a single click.\r\n<br /><br />\r\nUpdate WooCommerce Payments to get started.', '{}', 'pending', 'woocommerce.com', '2023-05-09 18:11:24', NULL, 0, 'plain', '', 0, 'info'),
(89, 'woopay-beta-existingmerchants-noaction-27APR23', 'info', 'en_US', 'WooPay is back!', 'Thanks for previously trying WooPay, the express checkout feature built into WooCommerce Payments. We’re excited to announce that WooPay availability has resumed. No action is required on your part.\r\n<br /><br />\r\nYou can now continue boosting conversions by offering your customers a simple, secure way to pay with a single click.', '{}', 'pending', 'woocommerce.com', '2023-05-09 18:11:24', NULL, 0, 'plain', '', 0, 'info'),
(90, 'woopay-beta-existingmerchants-update-27APR23', 'info', 'en_US', 'WooPay is back!', 'Thanks for previously trying WooPay, the express checkout feature built into WooCommerce Payments. We’re excited to announce that WooPay availability has resumed.\r\n<br /><br />\r\n\r\nUpdate to the latest WooCommerce Payments version to continue boosting conversions by offering your customers a simple, secure way to pay with a single click.', '{}', 'pending', 'woocommerce.com', '2023-05-09 18:11:24', NULL, 0, 'plain', '', 0, 'info'),
(91, 'woopay-beta-merchantrecruitment-short-04MAY23', 'info', 'en_US', 'Increase conversions with WooPay — our fastest checkout yet', 'Be one of the first to try WooPay, a new express checkout feature for WooCommerce Payments. \r\n<br><br>\r\nBoost conversions by letting customers pay with a single click.', '{}', 'pending', 'woocommerce.com', '2023-05-09 18:11:24', NULL, 0, 'plain', '', 0, 'info'),
(92, 'woopay-beta-merchantrecruitment-short-update-04MAY23', 'info', 'en_US', 'Increase conversions with WooPay — our fastest checkout yet', 'Be one of the first to try WooPay, our new express checkout feature. <br>Boost conversions by letting customers pay with a single click. <br><br>Update to the latest version of WooCommerce Payments to get started.', '{}', 'pending', 'woocommerce.com', '2023-05-09 18:11:24', NULL, 0, 'plain', '', 0, 'info'),
(93, 'woopay-beta-merchantrecruitment-short-06MAY23-TESTA', 'info', 'en_US', 'Increase conversions with WooPay — our fastest checkout yet', 'Be one of the first to try WooPay, a new express checkout feature for WooCommerce Payments. \r\n<br><br>\r\nBoost conversions by letting customers pay with a single click.', '{}', 'pending', 'woocommerce.com', '2023-05-09 18:11:24', NULL, 0, 'plain', '', 0, 'info'),
(94, 'woopay-beta-merchantrecruitment-short-06MAY23-TESTB', 'info', 'en_US', 'Increase conversions with WooPay — our fastest checkout yet', 'Be one of the first to try WooPay, a new express checkout feature for WooCommerce Payments. \r\n<br><br>\r\nBoost conversions by letting customers pay with a single click.', '{}', 'pending', 'woocommerce.com', '2023-05-09 18:11:24', NULL, 0, 'plain', '', 0, 'info'),
(95, 'woopay-beta-merchantrecruitment-short-06MAY23-TESTC', 'info', 'en_US', 'Increase conversions with WooPay — our fastest checkout yet', 'Be one of the first to try WooPay, a new express checkout feature for WooCommerce Payments. \r\n<br><br>\r\nBoost conversions by letting customers pay with a single click.', '{}', 'pending', 'woocommerce.com', '2023-05-09 18:11:24', NULL, 0, 'plain', '', 0, 'info'),
(96, 'woopay-beta-merchantrecruitment-short-06MAY23-TESTD', 'info', 'en_US', 'Increase conversions with WooPay — our fastest checkout yet', 'Be one of the first to try WooPay, a new express checkout feature for WooCommerce Payments. \r\n<br><br>\r\nBoost conversions by letting customers pay with a single click.', '{}', 'pending', 'woocommerce.com', '2023-05-09 18:11:24', NULL, 0, 'plain', '', 0, 'info'),
(97, 'woopay-beta-merchantrecruitment-short-09MAY23', 'info', 'en_US', 'Increase conversions with WooPay — our fastest checkout yet', 'Be one of the first to try WooPay, a new express checkout feature for WooCommerce Payments. \r\n<br><br>\r\nBoost conversions by letting customers pay with a single click.', '{}', 'pending', 'woocommerce.com', '2023-05-09 18:11:24', NULL, 0, 'plain', '', 0, 'info'),
(98, 'woopay-beta-merchantrecruitment-short-update-09MAY23', 'info', 'en_US', 'Increase conversions with WooPay — our fastest checkout yet', 'Be one of the first to try WooPay, our new express checkout feature. <br>Boost conversions by letting customers pay with a single click. <br><br>Update to the latest version of WooCommerce Payments to get started.', '{}', 'pending', 'woocommerce.com', '2023-05-09 18:11:24', NULL, 0, 'plain', '', 0, 'info'),
(99, 'payoneer_q2_2023', 'marketing', 'en_US', 'Grow with the next generation of payment processing', 'Ready to stand out in the new global economy? Payoneer Checkout gives you the power to securely accept payments worldwide, build a checkout that customers love, and manage your store’s transactions and finances – all from the same place.', '{}', 'pending', 'woocommerce.com', '2023-05-18 11:24:55', NULL, 0, 'plain', '', 0, 'info'),
(100, 'ipp_refresh_q2_2023_us_inbox_notification', 'marketing', 'en_US', 'Grow on the go with in-person payments', 'Sell your products or services on the go with the M2 card reader – a quick, synchronized, and secure way to take payments, no matter where you are. Create an order using the WooCommerce mobile app and connect your card reader to accept payments.', '{}', 'pending', 'woocommerce.com', '2023-05-18 11:24:55', NULL, 0, 'plain', '', 0, 'info'),
(101, 'ipp_refresh_q2_2023_ca_inbox_notification', 'marketing', 'en_US', 'Grow on the go with in-person payments', 'Sell your products or services on the go with the WisePad 3 card reader – a quick, synchronized, and secure way to take payments, no matter where you are. Create an order using the WooCommerce mobile app and connect your card reader to accept payments.', '{}', 'pending', 'woocommerce.com', '2023-05-18 11:24:55', NULL, 0, 'plain', '', 0, 'info'),
(102, 'woocommerce-WCSubscriptions-June-2023-updated-needed', 'marketing', 'en_US', 'Action required: Security update of WooCommerce Subscriptions', '<strong>Your store requires a security update for the WooCommerce Subscriptions plugin</strong>. Please update the WooCommerce Subscriptions plugin immediately to address a potential vulnerability.', '{}', 'pending', 'woocommerce.com', '2025-06-02 13:44:51', NULL, 0, 'plain', '', 0, 'info'),
(103, 'woocommerce-WCReturnsWarranty-June-2023-updated-needed', 'update', 'en_US', 'Action required: Security update of WooCommerce Returns and Warranty Requests extension', '<strong>Your store requires a security update for the Returns and Warranty Requests extension</strong>.  Please update to the latest version of the WooCommerce Returns and Warranty Requests extension immediately to address a potential vulnerability discovered on May 31.', '{}', 'pending', 'woocommerce.com', '2025-06-02 13:44:51', NULL, 0, 'plain', '', 0, 'info'),
(104, 'woocommerce-WCOPC-June-2023-updated-needed', 'update', 'en_US', 'Action required: Security update of WooCommerce One Page Checkout', '<strong>Your shop requires a security update to address a vulnerability in the WooCommerce One Page Checkout extension</strong>. The fix for this vulnerability was released for this extension on June 13th. Please update immediately.', '{}', 'pending', 'woocommerce.com', '2025-06-02 13:44:51', NULL, 0, 'plain', '', 0, 'info'),
(105, 'woocommerce-WCGC-July-2023-update-needed', 'update', 'en_US', 'Action required: Security update of WooCommerce GoCardless Extension', '<strong>Your shop requires a security update to address a vulnerability in the WooCommerce GoCardless extension</strong>. The fix for this vulnerability was released on July 4th. Please update immediately.', '{}', 'pending', 'woocommerce.com', '2025-06-02 13:44:51', NULL, 0, 'plain', '', 0, 'info'),
(106, 'woocommerce-shipping-fedex-api-outage-2023-07-16', 'warning', 'en_US', 'Scheduled FedEx API outage — July 2023', 'On July 16 there will be a full outage of the FedEx API from 04:00 to 08:00 AM UTC. Due to planned maintenance by FedEx, you\'ll be unable to provide FedEx shipping rates during this time. Follow the link below for more information and recommendations on how to minimize impact.', '{}', 'pending', 'woocommerce.com', '2025-06-02 13:44:51', NULL, 0, 'plain', '', 0, 'info'),
(107, 'wcship-2023-07-hazmat-update-needed', 'update', 'en_US', 'Action required: USPS HAZMAT compliance update for WooCommerce Shipping & Tax extension', '<strong>Your store requires an update for the WooCommerce Shipping extension</strong>. Please update to the latest version of the WooCommerce Shipping &amp; Tax extension immediately to ensure compliance with new USPS HAZMAT rules currently in effect.', '{}', 'pending', 'woocommerce.com', '2025-06-02 13:44:51', NULL, 0, 'plain', '', 0, 'info'),
(108, 'woocommerce-WCStripe-Aug-2023-update-needed', 'update', 'en_US', 'Action required: Security update for WooCommerce Stripe plugin', '<strong>Your shop requires an important security update for the  WooCommerce Stripe plugin</strong>. The fix for this vulnerability was released on July 31. Please update immediately.', '{}', 'pending', 'woocommerce.com', '2025-06-02 13:44:51', NULL, 0, 'plain', '', 0, 'info');
INSERT INTO `wp_wc_admin_notes` (`note_id`, `name`, `type`, `locale`, `title`, `content`, `content_data`, `status`, `source`, `date_created`, `date_reminder`, `is_snoozable`, `layout`, `image`, `is_deleted`, `icon`) VALUES
(109, 'woocommerce-WCStripe-Aug-2023-security-updated', 'update', 'en_US', 'Security update of WooCommerce Stripe plugin', '<strong>Your store has been updated to the latest secure version of the WooCommerce Stripe plugin</strong>. This update was released on July 31.', '{}', 'pending', 'woocommerce.com', '2025-06-02 13:44:51', NULL, 0, 'plain', '', 0, 'info'),
(110, 'woocommerce-WooPayments-Aug-2023-security-updated', 'update', 'en_US', 'Security update of WooPayments (WooCommerce Payments) plugin', '<strong>Your store has been updated to the more secure version of WooPayments (WooCommerce Payments)</strong>. This update was released on July 31.', '{}', 'pending', 'woocommerce.com', '2025-06-02 13:44:51', NULL, 0, 'plain', '', 0, 'info'),
(111, 'avalara_q3-2023_noAvaTax', 'marketing', 'en_US', 'Automatically calculate VAT in real time', 'Take the effort out of determining tax rates and sell confidently across borders with automated tax management from Avalara AvaTax— including built-in VAT calculation when you sell into or across the EU and UK. Save time and stay compliant when you let Avalara do the heavy lifting.', '{}', 'pending', 'woocommerce.com', '2025-06-02 13:44:51', NULL, 0, 'plain', '', 0, 'info'),
(112, 'woocommerce-usermeta-Sept2023-productvendors', 'update', 'en_US', 'Your store requires a security update', '<strong>Your shop needs an update to address a vulnerability in WooCommerce.</strong> The fix was released on Sept 15. Please update WooCommerce to the latest version immediately. <a href=\"https://developer.woocommerce.com/2023/09/16/woocommerce-vulnerability-reintroduced-from-7-0-1/\" />Read our developer update</a> for more information.', '{}', 'pending', 'woocommerce.com', '2025-06-02 13:44:51', NULL, 0, 'plain', '', 0, 'info'),
(113, 'woocommerce-STRIPE-Oct-2023-update-needed', 'update', 'en_US', 'Action required: Security update for WooCommerce Stripe Gateway', '<strong>Your shop requires a security update to address a vulnerability in the WooCommerce Stripe Gateway</strong>. The fix for this vulnerability was released on October 17. Please update immediately.', '{}', 'pending', 'woocommerce.com', '2025-06-02 13:44:51', NULL, 0, 'plain', '', 0, 'info'),
(114, 'amazon-mcf-reviews-2023-12-07', 'marketing', 'en_US', 'Enjoying Amazon MCF for WooCommerce?', 'We\'re Never Settle, the developers behind Amazon MCF for WooCommerce, and would be deeply honored to have your review. Reviews help immensely as other users can learn how MCF can solve their needs too! Not happy or need help? Please reach out for support and we’d love to make things right!', '{}', 'pending', 'woocommerce.com', '2025-06-02 13:44:51', NULL, 0, 'plain', '', 0, 'info'),
(115, 'remove_estimated_deposits_2024', 'marketing', 'en_US', 'Estimated deposits are going away', 'To provide more accurate deposit information and support the expansion of instant deposits, estimated deposit details will no longer be available in WooPayments. We recommend upgrading to the latest version of WooPayments for more detailed balance status information.', '{}', 'pending', 'woocommerce.com', '2025-06-02 13:44:51', NULL, 0, 'plain', '', 0, 'info');

-- --------------------------------------------------------

--
-- Structure de la table `wp_wc_admin_note_actions`
--

CREATE TABLE IF NOT EXISTS `wp_wc_admin_note_actions` (
  `action_id` bigint(20) UNSIGNED NOT NULL AUTO_INCREMENT,
  `note_id` bigint(20) UNSIGNED NOT NULL,
  `name` varchar(255) COLLATE utf8mb4_unicode_520_ci NOT NULL,
  `label` varchar(255) COLLATE utf8mb4_unicode_520_ci NOT NULL,
  `query` longtext COLLATE utf8mb4_unicode_520_ci NOT NULL,
  `status` varchar(255) COLLATE utf8mb4_unicode_520_ci NOT NULL,
  `is_primary` tinyint(1) NOT NULL DEFAULT '0',
  `actioned_text` varchar(255) COLLATE utf8mb4_unicode_520_ci NOT NULL,
  PRIMARY KEY (`action_id`),
  KEY `note_id` (`note_id`)
) ENGINE=MyISAM AUTO_INCREMENT=1710 DEFAULT CHARSET=utf8mb4 COLLATE=utf8mb4_unicode_520_ci;

--
-- Déchargement des données de la table `wp_wc_admin_note_actions`
--

INSERT INTO `wp_wc_admin_note_actions` (`action_id`, `note_id`, `name`, `label`, `query`, `status`, `is_primary`, `actioned_text`) VALUES
(1, 1, 'yes-please', 'Yes please!', 'https://woocommerce.us8.list-manage.com/subscribe/post?u=2c1434dc56f9506bf3c3ecd21&amp;id=13860df971&amp;SIGNUPPAGE=plugin', 'actioned', 0, ''),
(2, 2, 'open-marketing-hub', 'Open marketing hub', 'http://localhost/closdanthonyresidence.com/wp-admin/admin.php?page=wc-admin&path=/marketing', 'actioned', 0, ''),
(3, 3, 'connect', 'Connect', '?page=wc-addons&section=helper', 'unactioned', 0, ''),
(346, 7, 'wc_shipping_mobile_app_q4_2021', 'Get the WooCommerce Mobile App', 'https://woocommerce.com/mobile/?utm_source=inbox_note&utm_medium=product&utm_campaign=wc_shipping_mobile_app_q4_2021', 'actioned', 1, ''),
(347, 8, 'set-up-concierge', 'Schedule free session', 'https://wordpress.com/me/concierge', 'actioned', 1, ''),
(1305, 9, 'learn-more', 'Learn more', 'https://docs.woocommerce.com/document/woocommerce-shipping-and-tax/?utm_source=inbox', 'unactioned', 1, ''),
(349, 10, 'learn-more-ecomm-unique-shopping-experience', 'Learn more', 'https://docs.woocommerce.com/document/product-add-ons/?utm_source=inbox', 'actioned', 1, ''),
(350, 11, 'watch-the-webinar', 'Watch the webinar', 'https://youtu.be/V_2XtCOyZ7o', 'actioned', 1, ''),
(353, 14, 'learn-more', 'Learn more', 'https://woocommerce.com/posts/first-things-customize-woocommerce/?utm_source=inbox_note&utm_medium=product&utm_campaign=learn-more', 'unactioned', 1, ''),
(1634, 16, 'share-feedback', 'Share feedback', 'http://automattic.survey.fm/paypal-feedback', 'unactioned', 1, ''),
(1636, 18, 'update-wc-subscriptions-3-0-15', 'View latest version', 'http://localhost/closdanthonyresidence.com/wp-admin/admin.php?page=wc-admin&page=wc-addons&section=helper', 'actioned', 1, ''),
(1637, 19, 'update-wc-core-5-4-0', 'How to update WooCommerce', 'https://docs.woocommerce.com/document/how-to-update-woocommerce/', 'actioned', 1, ''),
(1638, 22, 'ppxo-pps-install-paypal-payments-1', 'View upgrade guide', 'https://docs.woocommerce.com/document/woocommerce-paypal-payments/paypal-payments-upgrade-guide/', 'actioned', 1, ''),
(1639, 23, 'ppxo-pps-install-paypal-payments-2', 'View upgrade guide', 'https://docs.woocommerce.com/document/woocommerce-paypal-payments/paypal-payments-upgrade-guide/', 'actioned', 1, ''),
(1640, 24, 'learn-more', 'Learn more', 'https://woocommerce.com/posts/critical-vulnerability-detected-july-2021/?utm_source=inbox_note&utm_medium=product&utm_campaign=learn-more', 'unactioned', 1, ''),
(1641, 24, 'dismiss', 'Dismiss', '', 'actioned', 0, ''),
(1642, 25, 'learn-more', 'Learn more', 'https://woocommerce.com/posts/critical-vulnerability-detected-july-2021/?utm_source=inbox_note&utm_medium=product&utm_campaign=learn-more', 'unactioned', 1, ''),
(1643, 25, 'dismiss', 'Dismiss', '', 'actioned', 0, ''),
(1644, 26, 'learn-more', 'Learn more', 'https://woocommerce.com/posts/critical-vulnerability-detected-july-2021/?utm_source=inbox_note&utm_medium=product&utm_campaign=learn-more', 'unactioned', 1, ''),
(1645, 26, 'dismiss', 'Dismiss', '', 'actioned', 0, ''),
(1646, 27, 'learn-more', 'Learn more', 'https://woocommerce.com/posts/critical-vulnerability-detected-july-2021/?utm_source=inbox_note&utm_medium=product&utm_campaign=learn-more', 'unactioned', 1, ''),
(1647, 27, 'dismiss', 'Dismiss', '', 'actioned', 0, ''),
(1648, 28, 'share-feedback', 'Share feedback', 'https://automattic.survey.fm/store-management', 'unactioned', 1, ''),
(851, 29, 'share-navigation-survey-feedback', 'Share feedback', 'https://automattic.survey.fm/feedback-on-woocommerce-navigation', 'actioned', 1, ''),
(261, 30, 'wcpay_applepay_q1_2022', 'Let your customers know about Apple Pay', 'https://developer.apple.com/apple-pay/marketing/', 'actioned', 0, ''),
(262, 31, 'stripe_applepay_q1_2022', 'Add Apple Pay', 'http://localhost/closdanthonyresidence.com/wp-admin/admin.php?page=wc-admin&page=wc-settings&tab=checkout&section=stripe', 'actioned', 0, ''),
(263, 32, 'square_applepay_q1_2022', 'Add Apple Pay', 'http://localhost/closdanthonyresidence.com/wp-admin/admin.php?page=wc-admin&page=wc-settings&tab=square', 'actioned', 0, ''),
(66, 33, 'install-jp-and-wcs-plugins', 'Installer les extensions', '', 'actioned', 1, ''),
(191, 34, 'learn-more', 'En savoir plus', 'https://woocommerce.com/mobile/', 'actioned', 0, ''),
(192, 35, 'tracking-opt-in', 'Activer le suivi de l’utilisation', '', 'actioned', 1, ''),
(193, 36, 'view-payment-gateways', 'En savoir plus', 'https://woocommerce.com/product-category/woocommerce-extensions/payment-gateways/', 'actioned', 1, ''),
(194, 37, 'share-feedback', 'Partager des commentaires', 'https://automattic.survey.fm/new-onboarding-survey', 'actioned', 0, ''),
(195, 38, 'affirm-insight-first-sale', 'Oui', '', 'actioned', 0, 'Merci pour vos retours'),
(196, 38, 'deny-insight-first-sale', 'Non', '', 'actioned', 0, 'Merci pour vos retours'),
(197, 39, 'home-screen-feedback-share-feedback', 'Partager des commentaires', 'https://automattic.survey.fm/home-screen-survey', 'actioned', 0, ''),
(1650, 40, 'woocommerce-core-paypal-march-2022-dismiss', 'Dismiss', '', 'actioned', 0, ''),
(1649, 40, 'learn-more', 'Learn more', 'https://developer.woocommerce.com/2022/03/10/woocommerce-3-5-10-6-3-1-security-releases/', 'unactioned', 1, ''),
(1651, 41, 'learn-more', 'Learn more', 'https://developer.woocommerce.com/2022/03/10/woocommerce-3-5-10-6-3-1-security-releases/', 'unactioned', 1, ''),
(1652, 41, 'dismiss', 'Dismiss', '', 'actioned', 0, ''),
(1629, 5, 'wayflyer_bnpl_q4_2021', 'Level up with funding', 'https://woocommerce.com/products/wayflyer/?utm_source=inbox_note&utm_medium=product&utm_campaign=wayflyer_bnpl_q4_2021', 'actioned', 1, ''),
(1630, 6, 'wc_shipping_mobile_app_usps_q4_2021', 'Get WooCommerce Shipping', 'https://woocommerce.com/woocommerce-shipping/?utm_source=inbox_note&utm_medium=product&utm_campaign=wc_shipping_mobile_app_usps_q4_2021', 'actioned', 1, ''),
(1631, 12, 'learn-more', 'Learn more', 'https://woocommerce.com/posts/ecommerce-shipping-solutions-guide/?utm_source=inbox_note&utm_medium=product&utm_campaign=learn-more', 'actioned', 1, ''),
(1632, 13, 'optimizing-the-checkout-flow', 'Learn more', 'https://woocommerce.com/posts/optimizing-woocommerce-checkout?utm_source=inbox_note&utm_medium=product&utm_campaign=optimizing-the-checkout-flow', 'actioned', 1, ''),
(1635, 17, 'get-started', 'Get started', 'https://woocommerce.com/products/google-listings-and-ads?utm_source=inbox_note&utm_medium=product&utm_campaign=get-started', 'actioned', 1, ''),
(1653, 42, 'pinterest_03_2022_update', 'Update Instructions', 'https://woocommerce.com/document/pinterest-for-woocommerce/?utm_source=inbox_note&utm_medium=product&utm_campaign=pinterest_03_2022_update#section-3', 'actioned', 0, ''),
(338, 43, 'pinterest_gtm_q2_2021', 'Get started for free', 'https://woocommerce.com/products/pinterest-for-woocommerce/?utm_source=inbox_note&utm_medium=product&utm_campaign=pinterest_gtm_q2_2021', 'unactioned', 1, ''),
(376, 44, 'setup_task_initiative_survey_q2_2022_share_your_input', 'Share your input', 'https://t.maze.co/87390007', 'actioned', 0, ''),
(340, 45, 'woocommerce_payments_subscriptions_nopayments_q2_2022', 'Start selling subscriptions', 'https://woocommerce.com/products/woocommerce-payments/?utm_source=inbox_note&utm_medium=product&utm_campaign=woocommerce_payments_subscriptions_nopayments_q2_2022', 'actioned', 0, ''),
(341, 46, 'woocommerce_payments_subscriptions_yespayments_q2_2022', 'Get started', 'https://woocommerce.com/document/payments/subscriptions/?utm_source=inbox_note&utm_medium=product&utm_campaign=woocommerce_payments_subscriptions_yespayments_q2_2022#section-2', 'actioned', 0, ''),
(342, 47, 'learn-more', 'En savoir plus', 'https://woocommerce.com/mobile/?utm_source=inbox', 'actioned', 0, ''),
(1302, 4, 'browse_extensions', 'Browse extensions', 'http://localhost/closdanthonyresidence.com/wp-admin/admin.php?page=wc-adminadmin.php?page=wc-addons', 'unactioned', 1, ''),
(1654, 48, 'store_setup_survey_survey_q2_2022_share_your_thoughts', 'Tell us how it’s going', 'https://automattic.survey.fm/store-setup-survey-2022', 'actioned', 0, ''),
(1330, 49, 'wc-admin-wisepad3', 'Grow my business offline', 'https://woocommerce.com/products/wisepad3-card-reader/?utm_source=inbox_note&utm_medium=product&utm_campaign=wc-admin-wisepad3', 'actioned', 0, ''),
(379, 50, 'learn-more', 'En savoir plus', 'https://woocommerce.com/mobile/?utm_source=inbox', 'actioned', 0, ''),
(1332, 51, 'dismiss', 'Dismiss', '', 'actioned', 0, ''),
(1331, 51, 'learn-more', 'Find out more', 'https://developer.woocommerce.com/2022/08/09/woocommerce-payments-3-9-4-4-5-1-security-releases/', 'unactioned', 1, ''),
(1334, 52, 'dismiss', 'Dismiss', '', 'actioned', 0, ''),
(612, 53, 'shipping_category_q4_2022_click', 'Automate my shipping', 'https://woocommerce.com/product-category/woocommerce-extensions/shipping-delivery-and-fulfillment/?categoryIds=28685&collections=product&page=1&utm_source=inbox_note&utm_medium=product&utm_campaign=shipping_category_q4_2022_click', 'unactioned', 1, ''),
(905, 54, 'woocommerce_admin_deprecation_q4_2022', 'Deactivate WooCommerce Admin', 'http://localhost/closdanthonyresidence.com/wp-admin/admin.php?page=wc-adminplugins.php', 'actioned', 0, ''),
(864, 55, 'tiktok-targeted-q4-2022-click', 'Launch a campaign', 'https://woocommerce.com/products/tiktok-for-woocommerce/?utm_source=inbox_note&utm_medium=product&utm_campaign=tiktok-targeted-q4-2022-click', 'unactioned', 1, ''),
(906, 56, 'paypal_paylater_g3_q4_22', 'Installer les Paiements PayPal', 'https://woocommerce.com/products/woocommerce-paypal-payments/?utm_source=inbox_note&utm_medium=product&utm_campaign=paypal_paylater_g3_q4_22', 'unactioned', 1, ''),
(907, 57, 'paypal_paylater_g2_q4_22', 'Install PayPal Payments', 'https://woocommerce.com/products/woocommerce-paypal-payments/?utm_source=inbox_note&utm_medium=product&utm_campaign=paypal_paylater_g2_q4_22', 'unactioned', 1, ''),
(1333, 52, 'learn-more', 'Find out more', 'https://developer.woocommerce.com/2022/08/09/woocommerce-payments-3-9-4-4-5-1-security-releases/', 'unactioned', 1, ''),
(536, 58, 'learn-more', 'En savoir plus', 'https://woocommerce.com/mobile/?utm_source=inbox', 'actioned', 0, ''),
(871, 63, 'meta-noFB-dec-q4-2022', 'Get started', 'https://woocommerce.com/products/facebook/?utm_source=inbox_note&utm_medium=product&utm_campaign=meta-noFB-dec-q4-2022', 'unactioned', 1, ''),
(1335, 59, 'google_listings_ads_custom_attribute_mapping_q4_2022', 'Learn more', 'https://woocommerce.com/document/google-listings-and-ads/?utm_source=inbox_note&utm_medium=product&utm_campaign=google_listings_ads_custom_attribute_mapping_q4_2022#attribute-mapping', 'actioned', 0, ''),
(868, 60, 'wc-admin-manualauthcapture', 'Learn more', 'https://woocommerce.com/document/woocommerce-payments/settings-guide/authorize-and-capture/?utm_source=inbox_note&utm_medium=product&utm_campaign=wc-admin-manualauthcapture', 'actioned', 0, ''),
(869, 61, 'apple_pay_square_q422', 'Enable Apple Pay', 'http://localhost/closdanthonyresidence.com/wp-admin/admin.php?page=wc-admin/wp-admin/admin.php?page=wc-settings&tab=checkout&section=square_credit_card', 'unactioned', 1, ''),
(870, 62, 'apple_pay_wcpay_q422', 'Enable Apple Pay', 'http://localhost/closdanthonyresidence.com/wp-admin/admin.php?page=wc-admin/wp-admin/admin.php?page=wc-settings&tab=checkout&section=woocommerce_payments', 'unactioned', 1, ''),
(1655, 64, 'needs-update-eway-payment-gateway-rin-action-button-2022-12-20', 'See available updates', 'http://localhost/closdanthonyresidence.com/wp-admin/admin.php?page=wc-admin/update-core.php', 'unactioned', 0, ''),
(1656, 64, 'needs-update-eway-payment-gateway-rin-dismiss-button-2022-12-20', 'Dismiss', '#', 'actioned', 0, ''),
(1657, 65, 'updated-eway-payment-gateway-rin-action-button-2022-12-20', 'See all updates', 'http://localhost/closdanthonyresidence.com/wp-admin/admin.php?page=wc-admin/update-core.php', 'unactioned', 0, ''),
(1658, 65, 'updated-eway-payment-gateway-rin-dismiss-button-2022-12-20', 'Dismiss', '#', 'actioned', 0, ''),
(1659, 66, 'share-navigation-survey-feedback', 'Share feedback', 'https://automattic.survey.fm/new-ecommerce-plan-navigation', 'actioned', 1, ''),
(914, 67, 'learn-more', 'En savoir plus', 'https://woocommerce.com/mobile/?utm_source=inbox', 'actioned', 0, ''),
(1341, 68, 'google_listings_ads_pmax_i1_q1_2023_no_gla', 'Boost my business with Google', 'https://woocommerce.com/products/google-listings-and-ads/?utm_source=inbox_note&utm_medium=product&utm_campaign=google_listings_ads_pmax_i1_q1_2023_no_gla', 'actioned', 0, ''),
(1342, 69, 'google_listings_ads_pmax_i1_q1_2023_with_gla', 'Create a new ad', 'https://woocommerce.com/products/google-listings-and-ads/?utm_source=inbox_note&utm_medium=product&utm_campaign=google_listings_ads_pmax_i1_q1_2023_with_gla', 'actioned', 0, ''),
(1663, 70, 'woocommerce-wcpay-march-2023-update-needed-dismiss-button', 'Dismiss', '#', 'actioned', 0, ''),
(1662, 70, 'woocommerce-wcpay-march-2023-update-needed-button', 'See Blog Post', 'https://developer.woocommerce.com/2023/03/23/critical-vulnerability-detected-in-woocommerce-payments-what-you-need-to-know', 'unactioned', 0, ''),
(1664, 71, 'tap_to_pay_iphone_q2_2023_no_wcpay', 'Simplify my payments', 'https://woocommerce.com/products/woocommerce-payments/?utm_source=inbox_note&utm_medium=product&utm_campaign=tap_to_pay_iphone_q2_2023_no_wcpay', 'actioned', 0, ''),
(1348, 72, 'tap_to_pay_iphone_q2_2023_with_wcpay', 'Set up Tap to Pay on iPhone', 'https://woocommerce.com/document/woocommerce-payments/in-person-payments/woocommerce-in-person-payments-tap-to-pay-on-iphone-quick-start-guide/?utm_source=inbox_note&utm_medium=product&utm_campaign=tap_to_pay_iphone_q2_2023_with_wcpay', 'actioned', 0, ''),
(1665, 73, 'extension-settings', 'See available updates', 'http://localhost/closdanthonyresidence.com/wp-admin/admin.php?page=wc-adminupdate-core.php', 'unactioned', 0, ''),
(1666, 73, 'dismiss', 'Dismiss', '#', 'actioned', 0, ''),
(1351, 74, 'wc-admin-wcpay-denmark-Q2-2023', 'Simplify my payments', 'https://woocommerce.com/payments/denmark/?utm_source=inbox_note&utm_medium=product&utm_campaign=wc-admin-wcpay-denmark-Q2-2023', 'actioned', 1, ''),
(1352, 75, 'wc-admin-wcpay-greece-Q2-2023', 'Simplify my payments', 'https://woocommerce.com/payments/greece/?utm_source=inbox_note&utm_medium=product&utm_campaign=wc-admin-wcpay-greece-Q2-2023', 'actioned', 1, ''),
(1353, 76, 'wc-admin-wcpay-norway-Q2-2023', 'Simplify my payments', 'https://woocommerce.com/payments/norway/?utm_source=inbox_note&utm_medium=product&utm_campaign=wc-admin-wcpay-norway-Q2-2023', 'actioned', 1, ''),
(1354, 77, 'wc-admin-wcpay-slovakia-Q2-2023', 'Simplify my payments', 'https://woocommerce.com/payments/slovakia/?utm_source=inbox_note&utm_medium=product&utm_campaign=wc-admin-wcpay-slovakia-Q2-2023', 'actioned', 1, ''),
(1355, 78, 'wc-admin-wcpay-finland-Q2-2023', 'Simplify my payments', 'https://woocommerce.com/payments/finland/?utm_source=inbox_note&utm_medium=product&utm_campaign=wc-admin-wcpay-finland-Q2-2023', 'actioned', 1, ''),
(1356, 79, 'wc-admin-wcpay-estonia-Q2-2023', 'Simplify my payments', 'https://woocommerce.com/payments/estonia/?utm_source=inbox_note&utm_medium=product&utm_campaign=wc-admin-wcpay-estonia-Q2-2023', 'actioned', 1, ''),
(1357, 80, 'wc-admin-wcpay-lithuania-Q2-2023', 'Simplify my payments', 'https://woocommerce.com/payments/lithuania/?utm_source=inbox_note&utm_medium=product&utm_campaign=wc-admin-wcpay-lithuania-Q2-2023', 'actioned', 1, ''),
(1358, 81, 'wc-admin-wcpay-slovenia-Q2-2023', 'Simplify my payments', 'https://woocommerce.com/payments/slovenia/?utm_source=inbox_note&utm_medium=product&utm_campaign=wc-admin-wcpay-slovenia-Q2-2023', 'actioned', 1, ''),
(1359, 82, 'wc-admin-wcpay-latvia-Q2-2023', 'Simplify my payments', 'https://woocommerce.com/payments/latvia/?utm_source=inbox_note&utm_medium=product&utm_campaign=wc-admin-wcpay-latvia-Q2-2023', 'actioned', 1, ''),
(1360, 83, 'wc-admin-wcpay-cyprus-Q2-2023', 'Simplify my payments', 'https://woocommerce.com/payments/cyprus/?utm_source=inbox_note&utm_medium=product&utm_campaign=wc-admin-wcpay-cyprus-Q2-2023', 'actioned', 1, ''),
(1361, 84, 'wc-admin-wcpay-malta-Q2-2023', 'Simplify my payments', 'https://woocommerce.com/payments/malta/?utm_source=inbox_note&utm_medium=product&utm_campaign=wc-admin-wcpay-malta-Q2-2023', 'actioned', 1, ''),
(1362, 85, 'wc-admin-wcpay-luxembourg-Q2-2023', 'Simplify my payments', 'https://woocommerce.com/payments/luxembourg/?utm_source=inbox_note&utm_medium=product&utm_campaign=wc-admin-wcpay-luxembourg-Q2-2023', 'actioned', 1, ''),
(1660, 86, 'woopay-beta-merchantrecruitment-activate-04MAY23', 'Activate WooPay', 'http://localhost/closdanthonyresidence.com/wp-admin/admin.php?page=wc-adminadmin.php?page=wc-settings&tab=checkout&section=woocommerce_payments&method=platform_checkout', 'actioned', 1, ''),
(1661, 86, 'woopay-beta-merchantrecruitment-activate-learnmore-04MAY23', 'Learn More', 'https://woocommerce.com/woopay-businesses/?utm_source=inbox_note&utm_medium=product&utm_campaign=woopay-beta-merchantrecruitment-activate-learnmore-04MAY23', 'unactioned', 0, ''),
(1667, 88, 'woopay-beta-merchantrecruitment-update-WCPay-04MAY23', 'Update WooCommerce Payments', 'http://localhost/closdanthonyresidence.com/wp-admin/admin.php?page=wc-adminplugins.php?plugin_status=all', 'unactioned', 1, ''),
(1265, 87, 'wc-admin-BNPL-WCPay-coming-soon', 'Sign up now', 'https://woocommerce.com/buy-now-pay-later-for-woocommerce-payments/?utm_source=inbox_note&utm_medium=product&utm_campaign=wc-admin-BNPL-WCPay-coming-soon', 'actioned', 1, ''),
(1668, 88, 'woopay-beta-merchantrecruitment-update-activate-04MAY23', 'Activate WooPay', 'http://localhost/closdanthonyresidence.com/wp-admin/admin.php?page=wc-adminadmin.php?page=wc-settings&tab=checkout&section=woocommerce_payments&method=platform_checkout', 'actioned', 0, ''),
(1669, 89, 'woopay-beta-existingmerchants-noaction-documentation-27APR23', 'Documentation', 'https://woocommerce.com/document/woopay-merchant-documentation/?utm_source=inbox_note&utm_medium=product&utm_campaign=woopay-beta-existingmerchants-noaction-documentation-27APR23', 'actioned', 1, ''),
(1670, 90, 'woopay-beta-existingmerchants-update-WCPay-27APR23', 'Update WooCommerce Payments', 'http://localhost/closdanthonyresidence.com/wp-admin/admin.php?page=wc-adminplugins.php?plugin_status=all', 'actioned', 1, ''),
(1671, 91, 'woopay-beta-merchantrecruitment-short-activate-04MAY23', 'Activate WooPay', 'http://localhost/closdanthonyresidence.com/wp-admin/admin.php?page=wc-adminadmin.php?page=wc-settings&tab=checkout&section=woocommerce_payments&method=platform_checkout', 'actioned', 1, ''),
(1672, 91, 'woopay-beta-merchantrecruitment-short-activate-learnmore-04MAY23', 'Learn More', 'https://woocommerce.com/woopay-businesses/?utm_source=inbox_note&utm_medium=product&utm_campaign=woopay-beta-merchantrecruitment-short-activate-learnmore-04MAY23', 'actioned', 0, ''),
(1674, 92, 'woopay-beta-merchantrecruitment-short-update-activate-04MAY23', 'Activate WooPay', 'http://localhost/closdanthonyresidence.com/wp-admin/admin.php?page=wc-adminadmin.php?page=wc-settings&tab=checkout&section=woocommerce_payments&method=platform_checkout', 'actioned', 0, ''),
(1675, 93, 'woopay-beta-merchantrecruitment-short-activate-06MAY23-TESTA', 'Activate WooPay Test A', 'http://localhost/closdanthonyresidence.com/wp-admin/admin.php?page=wc-adminadmin.php?page=wc-settings&tab=checkout&section=woocommerce_payments&method=platform_checkout', 'unactioned', 1, ''),
(1676, 93, 'woopay-beta-merchantrecruitment-short-activate-learnmore-06MAY23-TESTA', 'Learn More', 'https://woocommerce.com/woopay-businesses/?utm_source=inbox_note&utm_medium=product&utm_campaign=woopay-beta-merchantrecruitment-short-activate-learnmore-06MAY23-TESTA', 'unactioned', 0, ''),
(1677, 94, 'woopay-beta-merchantrecruitment-short-activate-06MAY23-TESTB', 'Activate WooPay Test B', 'http://localhost/closdanthonyresidence.com/wp-admin/admin.php?page=wc-adminadmin.php?page=wc-settings&tab=checkout&section=woocommerce_payments&method=platform_checkout', 'unactioned', 1, ''),
(1678, 94, 'woopay-beta-merchantrecruitment-short-activate-learnmore-06MAY23-TESTA', 'Learn More', 'https://woocommerce.com/woopay-businesses/?utm_source=inbox_note&utm_medium=product&utm_campaign=woopay-beta-merchantrecruitment-short-activate-learnmore-06MAY23-TESTA', 'unactioned', 0, ''),
(1679, 95, 'woopay-beta-merchantrecruitment-short-activate-06MAY23-TESTC', 'Activate WooPay Test C', 'http://localhost/closdanthonyresidence.com/wp-admin/admin.php?page=wc-adminadmin.php?page=wc-settings&tab=checkout&section=woocommerce_payments&method=platform_checkout', 'unactioned', 1, ''),
(1680, 95, 'woopay-beta-merchantrecruitment-short-activate-learnmore-06MAY23-TESTC', 'Learn More', 'https://woocommerce.com/woopay-businesses/?utm_source=inbox_note&utm_medium=product&utm_campaign=woopay-beta-merchantrecruitment-short-activate-learnmore-06MAY23-TESTC', 'unactioned', 0, ''),
(1681, 96, 'woopay-beta-merchantrecruitment-short-activate-06MAY23-TESTD', 'Activate WooPay Test D', 'http://localhost/closdanthonyresidence.com/wp-admin/admin.php?page=wc-adminadmin.php?page=wc-settings&tab=checkout&section=woocommerce_payments&method=platform_checkout', 'unactioned', 1, ''),
(1682, 96, 'woopay-beta-merchantrecruitment-short-activate-learnmore-06MAY23-TESTD', 'Learn More', 'https://woocommerce.com/woopay-businesses/?utm_source=inbox_note&utm_medium=product&utm_campaign=woopay-beta-merchantrecruitment-short-activate-learnmore-06MAY23-TESTD', 'unactioned', 0, ''),
(1683, 97, 'woopay-beta-merchantrecruitment-short-activate-button-09MAY23', 'Activate WooPay', 'http://localhost/closdanthonyresidence.com/wp-admin/admin.php?page=wc-adminadmin.php?page=wc-settings&tab=checkout&section=woocommerce_payments&method=platform_checkout', 'unactioned', 1, ''),
(1685, 98, 'woopay-beta-merchantrecruitment-short-update-WCPay-09MAY23', 'Update WooCommerce Payments', 'http://localhost/closdanthonyresidence.com/wp-admin/admin.php?page=wc-adminplugins.php?plugin_status=all', 'unactioned', 1, ''),
(1383, 99, 'payoneer_q2_2023', 'Get started with Payoneer', 'https://woocommerce.com/products/payoneer-checkout?utm_source=inbox_note&utm_medium=product&utm_campaign=payoneer_q2_2023', 'actioned', 1, ''),
(1686, 98, 'woopay-beta-merchantrecruitment-short-update-activate-09MAY23', 'Activate WooPay', 'http://localhost/closdanthonyresidence.com/wp-admin/admin.php?page=wc-adminadmin.php?page=wc-settings&tab=checkout&section=woocommerce_payments&method=platform_checkout', 'unactioned', 0, ''),
(1673, 92, 'woopay-beta-merchantrecruitment-short-update-WCPay-04MAY23', 'Update WooCommerce Payments', 'http://localhost/closdanthonyresidence.com/wp-admin/admin.php?page=wc-adminplugins.php?plugin_status=all', 'unactioned', 1, ''),
(1384, 100, 'ipp_refresh_q2_2023_us_inbox_notification', 'Grow my business on the go', 'https://woocommerce.com/in-person-payments/?utm_source=inbox_note&utm_medium=product&utm_campaign=ipp_refresh_q2_2023_us_inbox_notification', 'actioned', 0, ''),
(1684, 97, 'woopay-beta-merchantrecruitment-short-activate-learnmore-button2-09MAY23', 'Learn More', 'https://woocommerce.com/woopay-businesses/?utm_source=inbox_note&utm_medium=product&utm_campaign=woopay-beta-merchantrecruitment-short-activate-learnmore-button2-09MAY23', 'unactioned', 0, ''),
(1385, 101, 'ipp_refresh_q2_2023_ca_inbox_notification', 'Grow my business on the go', 'https://woocommerce.com/in-person-payments/?utm_source=inbox_note&utm_medium=product&utm_campaign=ipp_refresh_q2_2023_ca_inbox_notification', 'actioned', 0, ''),
(1633, 15, 'qualitative-feedback-from-new-users', 'Share feedback', 'https://automattic.survey.fm/woopayments-new-user-feedback', 'actioned', 1, ''),
(1688, 102, 'woocommerce-WCSubscriptions-June-2023-updated-needed-dismiss', 'Dismiss', '#', 'actioned', 0, ''),
(1687, 102, 'woocommerce-WCSubscriptions-June-2023-updated-needed-Plugin-Settings', 'See available updates', 'http://localhost/closdanthonyresidence.com/wp-admin/admin.php?page=wc-adminplugins.php?plugin_status=all', 'unactioned', 0, ''),
(1690, 103, 'woocommerce-WCReturnsWarranty-June-2023-updated-needed', 'Dismiss', '#', 'actioned', 0, ''),
(1689, 103, 'woocommerce-WCReturnsWarranty-June-2023-updated-needed', 'See available updates', 'http://localhost/closdanthonyresidence.com/wp-admin/admin.php?page=wc-adminplugins.php?plugin_status=all', 'unactioned', 0, ''),
(1692, 104, 'woocommerce-WCOPC-June-2023-updated-needed', 'Dismiss', 'http://localhost/closdanthonyresidence.com/wp-admin/admin.php?page=wc-admin#', 'actioned', 1, ''),
(1691, 104, 'woocommerce-WCOPC-June-2023-updated-needed', 'See available updates', 'http://localhost/closdanthonyresidence.com/wp-admin/admin.php?page=wc-adminplugins.php?plugin_status=all', 'actioned', 1, ''),
(1694, 105, 'woocommerce-WCGC-July-2023-update-needed', 'Dismiss', '#', 'actioned', 1, ''),
(1693, 105, 'woocommerce-WCGC-July-2023-update-needed', 'See available updates', 'http://localhost/closdanthonyresidence.com/wp-admin/admin.php?page=wc-adminplugins.php?plugin_status=all', 'unactioned', 1, ''),
(1695, 106, 'learn-more', 'Learn more', 'https://woocommerce.com/document/fedex/?utm_medium=product&utm_source=inbox_note&utm_campaign=learn-more#july-2023-api-outage', 'unactioned', 0, ''),
(1697, 107, 'dismiss', 'Dismiss', 'http://localhost/closdanthonyresidence.com/wp-admin/admin.php?page=wc-adminadmin.php?page=wc-admin', 'actioned', 0, ''),
(1696, 107, 'plugin-list', 'See available updates', 'http://localhost/closdanthonyresidence.com/wp-admin/admin.php?page=wc-adminplugins.php?plugin_status=all', 'unactioned', 1, ''),
(1698, 108, 'woocommerce-WCStripe-Aug-2023-update-needed', 'See available updates', 'http://localhost/closdanthonyresidence.com/wp-admin/admin.php?page=wc-adminupdate-core.php?', 'unactioned', 1, ''),
(1699, 108, 'dismiss', 'Dismiss', '#', 'actioned', 1, ''),
(1700, 109, 'dismiss', 'Dismiss', '#', 'actioned', 1, ''),
(1701, 110, 'dismiss', 'Dismiss', '#', 'actioned', 1, ''),
(1702, 111, 'avalara_q3-2023_noAvaTax', 'Automate my sales tax', 'https://woocommerce.com/products/woocommerce-avatax/?utm_source=inbox_note&utm_medium=product&utm_campaign=avalara_q3-2023_noAvaTax', 'unactioned', 1, ''),
(1704, 112, 'dismiss', 'Dismiss', 'http://localhost/closdanthonyresidence.com/wp-admin/admin.php?page=wc-admin#', 'actioned', 1, ''),
(1703, 112, 'woocommerce-usermeta-Sept2023-productvendors', 'See available updates', 'http://localhost/closdanthonyresidence.com/wp-admin/admin.php?page=wc-adminplugins.php', 'unactioned', 1, ''),
(1705, 113, 'woocommerce-STRIPE-Oct-2023-update-needed', 'See available updates', 'http://localhost/closdanthonyresidence.com/wp-admin/admin.php?page=wc-adminupdate-core.php', 'unactioned', 1, ''),
(1706, 113, 'dismiss', 'Dismiss', '#', 'actioned', 0, ''),
(1708, 114, 'amazon-mcf-support-button-2023-12-07', 'Request support', 'https://woocommerce.com/my-account/contact-support/?utm_source=inbox_note&utm_medium=product&utm_campaign=amazon-mcf-support-button-2023-12-07', 'actioned', 0, ''),
(1707, 114, 'amazon-mcf-review-button-2023-12-07', 'Leave a review', 'https://woocommerce.com/products/woocommerce-amazon-fulfillment/?review&utm_source=inbox_note&utm_medium=product&utm_campaign=amazon-mcf-review-button-2023-12-07', 'actioned', 0, ''),
(1709, 115, 'view_docs', 'Learn about Deposit schedules', 'https://woocommerce.com/document/woopayments/deposits/deposit-schedule/?utm_source=inbox_note&utm_medium=product&utm_campaign=view_docs#available-funds', 'unactioned', 0, '');

-- --------------------------------------------------------

--
-- Structure de la table `wp_wc_category_lookup`
--

CREATE TABLE IF NOT EXISTS `wp_wc_category_lookup` (
  `category_tree_id` bigint(20) UNSIGNED NOT NULL,
  `category_id` bigint(20) UNSIGNED NOT NULL,
  PRIMARY KEY (`category_tree_id`,`category_id`)
) ENGINE=MyISAM DEFAULT CHARSET=utf8mb4 COLLATE=utf8mb4_unicode_520_ci;

--
-- Déchargement des données de la table `wp_wc_category_lookup`
--

INSERT INTO `wp_wc_category_lookup` (`category_tree_id`, `category_id`) VALUES
(50, 50);

-- --------------------------------------------------------

--
-- Structure de la table `wp_wc_customer_lookup`
--

CREATE TABLE IF NOT EXISTS `wp_wc_customer_lookup` (
  `customer_id` bigint(20) UNSIGNED NOT NULL AUTO_INCREMENT,
  `user_id` bigint(20) UNSIGNED DEFAULT NULL,
  `username` varchar(60) COLLATE utf8mb4_unicode_520_ci NOT NULL DEFAULT '',
  `first_name` varchar(255) COLLATE utf8mb4_unicode_520_ci NOT NULL,
  `last_name` varchar(255) COLLATE utf8mb4_unicode_520_ci NOT NULL,
  `email` varchar(100) COLLATE utf8mb4_unicode_520_ci DEFAULT NULL,
  `date_last_active` timestamp NULL DEFAULT NULL,
  `date_registered` timestamp NULL DEFAULT NULL,
  `country` char(2) COLLATE utf8mb4_unicode_520_ci NOT NULL DEFAULT '',
  `postcode` varchar(20) COLLATE utf8mb4_unicode_520_ci NOT NULL DEFAULT '',
  `city` varchar(100) COLLATE utf8mb4_unicode_520_ci NOT NULL DEFAULT '',
  `state` varchar(100) COLLATE utf8mb4_unicode_520_ci NOT NULL DEFAULT '',
  PRIMARY KEY (`customer_id`),
  UNIQUE KEY `user_id` (`user_id`),
  KEY `email` (`email`)
) ENGINE=MyISAM DEFAULT CHARSET=utf8mb4 COLLATE=utf8mb4_unicode_520_ci;

-- --------------------------------------------------------

--
-- Structure de la table `wp_wc_download_log`
--

CREATE TABLE IF NOT EXISTS `wp_wc_download_log` (
  `download_log_id` bigint(20) UNSIGNED NOT NULL AUTO_INCREMENT,
  `timestamp` datetime NOT NULL,
  `permission_id` bigint(20) UNSIGNED NOT NULL,
  `user_id` bigint(20) UNSIGNED DEFAULT NULL,
  `user_ip_address` varchar(100) COLLATE utf8mb4_unicode_520_ci DEFAULT '',
  PRIMARY KEY (`download_log_id`),
  KEY `permission_id` (`permission_id`),
  KEY `timestamp` (`timestamp`)
) ENGINE=MyISAM DEFAULT CHARSET=utf8mb4 COLLATE=utf8mb4_unicode_520_ci;

-- --------------------------------------------------------

--
-- Structure de la table `wp_wc_order_coupon_lookup`
--

CREATE TABLE IF NOT EXISTS `wp_wc_order_coupon_lookup` (
  `order_id` bigint(20) UNSIGNED NOT NULL,
  `coupon_id` bigint(20) NOT NULL,
  `date_created` datetime NOT NULL DEFAULT '0000-00-00 00:00:00',
  `discount_amount` double NOT NULL DEFAULT '0',
  PRIMARY KEY (`order_id`,`coupon_id`),
  KEY `coupon_id` (`coupon_id`),
  KEY `date_created` (`date_created`)
) ENGINE=MyISAM DEFAULT CHARSET=utf8mb4 COLLATE=utf8mb4_unicode_520_ci;

-- --------------------------------------------------------

--
-- Structure de la table `wp_wc_order_product_lookup`
--

CREATE TABLE IF NOT EXISTS `wp_wc_order_product_lookup` (
  `order_item_id` bigint(20) UNSIGNED NOT NULL,
  `order_id` bigint(20) UNSIGNED NOT NULL,
  `product_id` bigint(20) UNSIGNED NOT NULL,
  `variation_id` bigint(20) UNSIGNED NOT NULL,
  `customer_id` bigint(20) UNSIGNED DEFAULT NULL,
  `date_created` datetime NOT NULL DEFAULT '0000-00-00 00:00:00',
  `product_qty` int(11) NOT NULL,
  `product_net_revenue` double NOT NULL DEFAULT '0',
  `product_gross_revenue` double NOT NULL DEFAULT '0',
  `coupon_amount` double NOT NULL DEFAULT '0',
  `tax_amount` double NOT NULL DEFAULT '0',
  `shipping_amount` double NOT NULL DEFAULT '0',
  `shipping_tax_amount` double NOT NULL DEFAULT '0',
  PRIMARY KEY (`order_item_id`),
  KEY `order_id` (`order_id`),
  KEY `product_id` (`product_id`),
  KEY `customer_id` (`customer_id`),
  KEY `date_created` (`date_created`)
) ENGINE=MyISAM DEFAULT CHARSET=utf8mb4 COLLATE=utf8mb4_unicode_520_ci;

-- --------------------------------------------------------

--
-- Structure de la table `wp_wc_order_stats`
--

CREATE TABLE IF NOT EXISTS `wp_wc_order_stats` (
  `order_id` bigint(20) UNSIGNED NOT NULL,
  `parent_id` bigint(20) UNSIGNED NOT NULL DEFAULT '0',
  `date_created` datetime NOT NULL DEFAULT '0000-00-00 00:00:00',
  `date_created_gmt` datetime NOT NULL DEFAULT '0000-00-00 00:00:00',
  `num_items_sold` int(11) NOT NULL DEFAULT '0',
  `total_sales` double NOT NULL DEFAULT '0',
  `tax_total` double NOT NULL DEFAULT '0',
  `shipping_total` double NOT NULL DEFAULT '0',
  `net_total` double NOT NULL DEFAULT '0',
  `returning_customer` tinyint(1) DEFAULT NULL,
  `status` varchar(200) COLLATE utf8mb4_unicode_520_ci NOT NULL,
  `customer_id` bigint(20) UNSIGNED NOT NULL,
  PRIMARY KEY (`order_id`),
  KEY `date_created` (`date_created`),
  KEY `customer_id` (`customer_id`),
  KEY `status` (`status`(191))
) ENGINE=MyISAM DEFAULT CHARSET=utf8mb4 COLLATE=utf8mb4_unicode_520_ci;

-- --------------------------------------------------------

--
-- Structure de la table `wp_wc_order_tax_lookup`
--

CREATE TABLE IF NOT EXISTS `wp_wc_order_tax_lookup` (
  `order_id` bigint(20) UNSIGNED NOT NULL,
  `tax_rate_id` bigint(20) UNSIGNED NOT NULL,
  `date_created` datetime NOT NULL DEFAULT '0000-00-00 00:00:00',
  `shipping_tax` double NOT NULL DEFAULT '0',
  `order_tax` double NOT NULL DEFAULT '0',
  `total_tax` double NOT NULL DEFAULT '0',
  PRIMARY KEY (`order_id`,`tax_rate_id`),
  KEY `tax_rate_id` (`tax_rate_id`),
  KEY `date_created` (`date_created`)
) ENGINE=MyISAM DEFAULT CHARSET=utf8mb4 COLLATE=utf8mb4_unicode_520_ci;

-- --------------------------------------------------------

--
-- Structure de la table `wp_wc_product_meta_lookup`
--

CREATE TABLE IF NOT EXISTS `wp_wc_product_meta_lookup` (
  `product_id` bigint(20) NOT NULL,
  `sku` varchar(100) COLLATE utf8mb4_unicode_520_ci DEFAULT '',
  `virtual` tinyint(1) DEFAULT '0',
  `downloadable` tinyint(1) DEFAULT '0',
  `min_price` decimal(19,4) DEFAULT NULL,
  `max_price` decimal(19,4) DEFAULT NULL,
  `onsale` tinyint(1) DEFAULT '0',
  `stock_quantity` double DEFAULT NULL,
  `stock_status` varchar(100) COLLATE utf8mb4_unicode_520_ci DEFAULT 'instock',
  `rating_count` bigint(20) DEFAULT '0',
  `average_rating` decimal(3,2) DEFAULT '0.00',
  `total_sales` bigint(20) DEFAULT '0',
  `tax_status` varchar(100) COLLATE utf8mb4_unicode_520_ci DEFAULT 'taxable',
  `tax_class` varchar(100) COLLATE utf8mb4_unicode_520_ci DEFAULT '',
  PRIMARY KEY (`product_id`),
  KEY `virtual` (`virtual`),
  KEY `downloadable` (`downloadable`),
  KEY `stock_status` (`stock_status`),
  KEY `stock_quantity` (`stock_quantity`),
  KEY `onsale` (`onsale`),
  KEY `min_max_price` (`min_price`,`max_price`)
) ENGINE=MyISAM DEFAULT CHARSET=utf8mb4 COLLATE=utf8mb4_unicode_520_ci;

-- --------------------------------------------------------

--
-- Structure de la table `wp_wc_reserved_stock`
--

CREATE TABLE IF NOT EXISTS `wp_wc_reserved_stock` (
  `order_id` bigint(20) NOT NULL,
  `product_id` bigint(20) NOT NULL,
  `stock_quantity` double NOT NULL DEFAULT '0',
  `timestamp` datetime NOT NULL DEFAULT '0000-00-00 00:00:00',
  `expires` datetime NOT NULL DEFAULT '0000-00-00 00:00:00',
  PRIMARY KEY (`order_id`,`product_id`)
) ENGINE=MyISAM DEFAULT CHARSET=utf8mb4 COLLATE=utf8mb4_unicode_520_ci;

-- --------------------------------------------------------

--
-- Structure de la table `wp_wc_tax_rate_classes`
--

CREATE TABLE IF NOT EXISTS `wp_wc_tax_rate_classes` (
  `tax_rate_class_id` bigint(20) UNSIGNED NOT NULL AUTO_INCREMENT,
  `name` varchar(200) COLLATE utf8mb4_unicode_520_ci NOT NULL DEFAULT '',
  `slug` varchar(200) COLLATE utf8mb4_unicode_520_ci NOT NULL DEFAULT '',
  PRIMARY KEY (`tax_rate_class_id`),
  UNIQUE KEY `slug` (`slug`(191))
) ENGINE=MyISAM AUTO_INCREMENT=3 DEFAULT CHARSET=utf8mb4 COLLATE=utf8mb4_unicode_520_ci;

--
-- Déchargement des données de la table `wp_wc_tax_rate_classes`
--

INSERT INTO `wp_wc_tax_rate_classes` (`tax_rate_class_id`, `name`, `slug`) VALUES
(1, 'Reduced rate', 'reduced-rate'),
(2, 'Zero rate', 'zero-rate');

-- --------------------------------------------------------

--
-- Structure de la table `wp_wc_webhooks`
--

CREATE TABLE IF NOT EXISTS `wp_wc_webhooks` (
  `webhook_id` bigint(20) UNSIGNED NOT NULL AUTO_INCREMENT,
  `status` varchar(200) COLLATE utf8mb4_unicode_520_ci NOT NULL,
  `name` text COLLATE utf8mb4_unicode_520_ci NOT NULL,
  `user_id` bigint(20) UNSIGNED NOT NULL,
  `delivery_url` text COLLATE utf8mb4_unicode_520_ci NOT NULL,
  `secret` text COLLATE utf8mb4_unicode_520_ci NOT NULL,
  `topic` varchar(200) COLLATE utf8mb4_unicode_520_ci NOT NULL,
  `date_created` datetime NOT NULL DEFAULT '0000-00-00 00:00:00',
  `date_created_gmt` datetime NOT NULL DEFAULT '0000-00-00 00:00:00',
  `date_modified` datetime NOT NULL DEFAULT '0000-00-00 00:00:00',
  `date_modified_gmt` datetime NOT NULL DEFAULT '0000-00-00 00:00:00',
  `api_version` smallint(4) NOT NULL,
  `failure_count` smallint(10) NOT NULL DEFAULT '0',
  `pending_delivery` tinyint(1) NOT NULL DEFAULT '0',
  PRIMARY KEY (`webhook_id`),
  KEY `user_id` (`user_id`)
) ENGINE=MyISAM DEFAULT CHARSET=utf8mb4 COLLATE=utf8mb4_unicode_520_ci;

-- --------------------------------------------------------

--
-- Structure de la table `wp_woocommerce_api_keys`
--

CREATE TABLE IF NOT EXISTS `wp_woocommerce_api_keys` (
  `key_id` bigint(20) UNSIGNED NOT NULL AUTO_INCREMENT,
  `user_id` bigint(20) UNSIGNED NOT NULL,
  `description` varchar(200) COLLATE utf8mb4_unicode_520_ci DEFAULT NULL,
  `permissions` varchar(10) COLLATE utf8mb4_unicode_520_ci NOT NULL,
  `consumer_key` char(64) COLLATE utf8mb4_unicode_520_ci NOT NULL,
  `consumer_secret` char(43) COLLATE utf8mb4_unicode_520_ci NOT NULL,
  `nonces` longtext COLLATE utf8mb4_unicode_520_ci,
  `truncated_key` char(7) COLLATE utf8mb4_unicode_520_ci NOT NULL,
  `last_access` datetime DEFAULT NULL,
  PRIMARY KEY (`key_id`),
  KEY `consumer_key` (`consumer_key`),
  KEY `consumer_secret` (`consumer_secret`)
) ENGINE=MyISAM DEFAULT CHARSET=utf8mb4 COLLATE=utf8mb4_unicode_520_ci;

-- --------------------------------------------------------

--
-- Structure de la table `wp_woocommerce_attribute_taxonomies`
--

CREATE TABLE IF NOT EXISTS `wp_woocommerce_attribute_taxonomies` (
  `attribute_id` bigint(20) UNSIGNED NOT NULL AUTO_INCREMENT,
  `attribute_name` varchar(200) COLLATE utf8mb4_unicode_520_ci NOT NULL,
  `attribute_label` varchar(200) COLLATE utf8mb4_unicode_520_ci DEFAULT NULL,
  `attribute_type` varchar(20) COLLATE utf8mb4_unicode_520_ci NOT NULL,
  `attribute_orderby` varchar(20) COLLATE utf8mb4_unicode_520_ci NOT NULL,
  `attribute_public` int(1) NOT NULL DEFAULT '1',
  PRIMARY KEY (`attribute_id`),
  KEY `attribute_name` (`attribute_name`(20))
) ENGINE=MyISAM DEFAULT CHARSET=utf8mb4 COLLATE=utf8mb4_unicode_520_ci;

-- --------------------------------------------------------

--
-- Structure de la table `wp_woocommerce_downloadable_product_permissions`
--

CREATE TABLE IF NOT EXISTS `wp_woocommerce_downloadable_product_permissions` (
  `permission_id` bigint(20) UNSIGNED NOT NULL AUTO_INCREMENT,
  `download_id` varchar(36) COLLATE utf8mb4_unicode_520_ci NOT NULL,
  `product_id` bigint(20) UNSIGNED NOT NULL,
  `order_id` bigint(20) UNSIGNED NOT NULL DEFAULT '0',
  `order_key` varchar(200) COLLATE utf8mb4_unicode_520_ci NOT NULL,
  `user_email` varchar(200) COLLATE utf8mb4_unicode_520_ci NOT NULL,
  `user_id` bigint(20) UNSIGNED DEFAULT NULL,
  `downloads_remaining` varchar(9) COLLATE utf8mb4_unicode_520_ci DEFAULT NULL,
  `access_granted` datetime NOT NULL DEFAULT '0000-00-00 00:00:00',
  `access_expires` datetime DEFAULT NULL,
  `download_count` bigint(20) UNSIGNED NOT NULL DEFAULT '0',
  PRIMARY KEY (`permission_id`),
  KEY `download_order_key_product` (`product_id`,`order_id`,`order_key`(16),`download_id`),
  KEY `download_order_product` (`download_id`,`order_id`,`product_id`),
  KEY `order_id` (`order_id`),
  KEY `user_order_remaining_expires` (`user_id`,`order_id`,`downloads_remaining`,`access_expires`)
) ENGINE=MyISAM DEFAULT CHARSET=utf8mb4 COLLATE=utf8mb4_unicode_520_ci;

-- --------------------------------------------------------

--
-- Structure de la table `wp_woocommerce_log`
--

CREATE TABLE IF NOT EXISTS `wp_woocommerce_log` (
  `log_id` bigint(20) UNSIGNED NOT NULL AUTO_INCREMENT,
  `timestamp` datetime NOT NULL,
  `level` smallint(4) NOT NULL,
  `source` varchar(200) COLLATE utf8mb4_unicode_520_ci NOT NULL,
  `message` longtext COLLATE utf8mb4_unicode_520_ci NOT NULL,
  `context` longtext COLLATE utf8mb4_unicode_520_ci,
  PRIMARY KEY (`log_id`),
  KEY `level` (`level`)
) ENGINE=MyISAM DEFAULT CHARSET=utf8mb4 COLLATE=utf8mb4_unicode_520_ci;

-- --------------------------------------------------------

--
-- Structure de la table `wp_woocommerce_order_itemmeta`
--

CREATE TABLE IF NOT EXISTS `wp_woocommerce_order_itemmeta` (
  `meta_id` bigint(20) UNSIGNED NOT NULL AUTO_INCREMENT,
  `order_item_id` bigint(20) UNSIGNED NOT NULL,
  `meta_key` varchar(255) COLLATE utf8mb4_unicode_520_ci DEFAULT NULL,
  `meta_value` longtext COLLATE utf8mb4_unicode_520_ci,
  PRIMARY KEY (`meta_id`),
  KEY `order_item_id` (`order_item_id`),
  KEY `meta_key` (`meta_key`(32))
) ENGINE=MyISAM DEFAULT CHARSET=utf8mb4 COLLATE=utf8mb4_unicode_520_ci;

-- --------------------------------------------------------

--
-- Structure de la table `wp_woocommerce_order_items`
--

CREATE TABLE IF NOT EXISTS `wp_woocommerce_order_items` (
  `order_item_id` bigint(20) UNSIGNED NOT NULL AUTO_INCREMENT,
  `order_item_name` text COLLATE utf8mb4_unicode_520_ci NOT NULL,
  `order_item_type` varchar(200) COLLATE utf8mb4_unicode_520_ci NOT NULL DEFAULT '',
  `order_id` bigint(20) UNSIGNED NOT NULL,
  PRIMARY KEY (`order_item_id`),
  KEY `order_id` (`order_id`)
) ENGINE=MyISAM DEFAULT CHARSET=utf8mb4 COLLATE=utf8mb4_unicode_520_ci;

-- --------------------------------------------------------

--
-- Structure de la table `wp_woocommerce_payment_tokenmeta`
--

CREATE TABLE IF NOT EXISTS `wp_woocommerce_payment_tokenmeta` (
  `meta_id` bigint(20) UNSIGNED NOT NULL AUTO_INCREMENT,
  `payment_token_id` bigint(20) UNSIGNED NOT NULL,
  `meta_key` varchar(255) COLLATE utf8mb4_unicode_520_ci DEFAULT NULL,
  `meta_value` longtext COLLATE utf8mb4_unicode_520_ci,
  PRIMARY KEY (`meta_id`),
  KEY `payment_token_id` (`payment_token_id`),
  KEY `meta_key` (`meta_key`(32))
) ENGINE=MyISAM DEFAULT CHARSET=utf8mb4 COLLATE=utf8mb4_unicode_520_ci;

-- --------------------------------------------------------

--
-- Structure de la table `wp_woocommerce_payment_tokens`
--

CREATE TABLE IF NOT EXISTS `wp_woocommerce_payment_tokens` (
  `token_id` bigint(20) UNSIGNED NOT NULL AUTO_INCREMENT,
  `gateway_id` varchar(200) COLLATE utf8mb4_unicode_520_ci NOT NULL,
  `token` text COLLATE utf8mb4_unicode_520_ci NOT NULL,
  `user_id` bigint(20) UNSIGNED NOT NULL DEFAULT '0',
  `type` varchar(200) COLLATE utf8mb4_unicode_520_ci NOT NULL,
  `is_default` tinyint(1) NOT NULL DEFAULT '0',
  PRIMARY KEY (`token_id`),
  KEY `user_id` (`user_id`)
) ENGINE=MyISAM DEFAULT CHARSET=utf8mb4 COLLATE=utf8mb4_unicode_520_ci;

-- --------------------------------------------------------

--
-- Structure de la table `wp_woocommerce_sessions`
--

CREATE TABLE IF NOT EXISTS `wp_woocommerce_sessions` (
  `session_id` bigint(20) UNSIGNED NOT NULL AUTO_INCREMENT,
  `session_key` char(32) COLLATE utf8mb4_unicode_520_ci NOT NULL,
  `session_value` longtext COLLATE utf8mb4_unicode_520_ci NOT NULL,
  `session_expiry` bigint(20) UNSIGNED NOT NULL,
  PRIMARY KEY (`session_id`),
  UNIQUE KEY `session_key` (`session_key`)
) ENGINE=MyISAM AUTO_INCREMENT=14 DEFAULT CHARSET=utf8mb4 COLLATE=utf8mb4_unicode_520_ci;

--
-- Déchargement des données de la table `wp_woocommerce_sessions`
--

INSERT INTO `wp_woocommerce_sessions` (`session_id`, `session_key`, `session_value`, `session_expiry`) VALUES
(13, '1', 'a:8:{s:22:\"mailchimp_landing_site\";s:199:\"http://localhost/closdanthonyresidence.com/closdanthonyresidence.com/wp-login.php?redirect_to=http%3A%2F%2Flocalhost%2Fclosdanthonyresidence.com%2Fwp-admin%2F&action=confirm_admin_email&wp_lang=fr_FR\";s:4:\"cart\";s:6:\"a:0:{}\";s:11:\"cart_totals\";s:367:\"a:15:{s:8:\"subtotal\";i:0;s:12:\"subtotal_tax\";i:0;s:14:\"shipping_total\";i:0;s:12:\"shipping_tax\";i:0;s:14:\"shipping_taxes\";a:0:{}s:14:\"discount_total\";i:0;s:12:\"discount_tax\";i:0;s:19:\"cart_contents_total\";i:0;s:17:\"cart_contents_tax\";i:0;s:19:\"cart_contents_taxes\";a:0:{}s:9:\"fee_total\";i:0;s:7:\"fee_tax\";i:0;s:9:\"fee_taxes\";a:0:{}s:5:\"total\";i:0;s:9:\"total_tax\";i:0;}\";s:15:\"applied_coupons\";s:6:\"a:0:{}\";s:22:\"coupon_discount_totals\";s:6:\"a:0:{}\";s:26:\"coupon_discount_tax_totals\";s:6:\"a:0:{}\";s:21:\"removed_cart_contents\";s:6:\"a:0:{}\";s:8:\"customer\";s:745:\"a:26:{s:2:\"id\";s:1:\"1\";s:13:\"date_modified\";s:25:\"2022-03-05T19:44:06+01:00\";s:8:\"postcode\";s:0:\"\";s:4:\"city\";s:0:\"\";s:9:\"address_1\";s:0:\"\";s:7:\"address\";s:0:\"\";s:9:\"address_2\";s:0:\"\";s:5:\"state\";s:0:\"\";s:7:\"country\";s:2:\"CM\";s:17:\"shipping_postcode\";s:0:\"\";s:13:\"shipping_city\";s:0:\"\";s:18:\"shipping_address_1\";s:0:\"\";s:16:\"shipping_address\";s:0:\"\";s:18:\"shipping_address_2\";s:0:\"\";s:14:\"shipping_state\";s:0:\"\";s:16:\"shipping_country\";s:2:\"CM\";s:13:\"is_vat_exempt\";s:0:\"\";s:19:\"calculated_shipping\";s:0:\"\";s:10:\"first_name\";s:0:\"\";s:9:\"last_name\";s:0:\"\";s:7:\"company\";s:0:\"\";s:5:\"phone\";s:0:\"\";s:5:\"email\";s:31:\"infos@closdanthonyresidence.net\";s:19:\"shipping_first_name\";s:0:\"\";s:18:\"shipping_last_name\";s:0:\"\";s:16:\"shipping_company\";s:0:\"\";}\";}', 1749131791);

-- --------------------------------------------------------

--
-- Structure de la table `wp_woocommerce_shipping_zones`
--

CREATE TABLE IF NOT EXISTS `wp_woocommerce_shipping_zones` (
  `zone_id` bigint(20) UNSIGNED NOT NULL AUTO_INCREMENT,
  `zone_name` varchar(200) COLLATE utf8mb4_unicode_520_ci NOT NULL,
  `zone_order` bigint(20) UNSIGNED NOT NULL,
  PRIMARY KEY (`zone_id`)
) ENGINE=MyISAM DEFAULT CHARSET=utf8mb4 COLLATE=utf8mb4_unicode_520_ci;

-- --------------------------------------------------------

--
-- Structure de la table `wp_woocommerce_shipping_zone_locations`
--

CREATE TABLE IF NOT EXISTS `wp_woocommerce_shipping_zone_locations` (
  `location_id` bigint(20) UNSIGNED NOT NULL AUTO_INCREMENT,
  `zone_id` bigint(20) UNSIGNED NOT NULL,
  `location_code` varchar(200) COLLATE utf8mb4_unicode_520_ci NOT NULL,
  `location_type` varchar(40) COLLATE utf8mb4_unicode_520_ci NOT NULL,
  PRIMARY KEY (`location_id`),
  KEY `location_id` (`location_id`),
  KEY `location_type_code` (`location_type`(10),`location_code`(20))
) ENGINE=MyISAM DEFAULT CHARSET=utf8mb4 COLLATE=utf8mb4_unicode_520_ci;

-- --------------------------------------------------------

--
-- Structure de la table `wp_woocommerce_shipping_zone_methods`
--

CREATE TABLE IF NOT EXISTS `wp_woocommerce_shipping_zone_methods` (
  `zone_id` bigint(20) UNSIGNED NOT NULL,
  `instance_id` bigint(20) UNSIGNED NOT NULL AUTO_INCREMENT,
  `method_id` varchar(200) COLLATE utf8mb4_unicode_520_ci NOT NULL,
  `method_order` bigint(20) UNSIGNED NOT NULL,
  `is_enabled` tinyint(1) NOT NULL DEFAULT '1',
  PRIMARY KEY (`instance_id`)
) ENGINE=MyISAM DEFAULT CHARSET=utf8mb4 COLLATE=utf8mb4_unicode_520_ci;

-- --------------------------------------------------------

--
-- Structure de la table `wp_woocommerce_tax_rates`
--

CREATE TABLE IF NOT EXISTS `wp_woocommerce_tax_rates` (
  `tax_rate_id` bigint(20) UNSIGNED NOT NULL AUTO_INCREMENT,
  `tax_rate_country` varchar(2) COLLATE utf8mb4_unicode_520_ci NOT NULL DEFAULT '',
  `tax_rate_state` varchar(200) COLLATE utf8mb4_unicode_520_ci NOT NULL DEFAULT '',
  `tax_rate` varchar(8) COLLATE utf8mb4_unicode_520_ci NOT NULL DEFAULT '',
  `tax_rate_name` varchar(200) COLLATE utf8mb4_unicode_520_ci NOT NULL DEFAULT '',
  `tax_rate_priority` bigint(20) UNSIGNED NOT NULL,
  `tax_rate_compound` int(1) NOT NULL DEFAULT '0',
  `tax_rate_shipping` int(1) NOT NULL DEFAULT '1',
  `tax_rate_order` bigint(20) UNSIGNED NOT NULL,
  `tax_rate_class` varchar(200) COLLATE utf8mb4_unicode_520_ci NOT NULL DEFAULT '',
  PRIMARY KEY (`tax_rate_id`),
  KEY `tax_rate_country` (`tax_rate_country`),
  KEY `tax_rate_state` (`tax_rate_state`(2)),
  KEY `tax_rate_class` (`tax_rate_class`(10)),
  KEY `tax_rate_priority` (`tax_rate_priority`)
) ENGINE=MyISAM DEFAULT CHARSET=utf8mb4 COLLATE=utf8mb4_unicode_520_ci;

-- --------------------------------------------------------

--
-- Structure de la table `wp_woocommerce_tax_rate_locations`
--

CREATE TABLE IF NOT EXISTS `wp_woocommerce_tax_rate_locations` (
  `location_id` bigint(20) UNSIGNED NOT NULL AUTO_INCREMENT,
  `location_code` varchar(200) COLLATE utf8mb4_unicode_520_ci NOT NULL,
  `tax_rate_id` bigint(20) UNSIGNED NOT NULL,
  `location_type` varchar(40) COLLATE utf8mb4_unicode_520_ci NOT NULL,
  PRIMARY KEY (`location_id`),
  KEY `tax_rate_id` (`tax_rate_id`),
  KEY `location_type_code` (`location_type`(10),`location_code`(20))
) ENGINE=MyISAM DEFAULT CHARSET=utf8mb4 COLLATE=utf8mb4_unicode_520_ci;

-- --------------------------------------------------------

--
-- Structure de la table `wp_wpforms_tasks_meta`
--

CREATE TABLE IF NOT EXISTS `wp_wpforms_tasks_meta` (
  `id` bigint(20) NOT NULL AUTO_INCREMENT,
  `action` varchar(255) COLLATE utf8mb4_unicode_520_ci NOT NULL,
  `data` longtext COLLATE utf8mb4_unicode_520_ci NOT NULL,
  `date` datetime NOT NULL,
  PRIMARY KEY (`id`)
) ENGINE=InnoDB AUTO_INCREMENT=33 DEFAULT CHARSET=utf8mb4 COLLATE=utf8mb4_unicode_520_ci;

--
-- Déchargement des données de la table `wp_wpforms_tasks_meta`
--

INSERT INTO `wp_wpforms_tasks_meta` (`id`, `action`, `data`, `date`) VALUES
(1, 'wpforms_process_entry_emails_meta_cleanup', 'Wzg2NDAwXQ==', '2021-06-13 09:28:32'),
(2, 'wpforms_admin_addons_cache_update', 'W10=', '2021-06-13 09:28:32'),
(3, 'wpforms_admin_notifications_update', 'W10=', '2021-06-13 09:28:46'),
(4, 'wpforms_builder_help_cache_update', 'W10=', '2021-06-13 09:29:39'),
(5, 'wpforms_admin_notifications_update', 'W10=', '2021-06-14 15:14:28'),
(6, 'wpforms_admin_notifications_update', 'W10=', '2021-06-15 17:05:43'),
(7, 'wpforms_admin_notifications_update', 'W10=', '2021-06-17 13:28:13'),
(8, 'wpforms_admin_notifications_update', 'W10=', '2021-06-22 23:46:44'),
(9, 'wpforms_admin_notifications_update', 'W10=', '2021-09-22 22:20:36'),
(10, 'wpforms_admin_notifications_update', 'W10=', '2021-09-24 12:28:25'),
(11, 'wpforms_admin_notifications_update', 'W10=', '2021-09-27 10:47:23'),
(12, 'wpforms_admin_notifications_update', 'W10=', '2021-09-29 07:54:30'),
(13, 'wpforms_admin_notifications_update', 'W10=', '2021-09-29 07:54:36'),
(14, 'wpforms_admin_notifications_update', 'W10=', '2021-10-28 15:16:04'),
(15, 'wpforms_admin_notifications_update', 'W10=', '2022-03-01 23:04:52'),
(16, 'wpforms_admin_notifications_update', 'W10=', '2022-03-03 09:17:55'),
(17, 'wpforms_admin_notifications_update', 'W10=', '2022-03-05 12:23:23'),
(18, 'wpforms_admin_notifications_update', 'W10=', '2022-04-30 11:15:02'),
(19, 'wpforms_admin_notifications_update', 'W10=', '2022-04-30 11:16:02'),
(20, 'wpforms_admin_notifications_update', 'W10=', '2022-05-04 14:18:10'),
(21, 'wpforms_process_entry_emails_meta_cleanup', 'Wzg2NDAwXQ==', '2022-07-14 15:56:46'),
(22, 'wpforms_admin_notifications_update', 'W10=', '2022-11-08 20:40:29'),
(23, 'wpforms_admin_notifications_update', 'W10=', '2022-11-10 19:28:07'),
(24, 'wpforms_admin_notifications_update', 'W10=', '2022-11-20 03:52:53'),
(25, 'wpforms_admin_notifications_update', 'W10=', '2022-12-07 18:56:04'),
(26, 'wpforms_admin_notifications_update', 'W10=', '2022-12-07 18:57:16'),
(27, 'wpforms_admin_notifications_update', 'W10=', '2022-12-08 18:58:20'),
(28, 'wpforms_admin_notifications_update', 'W10=', '2023-01-28 21:23:11'),
(29, 'wpforms_admin_notifications_update', 'W10=', '2023-01-30 00:54:45'),
(30, 'wpforms_admin_notifications_update', 'W10=', '2023-04-19 16:37:00'),
(31, 'wpforms_admin_notifications_update', 'W10=', '2023-05-10 10:13:42'),
(32, 'wpforms_admin_notifications_update', 'W10=', '2025-06-03 13:56:56');

-- --------------------------------------------------------

--
-- Structure de la table `wp_wpmailsmtp_tasks_meta`
--

CREATE TABLE IF NOT EXISTS `wp_wpmailsmtp_tasks_meta` (
  `id` bigint(20) NOT NULL AUTO_INCREMENT,
  `action` varchar(255) COLLATE utf8mb4_unicode_520_ci NOT NULL,
  `data` longtext COLLATE utf8mb4_unicode_520_ci NOT NULL,
  `date` datetime NOT NULL,
  PRIMARY KEY (`id`)
) ENGINE=MyISAM AUTO_INCREMENT=31 DEFAULT CHARSET=utf8mb4 COLLATE=utf8mb4_unicode_520_ci;

--
-- Déchargement des données de la table `wp_wpmailsmtp_tasks_meta`
--

INSERT INTO `wp_wpmailsmtp_tasks_meta` (`id`, `action`, `data`, `date`) VALUES
(1, 'wp_mail_smtp_admin_notifications_update', 'W10=', '2021-03-08 02:16:11'),
(2, 'wp_mail_smtp_admin_notifications_update', 'W10=', '2021-05-24 11:22:25'),
(3, 'wp_mail_smtp_send_usage_data', 'W10=', '2021-05-24 11:34:31'),
(4, 'wp_mail_smtp_admin_notifications_update', 'W10=', '2021-06-03 14:40:33'),
(5, 'wp_mail_smtp_admin_notifications_update', 'W10=', '2021-06-11 14:33:11'),
(6, 'wp_mail_smtp_admin_notifications_update', 'W10=', '2021-06-13 08:37:56'),
(7, 'wp_mail_smtp_admin_notifications_update', 'W10=', '2021-06-14 15:14:28'),
(8, 'wp_mail_smtp_admin_notifications_update', 'W10=', '2021-06-15 17:05:43'),
(9, 'wp_mail_smtp_admin_notifications_update', 'W10=', '2021-06-17 13:28:13'),
(10, 'wp_mail_smtp_admin_notifications_update', 'W10=', '2021-06-22 23:46:44'),
(11, 'wp_mail_smtp_admin_notifications_update', 'W10=', '2021-09-22 22:20:36'),
(12, 'wp_mail_smtp_admin_notifications_update', 'W10=', '2021-09-24 12:28:25'),
(13, 'wp_mail_smtp_admin_notifications_update', 'W10=', '2022-03-01 23:04:52'),
(14, 'wp_mail_smtp_admin_notifications_update', 'W10=', '2022-03-03 09:17:55'),
(15, 'wp_mail_smtp_admin_notifications_update', 'W10=', '2022-03-05 12:23:23'),
(16, 'wp_mail_smtp_admin_notifications_update', 'W10=', '2022-04-30 11:15:00'),
(17, 'wp_mail_smtp_admin_notifications_update', 'W10=', '2022-04-30 11:15:00'),
(18, 'wp_mail_smtp_admin_notifications_update', 'W10=', '2022-04-30 11:16:02'),
(19, 'wp_mail_smtp_admin_notifications_update', 'W10=', '2022-05-04 14:18:08'),
(20, 'wp_mail_smtp_admin_notifications_update', 'W10=', '2022-11-08 20:40:29'),
(21, 'wp_mail_smtp_admin_notifications_update', 'W10=', '2022-11-10 19:28:07'),
(22, 'wp_mail_smtp_admin_notifications_update', 'W10=', '2022-11-10 19:28:27'),
(23, 'wp_mail_smtp_admin_notifications_update', 'W10=', '2022-11-20 03:52:52'),
(24, 'wp_mail_smtp_admin_notifications_update', 'W10=', '2022-12-07 18:56:04'),
(25, 'wp_mail_smtp_admin_notifications_update', 'W10=', '2022-12-07 18:57:16'),
(26, 'wp_mail_smtp_admin_notifications_update', 'W10=', '2022-12-08 18:58:20'),
(27, 'wp_mail_smtp_admin_notifications_update', 'W10=', '2023-01-28 21:23:11'),
(28, 'wp_mail_smtp_admin_notifications_update', 'W10=', '2023-01-30 00:54:45'),
(29, 'wp_mail_smtp_admin_notifications_update', 'W10=', '2023-04-19 16:37:00'),
(30, 'wp_mail_smtp_admin_notifications_update', 'W10=', '2023-05-10 10:13:42');

-- --------------------------------------------------------

--
-- Structure de la table `wp_wpsbc_calendars`
--

CREATE TABLE IF NOT EXISTS `wp_wpsbc_calendars` (
  `id` bigint(10) NOT NULL AUTO_INCREMENT,
  `name` text COLLATE utf8mb4_unicode_520_ci NOT NULL,
  `date_created` datetime NOT NULL,
  `date_modified` datetime NOT NULL,
  `status` text COLLATE utf8mb4_unicode_520_ci NOT NULL,
  `ical_hash` text COLLATE utf8mb4_unicode_520_ci NOT NULL,
  PRIMARY KEY (`id`)
) ENGINE=MyISAM AUTO_INCREMENT=2 DEFAULT CHARSET=utf8mb4 COLLATE=utf8mb4_unicode_520_ci;

--
-- Déchargement des données de la table `wp_wpsbc_calendars`
--

INSERT INTO `wp_wpsbc_calendars` (`id`, `name`, `date_created`, `date_modified`, `status`, `ical_hash`) VALUES
(1, 'calendar test', '2022-03-05 19:33:24', '2022-03-05 19:34:06', 'active', 'seTBEoCDd4OLfbP9WFt6223acf48e538');

-- --------------------------------------------------------

--
-- Structure de la table `wp_wpsbc_calendar_meta`
--

CREATE TABLE IF NOT EXISTS `wp_wpsbc_calendar_meta` (
  `meta_id` bigint(20) NOT NULL AUTO_INCREMENT,
  `calendar_id` bigint(20) NOT NULL DEFAULT '0',
  `meta_key` varchar(255) COLLATE utf8mb4_unicode_520_ci DEFAULT NULL,
  `meta_value` longtext COLLATE utf8mb4_unicode_520_ci,
  PRIMARY KEY (`meta_id`),
  KEY `calendar_id` (`calendar_id`),
  KEY `meta_key` (`meta_key`(191))
) ENGINE=MyISAM AUTO_INCREMENT=2 DEFAULT CHARSET=utf8mb4 COLLATE=utf8mb4_unicode_520_ci;

--
-- Déchargement des données de la table `wp_wpsbc_calendar_meta`
--

INSERT INTO `wp_wpsbc_calendar_meta` (`meta_id`, `calendar_id`, `meta_key`, `meta_value`) VALUES
(1, 1, 'calendar_name_translation_fr', '');

-- --------------------------------------------------------

--
-- Structure de la table `wp_wpsbc_events`
--

CREATE TABLE IF NOT EXISTS `wp_wpsbc_events` (
  `id` bigint(10) NOT NULL AUTO_INCREMENT,
  `date_year` smallint(4) NOT NULL,
  `date_month` smallint(2) NOT NULL,
  `date_day` smallint(2) NOT NULL,
  `calendar_id` bigint(10) NOT NULL,
  `legend_item_id` bigint(10) NOT NULL,
  `description` longtext COLLATE utf8mb4_unicode_520_ci NOT NULL,
  `tooltip` longtext COLLATE utf8mb4_unicode_520_ci NOT NULL,
  PRIMARY KEY (`id`)
) ENGINE=MyISAM DEFAULT CHARSET=utf8mb4 COLLATE=utf8mb4_unicode_520_ci;

-- --------------------------------------------------------

--
-- Structure de la table `wp_wpsbc_event_meta`
--

CREATE TABLE IF NOT EXISTS `wp_wpsbc_event_meta` (
  `meta_id` bigint(20) NOT NULL AUTO_INCREMENT,
  `event_id` bigint(20) NOT NULL DEFAULT '0',
  `meta_key` varchar(255) COLLATE utf8mb4_unicode_520_ci DEFAULT NULL,
  `meta_value` longtext COLLATE utf8mb4_unicode_520_ci,
  PRIMARY KEY (`meta_id`),
  KEY `event_id` (`event_id`),
  KEY `meta_key` (`meta_key`(191))
) ENGINE=MyISAM DEFAULT CHARSET=utf8mb4 COLLATE=utf8mb4_unicode_520_ci;

-- --------------------------------------------------------

--
-- Structure de la table `wp_wpsbc_legend_items`
--

CREATE TABLE IF NOT EXISTS `wp_wpsbc_legend_items` (
  `id` bigint(10) NOT NULL AUTO_INCREMENT,
  `type` varchar(255) COLLATE utf8mb4_unicode_520_ci NOT NULL,
  `name` text COLLATE utf8mb4_unicode_520_ci NOT NULL,
  `color` text COLLATE utf8mb4_unicode_520_ci NOT NULL,
  `color_text` text COLLATE utf8mb4_unicode_520_ci,
  `is_default` tinyint(1) NOT NULL,
  `is_visible` tinyint(1) NOT NULL,
  `calendar_id` bigint(10) NOT NULL,
  PRIMARY KEY (`id`)
) ENGINE=MyISAM AUTO_INCREMENT=6 DEFAULT CHARSET=utf8mb4 COLLATE=utf8mb4_unicode_520_ci;

--
-- Déchargement des données de la table `wp_wpsbc_legend_items`
--

INSERT INTO `wp_wpsbc_legend_items` (`id`, `type`, `name`, `color`, `color_text`, `is_default`, `is_visible`, `calendar_id`) VALUES
(1, 'single', 'Available', '[\"#ddffcc\"]', NULL, 1, 1, 1),
(2, 'single', 'Booked', '[\"#ffc0bd\"]', NULL, 0, 1, 1),
(3, 'single', 'Changeover', '[\"#fee2a0\"]', NULL, 0, 1, 1),
(4, 'split', 'Changeover 1', '[\"#ddffcc\",\"#ffc0bd\"]', NULL, 0, 0, 1),
(5, 'split', 'Changeover 2', '[\"#ffc0bd\",\"#ddffcc\"]', NULL, 0, 0, 1);

-- --------------------------------------------------------

--
-- Structure de la table `wp_wpsbc_legend_item_meta`
--

CREATE TABLE IF NOT EXISTS `wp_wpsbc_legend_item_meta` (
  `meta_id` bigint(20) NOT NULL AUTO_INCREMENT,
  `legend_item_id` bigint(20) NOT NULL DEFAULT '0',
  `meta_key` varchar(255) COLLATE utf8mb4_unicode_520_ci DEFAULT NULL,
  `meta_value` longtext COLLATE utf8mb4_unicode_520_ci,
  PRIMARY KEY (`meta_id`),
  KEY `legend_item_id` (`legend_item_id`),
  KEY `meta_key` (`meta_key`(191))
) ENGINE=MyISAM AUTO_INCREMENT=88 DEFAULT CHARSET=utf8mb4 COLLATE=utf8mb4_unicode_520_ci;

--
-- Déchargement des données de la table `wp_wpsbc_legend_item_meta`
--

INSERT INTO `wp_wpsbc_legend_item_meta` (`meta_id`, `legend_item_id`, `meta_key`, `meta_value`) VALUES
(1, 1, 'translation_en', 'Available'),
(2, 1, 'translation_bg', 'Свободен'),
(3, 1, 'translation_ca', 'Disponible'),
(4, 1, 'translation_hr', 'Dostupno'),
(5, 1, 'translation_cz', 'Dostupný'),
(6, 1, 'translation_da', 'Ledig'),
(7, 1, 'translation_nl', 'Beschikbaar'),
(8, 1, 'translation_et', 'Saadaval'),
(9, 1, 'translation_fi', 'Käytettävissä'),
(10, 1, 'translation_fr', 'Disponible'),
(11, 1, 'translation_gl', 'Dispoñible'),
(12, 1, 'translation_de', 'Verfügbar'),
(13, 1, 'translation_el', 'Διαθέσιμος'),
(14, 1, 'translation_hu', 'Elérhető'),
(15, 1, 'translation_it', 'Disponibile'),
(16, 1, 'translation_jp', '利用可能'),
(17, 1, 'translation_lt', 'Yra'),
(18, 1, 'translation_no', 'Tilgjengelig'),
(19, 1, 'translation_pl', 'Dostępny'),
(20, 1, 'translation_pt', 'Disponível'),
(21, 1, 'translation_ro', 'Disponibil'),
(22, 1, 'translation_ru', 'Доступный'),
(23, 1, 'translation_sr', 'Доступан'),
(24, 1, 'translation_sk', 'Dostupný'),
(25, 1, 'translation_sl', 'Veljaven'),
(26, 1, 'translation_es', 'Disponible'),
(27, 1, 'translation_sv', 'Tillgängliga'),
(28, 1, 'translation_tr', 'Mevcut'),
(29, 1, 'translation_ua', 'Доступні'),
(30, 2, 'translation_en', 'Booked'),
(31, 2, 'translation_bg', 'Резервирано'),
(32, 2, 'translation_ca', 'Reservat'),
(33, 2, 'translation_hr', 'Rezerviran'),
(34, 2, 'translation_cs', 'Rezervováno'),
(35, 2, 'translation_da', 'Reserveret'),
(36, 2, 'translation_nl', 'Geboekt'),
(37, 2, 'translation_et', 'Broneeritud'),
(38, 2, 'translation_fi', 'Varattu'),
(39, 2, 'translation_fr', 'Réservé'),
(40, 2, 'translation_gl', 'Reservado'),
(41, 2, 'translation_de', 'Gebucht'),
(42, 2, 'translation_el', 'Κράτηση'),
(43, 2, 'translation_hu', 'Foglalt'),
(44, 2, 'translation_it', 'Riservato'),
(45, 2, 'translation_jp', '予約済み'),
(46, 2, 'translation_lt', 'Užsakyta'),
(47, 2, 'translation_no', 'Bestilt'),
(48, 2, 'translation_pl', 'Zarezerwowane'),
(49, 2, 'translation_pt', 'Reservado'),
(50, 2, 'translation_ro', 'Rezervat'),
(51, 2, 'translation_ru', 'Бронирования'),
(52, 2, 'translation_sr', 'Резервисан'),
(53, 2, 'translation_sk', 'Rezervovaný'),
(54, 2, 'translation_sl', 'Rezervirano'),
(55, 2, 'translation_es', 'Reservado'),
(56, 2, 'translation_sv', 'Bokad'),
(57, 2, 'translation_tr', 'Rezervasyon'),
(58, 2, 'translation_ua', 'Забронювали'),
(59, 3, 'translation_en', 'Changeover'),
(60, 3, 'translation_bg', 'смяна'),
(61, 3, 'translation_ca', 'Canvi'),
(62, 3, 'translation_hr', 'Prebacivanje'),
(63, 3, 'translation_cs', 'Přechod'),
(64, 3, 'translation_da', 'Skiftedag'),
(65, 3, 'translation_nl', 'Wisseldag'),
(66, 3, 'translation_et', 'Üleminek'),
(67, 3, 'translation_fi', 'Siirtyminen'),
(68, 3, 'translation_fr', 'Passage'),
(69, 3, 'translation_gl', 'Cambio'),
(70, 3, 'translation_de', 'Umstellung'),
(71, 3, 'translation_el', 'Εναλλαγή'),
(72, 3, 'translation_hu', 'Átállás'),
(73, 3, 'translation_it', 'Passaggio'),
(74, 3, 'translation_jp', '切り替え'),
(75, 3, 'translation_lt', 'Euro įvedimas'),
(76, 3, 'translation_no', 'Ankomst'),
(77, 3, 'translation_pl', 'Przełączenie'),
(78, 3, 'translation_pt', 'Mudança'),
(79, 3, 'translation_ro', 'Schimbare'),
(80, 3, 'translation_ru', 'переналадка'),
(81, 3, 'translation_sr', 'Промјена'),
(82, 3, 'translation_sk', 'Zmena'),
(83, 3, 'translation_sl', 'Zamenjava'),
(84, 3, 'translation_es', 'Cambio'),
(85, 3, 'translation_sv', 'Övergång'),
(86, 3, 'translation_tr', 'Değiştirme'),
(87, 3, 'translation_ua', 'Перехід');

-- --------------------------------------------------------

--
-- Doublure de structure pour la vue `wp_wsm_bouncevisits`
-- (Voir ci-dessous la vue réelle)
--
DROP VIEW IF EXISTS `wp_wsm_bouncevisits`;
CREATE TABLE IF NOT EXISTS `wp_wsm_bouncevisits` (
);

-- --------------------------------------------------------

--
-- Structure de la table `wp_wsm_browsers`
--

CREATE TABLE IF NOT EXISTS `wp_wsm_browsers` (
  `id` tinyint(2) UNSIGNED NOT NULL AUTO_INCREMENT,
  `name` varchar(255) DEFAULT NULL,
  PRIMARY KEY (`id`)
) ENGINE=InnoDB AUTO_INCREMENT=14 DEFAULT CHARSET=utf8;

--
-- Déchargement des données de la table `wp_wsm_browsers`
--

INSERT INTO `wp_wsm_browsers` (`id`, `name`) VALUES
(1, 'Mozilla Firefox'),
(2, 'Google Chrome'),
(3, 'Opera'),
(4, 'Safari'),
(5, 'Internet Explorer'),
(6, 'Micorsoft Edge'),
(7, 'Torch'),
(8, 'Maxthon'),
(9, 'SeaMonkey'),
(10, 'Avant Browser'),
(11, 'Deepnet Explorer'),
(12, 'UE Browser'),
(13, 'BingPreview');

-- --------------------------------------------------------

--
-- Structure de la table `wp_wsm_countries`
--

CREATE TABLE IF NOT EXISTS `wp_wsm_countries` (
  `id` int(10) UNSIGNED NOT NULL AUTO_INCREMENT,
  `name` varchar(255) CHARACTER SET utf8 COLLATE utf8_bin NOT NULL,
  `alpha2Code` varchar(2) CHARACTER SET utf8 COLLATE utf8_bin NOT NULL,
  `alpha3Code` varchar(3) CHARACTER SET utf8 COLLATE utf8_bin NOT NULL,
  `numericCode` smallint(6) NOT NULL,
  PRIMARY KEY (`id`),
  UNIQUE KEY `id` (`id`)
) ENGINE=InnoDB AUTO_INCREMENT=250 DEFAULT CHARSET=utf8;

--
-- Déchargement des données de la table `wp_wsm_countries`
--

INSERT INTO `wp_wsm_countries` (`id`, `name`, `alpha2Code`, `alpha3Code`, `numericCode`) VALUES
(1, 'Afghanistan', 'AF', 'AFG', 4),
(2, '&Aring;land Islands', 'AX', 'ALA', 248),
(3, 'Albania', 'AL', 'ALB', 8),
(4, 'Algeria', 'DZ', 'DZA', 12),
(5, 'American Samoa', 'AS', 'ASM', 16),
(6, 'Andorra', 'AD', 'AND', 20),
(7, 'Angola', 'AO', 'AGO', 24),
(8, 'Anguilla', 'AI', 'AIA', 660),
(9, 'Antarctica', 'AQ', 'ATA', 10),
(10, 'Antigua and Barbuda', 'AG', 'ATG', 28),
(11, 'Argentina', 'AR', 'ARG', 32),
(12, 'Armenia', 'AM', 'ARM', 51),
(13, 'Aruba', 'AW', 'ABW', 533),
(14, 'Australia', 'AU', 'AUS', 36),
(15, 'Austria', 'AT', 'AUT', 40),
(16, 'Azerbaijan', 'AZ', 'AZE', 31),
(17, 'Bahamas', 'BS', 'BHS', 44),
(18, 'Bahrain', 'BH', 'BHR', 48),
(19, 'Bangladesh', 'BD', 'BGD', 50),
(20, 'Barbados', 'BB', 'BRB', 52),
(21, 'Belarus', 'BY', 'BLR', 112),
(22, 'Belgium', 'BE', 'BEL', 56),
(23, 'Belize', 'BZ', 'BLZ', 84),
(24, 'Benin', 'BJ', 'BEN', 204),
(25, 'Bermuda', 'BM', 'BMU', 60),
(26, 'Bhutan', 'BT', 'BTN', 64),
(27, 'Bolivia, Plurinational State of', 'BO', 'BOL', 68),
(28, 'Bonaire, Sint Eustatius and Saba', 'BQ', 'BES', 535),
(29, 'Bosnia and Herzegovina', 'BA', 'BIH', 70),
(30, 'Botswana', 'BW', 'BWA', 72),
(31, 'Bouvet Island', 'BV', 'BVT', 74),
(32, 'Brazil', 'BR', 'BRA', 76),
(33, 'British Indian Ocean Territory', 'IO', 'IOT', 86),
(34, 'Brunei Darussalam', 'BN', 'BRN', 96),
(35, 'Bulgaria', 'BG', 'BGR', 100),
(36, 'Burkina Faso', 'BF', 'BFA', 854),
(37, 'Burundi', 'BI', 'BDI', 108),
(38, 'Cambodia', 'KH', 'KHM', 116),
(39, 'Cameroon', 'CM', 'CMR', 120),
(40, 'Canada', 'CA', 'CAN', 124),
(41, 'Cape Verde', 'CV', 'CPV', 132),
(42, 'Cayman Islands', 'KY', 'CYM', 136),
(43, 'Central African Republic', 'CF', 'CAF', 140),
(44, 'Chad', 'TD', 'TCD', 148),
(45, 'Chile', 'CL', 'CHL', 152),
(46, 'China', 'CN', 'CHN', 156),
(47, 'Christmas Island', 'CX', 'CXR', 162),
(48, 'Cocos (Keeling) Islands', 'CC', 'CCK', 166),
(49, 'Colombia', 'CO', 'COL', 170),
(50, 'Comoros', 'KM', 'COM', 174),
(51, 'Congo', 'CG', 'COG', 178),
(52, 'Congo, the Democratic Republic of the', 'CD', 'COD', 180),
(53, 'Cook Islands', 'CK', 'COK', 184),
(54, 'Costa Rica', 'CR', 'CRI', 188),
(55, 'C&ocirc;te d\'\'Ivoire', 'CI', 'CIV', 384),
(56, 'Croatia', 'HR', 'HRV', 191),
(57, 'Cuba', 'CU', 'CUB', 192),
(58, 'Cura', 'CW', 'CUW', 531),
(59, 'Cyprus', 'CY', 'CYP', 196),
(60, 'Czech Republic', 'CZ', 'CZE', 203),
(61, 'Denmark', 'DK', 'DNK', 208),
(62, 'Djibouti', 'DJ', 'DJI', 262),
(63, 'Dominica', 'DM', 'DMA', 212),
(64, 'Dominican Republic', 'DO', 'DOM', 214),
(65, 'Ecuador', 'EC', 'ECU', 218),
(66, 'Egypt', 'EG', 'EGY', 818),
(67, 'El Salvador', 'SV', 'SLV', 222),
(68, 'Equatorial Guinea', 'GQ', 'GNQ', 226),
(69, 'Eritrea', 'ER', 'ERI', 232),
(70, 'Estonia', 'EE', 'EST', 233),
(71, 'Ethiopia', 'ET', 'ETH', 231),
(72, 'Falkland Islands (Malvinas)', 'FK', 'FLK', 238),
(73, 'Faroe Islands', 'FO', 'FRO', 234),
(74, 'Fiji', 'FJ', 'FJI', 242),
(75, 'Finland', 'FI', 'FIN', 246),
(76, 'France', 'FR', 'FRA', 250),
(77, 'French Guiana', 'GF', 'GUF', 254),
(78, 'French Polynesia', 'PF', 'PYF', 258),
(79, 'French Southern Territories', 'TF', 'ATF', 260),
(80, 'Gabon', 'GA', 'GAB', 266),
(81, 'Gambia', 'GM', 'GMB', 270),
(82, 'Georgia', 'GE', 'GEO', 268),
(83, 'Germany', 'DE', 'DEU', 276),
(84, 'Ghana', 'GH', 'GHA', 288),
(85, 'Gibraltar', 'GI', 'GIB', 292),
(86, 'Greece', 'GR', 'GRC', 300),
(87, 'Greenland', 'GL', 'GRL', 304),
(88, 'Grenada', 'GD', 'GRD', 308),
(89, 'Guadeloupe', 'GP', 'GLP', 312),
(90, 'Guam', 'GU', 'GUM', 316),
(91, 'Guatemala', 'GT', 'GTM', 320),
(92, 'Guernsey', 'GG', 'GGY', 831),
(93, 'Guinea', 'GN', 'GIN', 324),
(94, 'Guinea-Bissau', 'GW', 'GNB', 624),
(95, 'Guyana', 'GY', 'GUY', 328),
(96, 'Haiti', 'HT', 'HTI', 332),
(97, 'Heard Island and McDonald Islands', 'HM', 'HMD', 334),
(98, 'Holy See (Vatican City State)', 'VA', 'VAT', 336),
(99, 'Honduras', 'HN', 'HND', 340),
(100, 'Hong Kong', 'HK', 'HKG', 344),
(101, 'Hungary', 'HU', 'HUN', 348),
(102, 'Iceland', 'IS', 'ISL', 352),
(103, 'India', 'IN', 'IND', 356),
(104, 'Indonesia', 'ID', 'IDN', 360),
(105, 'Iran, Islamic Republic of', 'IR', 'IRN', 364),
(106, 'Iraq', 'IQ', 'IRQ', 368),
(107, 'Ireland', 'IE', 'IRL', 372),
(108, 'Isle of Man', 'IM', 'IMN', 833),
(109, 'Israel', 'IL', 'ISR', 376),
(110, 'Italy', 'IT', 'ITA', 380),
(111, 'Jamaica', 'JM', 'JAM', 388),
(112, 'Japan', 'JP', 'JPN', 392),
(113, 'Jersey', 'JE', 'JEY', 832),
(114, 'Jordan', 'JO', 'JOR', 400),
(115, 'Kazakhstan', 'KZ', 'KAZ', 398),
(116, 'Kenya', 'KE', 'KEN', 404),
(117, 'Kiribati', 'KI', 'KIR', 296),
(118, 'Korea, Democratic People\'s Republic of', 'KP', 'PRK', 408),
(119, 'Korea, Republic of', 'KR', 'KOR', 410),
(120, 'Kuwait', 'KW', 'KWT', 414),
(121, 'Kyrgyzstan', 'KG', 'KGZ', 417),
(122, 'Lao People\'s Democratic Republic', 'LA', 'LAO', 418),
(123, 'Latvia', 'LV', 'LVA', 428),
(124, 'Lebanon', 'LB', 'LBN', 422),
(125, 'Lesotho', 'LS', 'LSO', 426),
(126, 'Liberia', 'LR', 'LBR', 430),
(127, 'Libya', 'LY', 'LBY', 434),
(128, 'Liechtenstein', 'LI', 'LIE', 438),
(129, 'Lithuania', 'LT', 'LTU', 440),
(130, 'Luxembourg', 'LU', 'LUX', 442),
(131, 'Macao', 'MO', 'MAC', 446),
(132, 'Macedonia, the former Yugoslav Republic of', 'MK', 'MKD', 807),
(133, 'Madagascar', 'MG', 'MDG', 450),
(134, 'Malawi', 'MW', 'MWI', 454),
(135, 'Malaysia', 'MY', 'MYS', 458),
(136, 'Maldives', 'MV', 'MDV', 462),
(137, 'Mali', 'ML', 'MLI', 466),
(138, 'Malta', 'MT', 'MLT', 470),
(139, 'Marshall Islands', 'MH', 'MHL', 584),
(140, 'Martinique', 'MQ', 'MTQ', 474),
(141, 'Mauritania', 'MR', 'MRT', 478),
(142, 'Mauritius', 'MU', 'MUS', 480),
(143, 'Mayotte', 'YT', 'MYT', 175),
(144, 'Mexico', 'MX', 'MEX', 484),
(145, 'Micronesia, Federated States of', 'FM', 'FSM', 583),
(146, 'Moldova, Republic of', 'MD', 'MDA', 498),
(147, 'Monaco', 'MC', 'MCO', 492),
(148, 'Mongolia', 'MN', 'MNG', 496),
(149, 'Montenegro', 'ME', 'MNE', 499),
(150, 'Montserrat', 'MS', 'MSR', 500),
(151, 'Morocco', 'MA', 'MAR', 504),
(152, 'Mozambique', 'MZ', 'MOZ', 508),
(153, 'Myanmar', 'MM', 'MMR', 104),
(154, 'Namibia', 'NA', 'NAM', 516),
(155, 'Nauru', 'NR', 'NRU', 520),
(156, 'Nepal', 'NP', 'NPL', 524),
(157, 'Netherlands', 'NL', 'NLD', 528),
(158, 'New Caledonia', 'NC', 'NCL', 540),
(159, 'New Zealand', 'NZ', 'NZL', 554),
(160, 'Nicaragua', 'NI', 'NIC', 558),
(161, 'Niger', 'NE', 'NER', 562),
(162, 'Nigeria', 'NG', 'NGA', 566),
(163, 'Niue', 'NU', 'NIU', 570),
(164, 'Norfolk Island', 'NF', 'NFK', 574),
(165, 'Northern Mariana Islands', 'MP', 'MNP', 580),
(166, 'Norway', 'NO', 'NOR', 578),
(167, 'Oman', 'OM', 'OMN', 512),
(168, 'Pakistan', 'PK', 'PAK', 586),
(169, 'Palau', 'PW', 'PLW', 585),
(170, 'Palestine, State of', 'PS', 'PSE', 275),
(171, 'Panama', 'PA', 'PAN', 591),
(172, 'Papua New Guinea', 'PG', 'PNG', 598),
(173, 'Paraguay', 'PY', 'PRY', 600),
(174, 'Peru', 'PE', 'PER', 604),
(175, 'Philippines', 'PH', 'PHL', 608),
(176, 'Pitcairn', 'PN', 'PCN', 612),
(177, 'Poland', 'PL', 'POL', 616),
(178, 'Portugal', 'PT', 'PRT', 620),
(179, 'Puerto Rico', 'PR', 'PRI', 630),
(180, 'Qatar', 'QA', 'QAT', 634),
(181, 'R&eacute;union', 'RE', 'REU', 638),
(182, 'Romania', 'RO', 'ROU', 642),
(183, 'Russian Federation', 'RU', 'RUS', 643),
(184, 'Rwanda', 'RW', 'RWA', 646),
(185, 'Saint Barth&eacute;lemy', 'BL', 'BLM', 652),
(186, 'Saint Helena, Ascension and Tristan da Cunha', 'SH', 'SHN', 654),
(187, 'Saint Kitts and Nevis', 'KN', 'KNA', 659),
(188, 'Saint Lucia', 'LC', 'LCA', 662),
(189, 'Saint Martin (French part)', 'MF', 'MAF', 663),
(190, 'Saint Pierre and Miquelon', 'PM', 'SPM', 666),
(191, 'Saint Vincent and the Grenadines', 'VC', 'VCT', 670),
(192, 'Samoa', 'WS', 'WSM', 882),
(193, 'San Marino', 'SM', 'SMR', 674),
(194, 'Sao Tome and Principe', 'ST', 'STP', 678),
(195, 'Saudi Arabia', 'SA', 'SAU', 682),
(196, 'Senegal', 'SN', 'SEN', 686),
(197, 'Serbia', 'RS', 'SRB', 688),
(198, 'Seychelles', 'SC', 'SYC', 690),
(199, 'Sierra Leone', 'SL', 'SLE', 694),
(200, 'Singapore', 'SG', 'SGP', 702),
(201, 'Sint Maarten (Dutch part)', 'SX', 'SXM', 534),
(202, 'Slovakia', 'SK', 'SVK', 703),
(203, 'Slovenia', 'SI', 'SVN', 705),
(204, 'Solomon Islands', 'SB', 'SLB', 90),
(205, 'Somalia', 'SO', 'SOM', 706),
(206, 'South Africa', 'ZA', 'ZAF', 710),
(207, 'South Georgia and the South Sandwich Islands', 'GS', 'SGS', 239),
(208, 'South Sudan', 'SS', 'SSD', 728),
(209, 'Spain', 'ES', 'ESP', 724),
(210, 'Sri Lanka', 'LK', 'LKA', 144),
(211, 'Sudan', 'SD', 'SDN', 729),
(212, 'Suriname', 'SR', 'SUR', 740),
(213, 'Svalbard and Jan Mayen', 'SJ', 'SJM', 744),
(214, 'Swaziland', 'SZ', 'SWZ', 748),
(215, 'Sweden', 'SE', 'SWE', 752),
(216, 'Switzerland', 'CH', 'CHE', 756),
(217, 'Syrian Arab Republic', 'SY', 'SYR', 760),
(218, 'Taiwan, Province of China', 'TW', 'TWN', 158),
(219, 'Tajikistan', 'TJ', 'TJK', 762),
(220, 'Tanzania, United Republic of', 'TZ', 'TZA', 834),
(221, 'Thailand', 'TH', 'THA', 764),
(222, 'Timor-Leste', 'TL', 'TLS', 626),
(223, 'Togo', 'TG', 'TGO', 768),
(224, 'Tokelau', 'TK', 'TKL', 772),
(225, 'Tonga', 'TO', 'TON', 776),
(226, 'Trinidad and Tobago', 'TT', 'TTO', 780),
(227, 'Tunisia', 'TN', 'TUN', 788),
(228, 'Turkey', 'TR', 'TUR', 792),
(229, 'Turkmenistan', 'TM', 'TKM', 795),
(230, 'Turks and Caicos Islands', 'TC', 'TCA', 796),
(231, 'Tuvalu', 'TV', 'TUV', 798),
(232, 'Uganda', 'UG', 'UGA', 800),
(233, 'Ukraine', 'UA', 'UKR', 804),
(234, 'United Arab Emirates', 'AE', 'ARE', 784),
(235, 'United Kingdom', 'GB', 'GBR', 826),
(236, 'United States', 'US', 'USA', 840),
(237, 'United States Minor Outlying Islands', 'UM', 'UMI', 581),
(238, 'Uruguay', 'UY', 'URY', 858),
(239, 'Uzbekistan', 'UZ', 'UZB', 860),
(240, 'Vanuatu', 'VU', 'VUT', 548),
(241, 'Venezuela, Bolivarian Republic of', 'VE', 'VEN', 862),
(242, 'Viet Nam', 'VN', 'VNM', 704),
(243, 'Virgin Islands, British', 'VG', 'VGB', 92),
(244, 'Virgin Islands, U.S.', 'VI', 'VIR', 850),
(245, 'Wallis and Futuna', 'WF', 'WLF', 876),
(246, 'Western Sahara', 'EH', 'ESH', 732),
(247, 'Yemen', 'YE', 'YEM', 887),
(248, 'Zambia', 'ZM', 'ZMB', 894),
(249, 'Zimbabwe', 'ZW', 'ZWE', 716);

-- --------------------------------------------------------

--
-- Structure de la table `wp_wsm_dailyhourlyreport`
--

CREATE TABLE IF NOT EXISTS `wp_wsm_dailyhourlyreport` (
  `id` int(10) UNSIGNED NOT NULL AUTO_INCREMENT,
  `name` varchar(50) NOT NULL,
  `reportDate` datetime NOT NULL,
  `content` text NOT NULL,
  `timezone` varchar(20) NOT NULL,
  PRIMARY KEY (`id`)
) ENGINE=InnoDB AUTO_INCREMENT=41 DEFAULT CHARSET=utf8;

--
-- Déchargement des données de la table `wp_wsm_dailyhourlyreport`
--

INSERT INTO `wp_wsm_dailyhourlyreport` (`id`, `name`, `reportDate`, `content`, `timezone`) VALUES
(1, 'hourWisePageViews', '2021-06-15 00:00:00', 'a:1:{i:0;a:2:{s:4:\"hour\";s:2:\"19\";s:9:\"pageViews\";s:1:\"8\";}}', '+02:00'),
(2, 'hourWiseVisitors', '2021-06-15 00:00:00', 'a:1:{i:0;a:2:{s:4:\"hour\";s:2:\"19\";s:8:\"visitors\";s:1:\"1\";}}', '+02:00'),
(3, 'hourWiseFirstVisitors', '2021-06-15 00:00:00', 'a:1:{i:0;a:2:{s:4:\"hour\";s:2:\"19\";s:8:\"visitors\";s:1:\"1\";}}', '+02:00'),
(4, 'hourWisePageViews', '2021-06-16 00:00:00', 'a:4:{i:0;a:2:{s:4:\"hour\";s:1:\"2\";s:9:\"pageViews\";s:1:\"1\";}i:1;a:2:{s:4:\"hour\";s:2:\"11\";s:9:\"pageViews\";s:1:\"7\";}i:2;a:2:{s:4:\"hour\";s:2:\"12\";s:9:\"pageViews\";s:1:\"1\";}i:3;a:2:{s:4:\"hour\";s:2:\"13\";s:9:\"pageViews\";s:1:\"1\";}}', '+02:00'),
(5, 'hourWiseVisitors', '2021-06-16 00:00:00', 'a:3:{i:0;a:2:{s:4:\"hour\";s:1:\"2\";s:8:\"visitors\";s:1:\"1\";}i:1;a:2:{s:4:\"hour\";s:2:\"12\";s:8:\"visitors\";s:1:\"1\";}i:2;a:2:{s:4:\"hour\";s:2:\"13\";s:8:\"visitors\";s:1:\"1\";}}', '+02:00'),
(6, 'hourWiseFirstVisitors', '2021-06-16 00:00:00', 'a:2:{i:0;a:2:{s:4:\"hour\";s:1:\"2\";s:8:\"visitors\";s:1:\"1\";}i:1;a:2:{s:4:\"hour\";s:2:\"13\";s:8:\"visitors\";s:1:\"1\";}}', '+02:00'),
(7, 'hourWisePageViews', '2021-06-17 00:00:00', 'a:2:{i:0;a:2:{s:4:\"hour\";s:2:\"15\";s:9:\"pageViews\";s:1:\"1\";}i:1;a:2:{s:4:\"hour\";s:2:\"21\";s:9:\"pageViews\";s:1:\"1\";}}', '+02:00'),
(8, 'hourWiseVisitors', '2021-06-17 00:00:00', 'a:2:{i:0;a:2:{s:4:\"hour\";s:2:\"15\";s:8:\"visitors\";s:1:\"1\";}i:1;a:2:{s:4:\"hour\";s:2:\"21\";s:8:\"visitors\";s:1:\"1\";}}', '+02:00'),
(9, 'hourWiseFirstVisitors', '2021-06-17 00:00:00', 'a:1:{i:0;a:2:{s:4:\"hour\";s:2:\"21\";s:8:\"visitors\";s:1:\"1\";}}', '+02:00'),
(10, 'hourWisePageViews', '2021-06-19 00:00:00', 'a:1:{i:0;a:2:{s:4:\"hour\";s:2:\"14\";s:9:\"pageViews\";s:1:\"1\";}}', '+02:00'),
(11, 'hourWiseVisitors', '2021-06-19 00:00:00', 'a:1:{i:0;a:2:{s:4:\"hour\";s:2:\"14\";s:8:\"visitors\";s:1:\"1\";}}', '+02:00'),
(12, 'hourWisePageViews', '2021-06-21 00:00:00', 'a:1:{i:0;a:2:{s:4:\"hour\";s:2:\"23\";s:9:\"pageViews\";s:1:\"1\";}}', '+02:00'),
(13, 'hourWiseVisitors', '2021-06-21 00:00:00', 'a:1:{i:0;a:2:{s:4:\"hour\";s:2:\"23\";s:8:\"visitors\";s:1:\"1\";}}', '+02:00'),
(14, 'hourWisePageViews', '2021-06-22 00:00:00', 'a:2:{i:0;a:2:{s:4:\"hour\";s:1:\"6\";s:9:\"pageViews\";s:1:\"1\";}i:1;a:2:{s:4:\"hour\";s:2:\"23\";s:9:\"pageViews\";s:1:\"1\";}}', '+02:00'),
(15, 'hourWiseVisitors', '2021-06-22 00:00:00', 'a:2:{i:0;a:2:{s:4:\"hour\";s:1:\"6\";s:8:\"visitors\";s:1:\"1\";}i:1;a:2:{s:4:\"hour\";s:2:\"23\";s:8:\"visitors\";s:1:\"1\";}}', '+02:00'),
(16, 'hourWiseFirstVisitors', '2021-06-22 00:00:00', 'a:2:{i:0;a:2:{s:4:\"hour\";s:1:\"6\";s:8:\"visitors\";s:1:\"1\";}i:1;a:2:{s:4:\"hour\";s:2:\"23\";s:8:\"visitors\";s:1:\"1\";}}', '+02:00'),
(17, 'hourWiseVisitors', '2021-09-15 00:00:00', 'a:2:{i:0;a:2:{s:4:\"hour\";s:2:\"17\";s:8:\"visitors\";s:1:\"1\";}i:1;a:2:{s:4:\"hour\";s:2:\"18\";s:8:\"visitors\";s:1:\"1\";}}', '+02:00'),
(18, 'hourWiseVisitors', '2021-09-16 00:00:00', 'a:2:{i:0;a:2:{s:4:\"hour\";s:2:\"11\";s:8:\"visitors\";s:1:\"1\";}i:1;a:2:{s:4:\"hour\";s:2:\"14\";s:8:\"visitors\";s:1:\"1\";}}', '+02:00'),
(19, 'hourWiseVisitors', '2021-09-23 00:00:00', 'a:3:{i:0;a:2:{s:4:\"hour\";s:1:\"0\";s:8:\"visitors\";s:1:\"1\";}i:1;a:2:{s:4:\"hour\";s:1:\"1\";s:8:\"visitors\";s:1:\"1\";}i:2;a:2:{s:4:\"hour\";s:1:\"3\";s:8:\"visitors\";s:1:\"1\";}}', '+02:00'),
(20, 'hourWiseVisitors', '2021-09-24 00:00:00', 'a:1:{i:0;a:2:{s:4:\"hour\";s:2:\"15\";s:8:\"visitors\";s:1:\"1\";}}', '+02:00'),
(21, 'hourWiseVisitors', '2021-09-25 00:00:00', 'a:1:{i:0;a:2:{s:4:\"hour\";s:2:\"12\";s:8:\"visitors\";s:1:\"1\";}}', '+02:00'),
(22, 'hourWiseVisitors', '2021-09-27 00:00:00', 'a:1:{i:0;a:2:{s:4:\"hour\";s:2:\"13\";s:8:\"visitors\";s:1:\"1\";}}', '+02:00'),
(23, 'hourWiseVisitors', '2021-09-28 00:00:00', 'a:1:{i:0;a:2:{s:4:\"hour\";s:2:\"12\";s:8:\"visitors\";s:1:\"1\";}}', '+02:00'),
(24, 'hourWiseVisitors', '2021-09-28 00:00:00', 'a:1:{i:0;a:2:{s:4:\"hour\";s:2:\"12\";s:8:\"visitors\";s:1:\"1\";}}', '+02:00'),
(25, 'hourWiseVisitors', '2021-10-04 00:00:00', 'a:1:{i:0;a:2:{s:4:\"hour\";s:2:\"18\";s:8:\"visitors\";s:1:\"1\";}}', '+02:00'),
(26, 'hourWiseVisitors', '2021-11-15 00:00:00', 'a:1:{i:0;a:2:{s:4:\"hour\";s:2:\"12\";s:8:\"visitors\";s:1:\"1\";}}', '+01:00'),
(27, 'hourWiseVisitors', '2022-02-16 00:00:00', 'a:1:{i:0;a:2:{s:4:\"hour\";s:2:\"18\";s:8:\"visitors\";s:1:\"1\";}}', '+01:00'),
(28, 'hourWiseVisitors', '2022-02-17 00:00:00', 'a:1:{i:0;a:2:{s:4:\"hour\";s:2:\"10\";s:8:\"visitors\";s:1:\"1\";}}', '+01:00'),
(29, 'hourWiseVisitors', '2022-03-01 00:00:00', 'a:1:{i:0;a:2:{s:4:\"hour\";s:2:\"23\";s:8:\"visitors\";s:1:\"1\";}}', '+01:00'),
(30, 'hourWiseVisitors', '2022-03-02 00:00:00', 'a:2:{i:0;a:2:{s:4:\"hour\";s:1:\"0\";s:8:\"visitors\";s:1:\"1\";}i:1;a:2:{s:4:\"hour\";s:2:\"23\";s:8:\"visitors\";s:1:\"1\";}}', '+01:00'),
(31, 'hourWiseVisitors', '2022-03-03 00:00:00', 'a:2:{i:0;a:2:{s:4:\"hour\";s:2:\"11\";s:8:\"visitors\";s:1:\"1\";}i:1;a:2:{s:4:\"hour\";s:2:\"18\";s:8:\"visitors\";s:1:\"1\";}}', '+01:00'),
(32, 'hourWiseVisitors', '2022-03-04 00:00:00', 'a:1:{i:0;a:2:{s:4:\"hour\";s:2:\"18\";s:8:\"visitors\";s:1:\"1\";}}', '+01:00'),
(33, 'hourWiseVisitors', '2022-04-30 00:00:00', 'a:1:{i:0;a:2:{s:4:\"hour\";s:2:\"13\";s:8:\"visitors\";s:1:\"1\";}}', '+02:00'),
(34, 'hourWiseVisitors', '2022-11-08 00:00:00', 'a:1:{i:0;a:2:{s:4:\"hour\";s:2:\"21\";s:8:\"visitors\";s:1:\"1\";}}', '+01:00'),
(35, 'hourWiseVisitors', '2022-11-09 00:00:00', 'a:1:{i:0;a:2:{s:4:\"hour\";s:2:\"12\";s:8:\"visitors\";s:1:\"1\";}}', '+01:00'),
(36, 'hourWiseVisitors', '2022-11-09 00:00:00', 'a:1:{i:0;a:2:{s:4:\"hour\";s:2:\"12\";s:8:\"visitors\";s:1:\"1\";}}', '+01:00'),
(37, 'hourWiseVisitors', '2022-11-09 00:00:00', 'a:1:{i:0;a:2:{s:4:\"hour\";s:2:\"12\";s:8:\"visitors\";s:1:\"1\";}}', '+01:00'),
(38, 'hourWiseVisitors', '2022-11-10 00:00:00', 'a:1:{i:0;a:2:{s:4:\"hour\";s:2:\"20\";s:8:\"visitors\";s:1:\"2\";}}', '+01:00'),
(39, 'hourWiseVisitors', '2022-11-10 00:00:00', 'a:1:{i:0;a:2:{s:4:\"hour\";s:2:\"20\";s:8:\"visitors\";s:1:\"2\";}}', '+01:00'),
(40, 'hourWiseVisitors', '2022-12-02 00:00:00', 'a:1:{i:0;a:2:{s:4:\"hour\";s:2:\"10\";s:8:\"visitors\";s:1:\"1\";}}', '+01:00');

-- --------------------------------------------------------

--
-- Doublure de structure pour la vue `wp_wsm_datewisefirstvisitors`
-- (Voir ci-dessous la vue réelle)
--
DROP VIEW IF EXISTS `wp_wsm_datewisefirstvisitors`;
CREATE TABLE IF NOT EXISTS `wp_wsm_datewisefirstvisitors` (
);

-- --------------------------------------------------------

--
-- Doublure de structure pour la vue `wp_wsm_datewisepageviews`
-- (Voir ci-dessous la vue réelle)
--
DROP VIEW IF EXISTS `wp_wsm_datewisepageviews`;
CREATE TABLE IF NOT EXISTS `wp_wsm_datewisepageviews` (
);

-- --------------------------------------------------------

--
-- Doublure de structure pour la vue `wp_wsm_datewisevisitors`
-- (Voir ci-dessous la vue réelle)
--
DROP VIEW IF EXISTS `wp_wsm_datewisevisitors`;
CREATE TABLE IF NOT EXISTS `wp_wsm_datewisevisitors` (
`recordDate` varchar(10)
,`visitors` bigint(21)
);

-- --------------------------------------------------------

--
-- Structure de la table `wp_wsm_datewise_report`
--

CREATE TABLE IF NOT EXISTS `wp_wsm_datewise_report` (
  `id` int(10) UNSIGNED NOT NULL AUTO_INCREMENT,
  `date` date NOT NULL,
  `normal` int(2) NOT NULL DEFAULT '0',
  `hour` int(2) NOT NULL DEFAULT '0',
  `search_engine` varchar(255) NOT NULL DEFAULT '',
  `browser` int(2) NOT NULL DEFAULT '0',
  `screen` int(2) NOT NULL DEFAULT '0',
  `country` int(3) NOT NULL DEFAULT '0',
  `city` varchar(255) NOT NULL DEFAULT '',
  `operating_system` int(2) NOT NULL DEFAULT '0',
  `url_id` int(11) NOT NULL DEFAULT '0',
  `total_page_views` int(11) NOT NULL DEFAULT '0',
  `total_visitors` int(11) NOT NULL DEFAULT '0',
  `total_first_time_visitors` int(11) NOT NULL DEFAULT '0',
  `total_bounce` int(11) NOT NULL DEFAULT '0',
  PRIMARY KEY (`id`)
) ENGINE=InnoDB AUTO_INCREMENT=1238 DEFAULT CHARSET=utf8;

--
-- Déchargement des données de la table `wp_wsm_datewise_report`
--

INSERT INTO `wp_wsm_datewise_report` (`id`, `date`, `normal`, `hour`, `search_engine`, `browser`, `screen`, `country`, `city`, `operating_system`, `url_id`, `total_page_views`, `total_visitors`, `total_first_time_visitors`, `total_bounce`) VALUES
(1, '2021-06-15', 1, 0, '', 0, 0, 0, '', 0, 0, 8, 1, 1, 0),
(2, '2021-06-15', 0, 1, '', 0, 0, 0, '', 0, 0, 0, 0, 0, 0),
(3, '2021-06-15', 0, 2, '', 0, 0, 0, '', 0, 0, 0, 0, 0, 0),
(4, '2021-06-15', 0, 3, '', 0, 0, 0, '', 0, 0, 0, 0, 0, 0),
(5, '2021-06-15', 0, 4, '', 0, 0, 0, '', 0, 0, 0, 0, 0, 0),
(6, '2021-06-15', 0, 5, '', 0, 0, 0, '', 0, 0, 0, 0, 0, 0),
(7, '2021-06-15', 0, 6, '', 0, 0, 0, '', 0, 0, 0, 0, 0, 0),
(8, '2021-06-15', 0, 7, '', 0, 0, 0, '', 0, 0, 0, 0, 0, 0),
(9, '2021-06-15', 0, 8, '', 0, 0, 0, '', 0, 0, 0, 0, 0, 0),
(10, '2021-06-15', 0, 9, '', 0, 0, 0, '', 0, 0, 0, 0, 0, 0),
(11, '2021-06-15', 0, 10, '', 0, 0, 0, '', 0, 0, 0, 0, 0, 0),
(12, '2021-06-15', 0, 11, '', 0, 0, 0, '', 0, 0, 0, 0, 0, 0),
(13, '2021-06-15', 0, 12, '', 0, 0, 0, '', 0, 0, 0, 0, 0, 0),
(14, '2021-06-15', 0, 13, '', 0, 0, 0, '', 0, 0, 0, 0, 0, 0),
(15, '2021-06-15', 0, 14, '', 0, 0, 0, '', 0, 0, 0, 0, 0, 0),
(16, '2021-06-15', 0, 15, '', 0, 0, 0, '', 0, 0, 0, 0, 0, 0),
(17, '2021-06-15', 0, 16, '', 0, 0, 0, '', 0, 0, 0, 0, 0, 0),
(18, '2021-06-15', 0, 17, '', 0, 0, 0, '', 0, 0, 0, 0, 0, 0),
(19, '2021-06-15', 0, 18, '', 0, 0, 0, '', 0, 0, 0, 0, 0, 0),
(20, '2021-06-15', 0, 19, '', 0, 0, 0, '', 0, 0, 0, 0, 0, 0),
(21, '2021-06-15', 0, 20, '', 0, 0, 0, '', 0, 0, 8, 1, 1, 0),
(22, '2021-06-15', 0, 21, '', 0, 0, 0, '', 0, 0, 0, 0, 0, 0),
(23, '2021-06-15', 0, 22, '', 0, 0, 0, '', 0, 0, 0, 0, 0, 0),
(24, '2021-06-15', 0, 23, '', 0, 0, 0, '', 0, 0, 0, 0, 0, 0),
(25, '2021-06-15', 0, 24, '', 0, 0, 0, '', 0, 0, 0, 0, 0, 0),
(26, '2021-06-15', 0, 0, '', 1, 0, 0, '', 0, 0, 8, 1, 1, 0),
(27, '2021-06-15', 0, 0, '', 0, 20, 0, '', 0, 0, 8, 1, 1, 0),
(28, '2021-06-15', 0, 0, '', 0, 0, 39, '', 0, 0, 8, 1, 1, 0),
(29, '2021-06-15', 0, 0, '', 0, 0, 0, 'Douala', 0, 0, 8, 1, 1, 0),
(30, '2021-06-15', 0, 0, '', 0, 0, 0, '', 12, 0, 8, 1, 1, 0),
(31, '2021-06-16', 1, 0, '', 0, 0, 0, '', 0, 0, 10, 3, 3, 2),
(32, '2021-06-16', 0, 1, '', 0, 0, 0, '', 0, 0, 0, 0, 0, 0),
(33, '2021-06-16', 0, 2, '', 0, 0, 0, '', 0, 0, 0, 0, 0, 0),
(34, '2021-06-16', 0, 3, '', 0, 0, 0, '', 0, 0, 1, 1, 1, 1),
(35, '2021-06-16', 0, 4, '', 0, 0, 0, '', 0, 0, 0, 0, 0, 0),
(36, '2021-06-16', 0, 5, '', 0, 0, 0, '', 0, 0, 0, 0, 0, 0),
(37, '2021-06-16', 0, 6, '', 0, 0, 0, '', 0, 0, 0, 0, 0, 0),
(38, '2021-06-16', 0, 7, '', 0, 0, 0, '', 0, 0, 0, 0, 0, 0),
(39, '2021-06-16', 0, 8, '', 0, 0, 0, '', 0, 0, 0, 0, 0, 0),
(40, '2021-06-16', 0, 9, '', 0, 0, 0, '', 0, 0, 0, 0, 0, 0),
(41, '2021-06-16', 0, 10, '', 0, 0, 0, '', 0, 0, 0, 0, 0, 0),
(42, '2021-06-16', 0, 11, '', 0, 0, 0, '', 0, 0, 0, 0, 0, 0),
(43, '2021-06-16', 0, 12, '', 0, 0, 0, '', 0, 0, 7, 1, 1, 0),
(44, '2021-06-16', 0, 13, '', 0, 0, 0, '', 0, 0, 1, 1, 0, 0),
(45, '2021-06-16', 0, 14, '', 0, 0, 0, '', 0, 0, 1, 1, 1, 1),
(46, '2021-06-16', 0, 15, '', 0, 0, 0, '', 0, 0, 0, 0, 0, 0),
(47, '2021-06-16', 0, 16, '', 0, 0, 0, '', 0, 0, 0, 0, 0, 0),
(48, '2021-06-16', 0, 17, '', 0, 0, 0, '', 0, 0, 0, 0, 0, 0),
(49, '2021-06-16', 0, 18, '', 0, 0, 0, '', 0, 0, 0, 0, 0, 0),
(50, '2021-06-16', 0, 19, '', 0, 0, 0, '', 0, 0, 0, 0, 0, 0),
(51, '2021-06-16', 0, 20, '', 0, 0, 0, '', 0, 0, 0, 0, 0, 0),
(52, '2021-06-16', 0, 21, '', 0, 0, 0, '', 0, 0, 0, 0, 0, 0),
(53, '2021-06-16', 0, 22, '', 0, 0, 0, '', 0, 0, 0, 0, 0, 0),
(54, '2021-06-16', 0, 23, '', 0, 0, 0, '', 0, 0, 0, 0, 0, 0),
(55, '2021-06-16', 0, 24, '', 0, 0, 0, '', 0, 0, 0, 0, 0, 0),
(56, '2021-06-16', 0, 0, 'google.com', 0, 0, 0, '', 0, 0, 1, 1, 1, 0),
(57, '2021-06-16', 0, 0, '', 1, 0, 0, '', 0, 0, 9, 2, 1, 0),
(58, '2021-06-16', 0, 0, '', 13, 0, 0, '', 0, 0, 1, 1, 0, 0),
(59, '2021-06-16', 0, 0, '', 0, 2, 0, '', 0, 0, 1, 1, 1, 0),
(60, '2021-06-16', 0, 0, '', 0, 14, 0, '', 0, 0, 1, 1, 0, 0),
(61, '2021-06-16', 0, 0, '', 0, 20, 0, '', 0, 0, 1, 1, 0, 0),
(62, '2021-06-16', 0, 0, '', 0, 0, 39, '', 0, 0, 8, 1, 0, 0),
(63, '2021-06-16', 0, 0, '', 0, 0, 76, '', 0, 0, 1, 1, 0, 0),
(64, '2021-06-16', 0, 0, '', 0, 0, 236, '', 0, 0, 1, 1, 0, 0),
(65, '2021-06-16', 0, 0, '', 0, 0, 0, 'Chicago', 0, 0, 1, 1, 1, 0),
(66, '2021-06-16', 0, 0, '', 0, 0, 0, 'Douala', 0, 0, 1, 1, 0, 0),
(67, '2021-06-16', 0, 0, '', 0, 0, 0, 'Paris', 0, 0, 1, 1, 0, 0),
(68, '2021-06-16', 0, 0, '', 0, 0, 0, '', 8, 0, 1, 1, 1, 0),
(69, '2021-06-16', 0, 0, '', 0, 0, 0, '', 12, 0, 1, 1, 0, 0),
(70, '2021-06-16', 0, 0, '', 0, 0, 0, '', 13, 0, 1, 1, 0, 0),
(71, '2021-06-16', 0, 0, '', 0, 0, 0, '', 0, 10, 1, 1, 1, 0),
(72, '2021-06-17', 1, 0, '', 0, 0, 0, '', 0, 0, 2, 2, 2, 2),
(73, '2021-06-17', 0, 1, '', 0, 0, 0, '', 0, 0, 0, 0, 0, 0),
(74, '2021-06-17', 0, 2, '', 0, 0, 0, '', 0, 0, 0, 0, 0, 0),
(75, '2021-06-17', 0, 3, '', 0, 0, 0, '', 0, 0, 0, 0, 0, 0),
(76, '2021-06-17', 0, 4, '', 0, 0, 0, '', 0, 0, 0, 0, 0, 0),
(77, '2021-06-17', 0, 5, '', 0, 0, 0, '', 0, 0, 0, 0, 0, 0),
(78, '2021-06-17', 0, 6, '', 0, 0, 0, '', 0, 0, 0, 0, 0, 0),
(79, '2021-06-17', 0, 7, '', 0, 0, 0, '', 0, 0, 0, 0, 0, 0),
(80, '2021-06-17', 0, 8, '', 0, 0, 0, '', 0, 0, 0, 0, 0, 0),
(81, '2021-06-17', 0, 9, '', 0, 0, 0, '', 0, 0, 0, 0, 0, 0),
(82, '2021-06-17', 0, 10, '', 0, 0, 0, '', 0, 0, 0, 0, 0, 0),
(83, '2021-06-17', 0, 11, '', 0, 0, 0, '', 0, 0, 0, 0, 0, 0),
(84, '2021-06-17', 0, 12, '', 0, 0, 0, '', 0, 0, 0, 0, 0, 0),
(85, '2021-06-17', 0, 13, '', 0, 0, 0, '', 0, 0, 0, 0, 0, 0),
(86, '2021-06-17', 0, 14, '', 0, 0, 0, '', 0, 0, 0, 0, 0, 0),
(87, '2021-06-17', 0, 15, '', 0, 0, 0, '', 0, 0, 0, 0, 0, 0),
(88, '2021-06-17', 0, 16, '', 0, 0, 0, '', 0, 0, 1, 1, 1, 1),
(89, '2021-06-17', 0, 17, '', 0, 0, 0, '', 0, 0, 0, 0, 0, 0),
(90, '2021-06-17', 0, 18, '', 0, 0, 0, '', 0, 0, 0, 0, 0, 0),
(91, '2021-06-17', 0, 19, '', 0, 0, 0, '', 0, 0, 0, 0, 0, 0),
(92, '2021-06-17', 0, 20, '', 0, 0, 0, '', 0, 0, 0, 0, 0, 0),
(93, '2021-06-17', 0, 21, '', 0, 0, 0, '', 0, 0, 0, 0, 0, 0),
(94, '2021-06-17', 0, 22, '', 0, 0, 0, '', 0, 0, 1, 1, 1, 1),
(95, '2021-06-17', 0, 23, '', 0, 0, 0, '', 0, 0, 0, 0, 0, 0),
(96, '2021-06-17', 0, 24, '', 0, 0, 0, '', 0, 0, 0, 0, 0, 0),
(97, '2021-06-17', 0, 0, '', 1, 0, 0, '', 0, 0, 1, 1, 0, 0),
(98, '2021-06-17', 0, 0, '', 2, 0, 0, '', 0, 0, 1, 1, 0, 0),
(99, '2021-06-17', 0, 0, '', 0, 20, 0, '', 0, 0, 1, 1, 0, 0),
(100, '2021-06-17', 0, 0, '', 0, 25, 0, '', 0, 0, 1, 1, 0, 0),
(101, '2021-06-17', 0, 0, '', 0, 0, 39, '', 0, 0, 2, 2, 1, 0),
(102, '2021-06-17', 0, 0, '', 0, 0, 0, 'Douala', 0, 0, 2, 2, 1, 0),
(103, '2021-06-17', 0, 0, '', 0, 0, 0, '', 10, 0, 1, 1, 1, 0),
(104, '2021-06-17', 0, 0, '', 0, 0, 0, '', 12, 0, 1, 1, 0, 0),
(105, '2021-06-18', 1, 0, '', 0, 0, 0, '', 0, 0, 0, 0, 0, 0),
(106, '2021-06-18', 0, 1, '', 0, 0, 0, '', 0, 0, 0, 0, 0, 0),
(107, '2021-06-18', 0, 2, '', 0, 0, 0, '', 0, 0, 0, 0, 0, 0),
(108, '2021-06-18', 0, 3, '', 0, 0, 0, '', 0, 0, 0, 0, 0, 0),
(109, '2021-06-18', 0, 4, '', 0, 0, 0, '', 0, 0, 0, 0, 0, 0),
(110, '2021-06-18', 0, 5, '', 0, 0, 0, '', 0, 0, 0, 0, 0, 0),
(111, '2021-06-18', 0, 6, '', 0, 0, 0, '', 0, 0, 0, 0, 0, 0),
(112, '2021-06-18', 0, 7, '', 0, 0, 0, '', 0, 0, 0, 0, 0, 0),
(113, '2021-06-18', 0, 8, '', 0, 0, 0, '', 0, 0, 0, 0, 0, 0),
(114, '2021-06-18', 0, 9, '', 0, 0, 0, '', 0, 0, 0, 0, 0, 0),
(115, '2021-06-18', 0, 10, '', 0, 0, 0, '', 0, 0, 0, 0, 0, 0),
(116, '2021-06-18', 0, 11, '', 0, 0, 0, '', 0, 0, 0, 0, 0, 0),
(117, '2021-06-18', 0, 12, '', 0, 0, 0, '', 0, 0, 0, 0, 0, 0),
(118, '2021-06-18', 0, 13, '', 0, 0, 0, '', 0, 0, 0, 0, 0, 0),
(119, '2021-06-18', 0, 14, '', 0, 0, 0, '', 0, 0, 0, 0, 0, 0),
(120, '2021-06-18', 0, 15, '', 0, 0, 0, '', 0, 0, 0, 0, 0, 0),
(121, '2021-06-18', 0, 16, '', 0, 0, 0, '', 0, 0, 0, 0, 0, 0),
(122, '2021-06-18', 0, 17, '', 0, 0, 0, '', 0, 0, 0, 0, 0, 0),
(123, '2021-06-18', 0, 18, '', 0, 0, 0, '', 0, 0, 0, 0, 0, 0),
(124, '2021-06-18', 0, 19, '', 0, 0, 0, '', 0, 0, 0, 0, 0, 0),
(125, '2021-06-18', 0, 20, '', 0, 0, 0, '', 0, 0, 0, 0, 0, 0),
(126, '2021-06-18', 0, 21, '', 0, 0, 0, '', 0, 0, 0, 0, 0, 0),
(127, '2021-06-18', 0, 22, '', 0, 0, 0, '', 0, 0, 0, 0, 0, 0),
(128, '2021-06-18', 0, 23, '', 0, 0, 0, '', 0, 0, 0, 0, 0, 0),
(129, '2021-06-18', 0, 24, '', 0, 0, 0, '', 0, 0, 0, 0, 0, 0),
(130, '2021-06-19', 1, 0, '', 0, 0, 0, '', 0, 0, 1, 1, 1, 1),
(131, '2021-06-19', 0, 1, '', 0, 0, 0, '', 0, 0, 0, 0, 0, 0),
(132, '2021-06-19', 0, 2, '', 0, 0, 0, '', 0, 0, 0, 0, 0, 0),
(133, '2021-06-19', 0, 3, '', 0, 0, 0, '', 0, 0, 0, 0, 0, 0),
(134, '2021-06-19', 0, 4, '', 0, 0, 0, '', 0, 0, 0, 0, 0, 0),
(135, '2021-06-19', 0, 5, '', 0, 0, 0, '', 0, 0, 0, 0, 0, 0),
(136, '2021-06-19', 0, 6, '', 0, 0, 0, '', 0, 0, 0, 0, 0, 0),
(137, '2021-06-19', 0, 7, '', 0, 0, 0, '', 0, 0, 0, 0, 0, 0),
(138, '2021-06-19', 0, 8, '', 0, 0, 0, '', 0, 0, 0, 0, 0, 0),
(139, '2021-06-19', 0, 9, '', 0, 0, 0, '', 0, 0, 0, 0, 0, 0),
(140, '2021-06-19', 0, 10, '', 0, 0, 0, '', 0, 0, 0, 0, 0, 0),
(141, '2021-06-19', 0, 11, '', 0, 0, 0, '', 0, 0, 0, 0, 0, 0),
(142, '2021-06-19', 0, 12, '', 0, 0, 0, '', 0, 0, 0, 0, 0, 0),
(143, '2021-06-19', 0, 13, '', 0, 0, 0, '', 0, 0, 0, 0, 0, 0),
(144, '2021-06-19', 0, 14, '', 0, 0, 0, '', 0, 0, 0, 0, 0, 0),
(145, '2021-06-19', 0, 15, '', 0, 0, 0, '', 0, 0, 1, 1, 1, 1),
(146, '2021-06-19', 0, 16, '', 0, 0, 0, '', 0, 0, 0, 0, 0, 0),
(147, '2021-06-19', 0, 17, '', 0, 0, 0, '', 0, 0, 0, 0, 0, 0),
(148, '2021-06-19', 0, 18, '', 0, 0, 0, '', 0, 0, 0, 0, 0, 0),
(149, '2021-06-19', 0, 19, '', 0, 0, 0, '', 0, 0, 0, 0, 0, 0),
(150, '2021-06-19', 0, 20, '', 0, 0, 0, '', 0, 0, 0, 0, 0, 0),
(151, '2021-06-19', 0, 21, '', 0, 0, 0, '', 0, 0, 0, 0, 0, 0),
(152, '2021-06-19', 0, 22, '', 0, 0, 0, '', 0, 0, 0, 0, 0, 0),
(153, '2021-06-19', 0, 23, '', 0, 0, 0, '', 0, 0, 0, 0, 0, 0),
(154, '2021-06-19', 0, 24, '', 0, 0, 0, '', 0, 0, 0, 0, 0, 0),
(155, '2021-06-19', 0, 0, '', 2, 0, 0, '', 0, 0, 1, 1, 0, 0),
(156, '2021-06-19', 0, 0, '', 0, 25, 0, '', 0, 0, 1, 1, 0, 0),
(157, '2021-06-19', 0, 0, '', 0, 0, 39, '', 0, 0, 1, 1, 0, 0),
(158, '2021-06-19', 0, 0, '', 0, 0, 0, 'Douala', 0, 0, 1, 1, 0, 0),
(159, '2021-06-19', 0, 0, '', 0, 0, 0, '', 10, 0, 1, 1, 0, 0),
(160, '2021-06-20', 1, 0, '', 0, 0, 0, '', 0, 0, 0, 0, 0, 0),
(161, '2021-06-20', 0, 1, '', 0, 0, 0, '', 0, 0, 0, 0, 0, 0),
(162, '2021-06-20', 0, 2, '', 0, 0, 0, '', 0, 0, 0, 0, 0, 0),
(163, '2021-06-20', 0, 3, '', 0, 0, 0, '', 0, 0, 0, 0, 0, 0),
(164, '2021-06-20', 0, 4, '', 0, 0, 0, '', 0, 0, 0, 0, 0, 0),
(165, '2021-06-20', 0, 5, '', 0, 0, 0, '', 0, 0, 0, 0, 0, 0),
(166, '2021-06-20', 0, 6, '', 0, 0, 0, '', 0, 0, 0, 0, 0, 0),
(167, '2021-06-20', 0, 7, '', 0, 0, 0, '', 0, 0, 0, 0, 0, 0),
(168, '2021-06-20', 0, 8, '', 0, 0, 0, '', 0, 0, 0, 0, 0, 0),
(169, '2021-06-20', 0, 9, '', 0, 0, 0, '', 0, 0, 0, 0, 0, 0),
(170, '2021-06-20', 0, 10, '', 0, 0, 0, '', 0, 0, 0, 0, 0, 0),
(171, '2021-06-20', 0, 11, '', 0, 0, 0, '', 0, 0, 0, 0, 0, 0),
(172, '2021-06-20', 0, 12, '', 0, 0, 0, '', 0, 0, 0, 0, 0, 0),
(173, '2021-06-20', 0, 13, '', 0, 0, 0, '', 0, 0, 0, 0, 0, 0),
(174, '2021-06-20', 0, 14, '', 0, 0, 0, '', 0, 0, 0, 0, 0, 0),
(175, '2021-06-20', 0, 15, '', 0, 0, 0, '', 0, 0, 0, 0, 0, 0),
(176, '2021-06-20', 0, 16, '', 0, 0, 0, '', 0, 0, 0, 0, 0, 0),
(177, '2021-06-20', 0, 17, '', 0, 0, 0, '', 0, 0, 0, 0, 0, 0),
(178, '2021-06-20', 0, 18, '', 0, 0, 0, '', 0, 0, 0, 0, 0, 0),
(179, '2021-06-20', 0, 19, '', 0, 0, 0, '', 0, 0, 0, 0, 0, 0),
(180, '2021-06-20', 0, 20, '', 0, 0, 0, '', 0, 0, 0, 0, 0, 0),
(181, '2021-06-20', 0, 21, '', 0, 0, 0, '', 0, 0, 0, 0, 0, 0),
(182, '2021-06-20', 0, 22, '', 0, 0, 0, '', 0, 0, 0, 0, 0, 0),
(183, '2021-06-20', 0, 23, '', 0, 0, 0, '', 0, 0, 0, 0, 0, 0),
(184, '2021-06-20', 0, 24, '', 0, 0, 0, '', 0, 0, 0, 0, 0, 0),
(185, '2021-06-21', 1, 0, '', 0, 0, 0, '', 0, 0, 1, 1, 1, 1),
(186, '2021-06-21', 0, 1, '', 0, 0, 0, '', 0, 0, 0, 0, 0, 0),
(187, '2021-06-21', 0, 2, '', 0, 0, 0, '', 0, 0, 0, 0, 0, 0),
(188, '2021-06-21', 0, 3, '', 0, 0, 0, '', 0, 0, 0, 0, 0, 0),
(189, '2021-06-21', 0, 4, '', 0, 0, 0, '', 0, 0, 0, 0, 0, 0),
(190, '2021-06-21', 0, 5, '', 0, 0, 0, '', 0, 0, 0, 0, 0, 0),
(191, '2021-06-21', 0, 6, '', 0, 0, 0, '', 0, 0, 0, 0, 0, 0),
(192, '2021-06-21', 0, 7, '', 0, 0, 0, '', 0, 0, 0, 0, 0, 0),
(193, '2021-06-21', 0, 8, '', 0, 0, 0, '', 0, 0, 0, 0, 0, 0),
(194, '2021-06-21', 0, 9, '', 0, 0, 0, '', 0, 0, 0, 0, 0, 0),
(195, '2021-06-21', 0, 10, '', 0, 0, 0, '', 0, 0, 0, 0, 0, 0),
(196, '2021-06-21', 0, 11, '', 0, 0, 0, '', 0, 0, 0, 0, 0, 0),
(197, '2021-06-21', 0, 12, '', 0, 0, 0, '', 0, 0, 0, 0, 0, 0),
(198, '2021-06-21', 0, 13, '', 0, 0, 0, '', 0, 0, 0, 0, 0, 0),
(199, '2021-06-21', 0, 14, '', 0, 0, 0, '', 0, 0, 0, 0, 0, 0),
(200, '2021-06-21', 0, 15, '', 0, 0, 0, '', 0, 0, 0, 0, 0, 0),
(201, '2021-06-21', 0, 16, '', 0, 0, 0, '', 0, 0, 0, 0, 0, 0),
(202, '2021-06-21', 0, 17, '', 0, 0, 0, '', 0, 0, 0, 0, 0, 0),
(203, '2021-06-21', 0, 18, '', 0, 0, 0, '', 0, 0, 0, 0, 0, 0),
(204, '2021-06-21', 0, 19, '', 0, 0, 0, '', 0, 0, 0, 0, 0, 0),
(205, '2021-06-21', 0, 20, '', 0, 0, 0, '', 0, 0, 0, 0, 0, 0),
(206, '2021-06-21', 0, 21, '', 0, 0, 0, '', 0, 0, 0, 0, 0, 0),
(207, '2021-06-21', 0, 22, '', 0, 0, 0, '', 0, 0, 0, 0, 0, 0),
(208, '2021-06-21', 0, 23, '', 0, 0, 0, '', 0, 0, 0, 0, 0, 0),
(209, '2021-06-21', 0, 24, '', 0, 0, 0, '', 0, 0, 1, 1, 1, 1),
(210, '2021-06-21', 0, 0, '', 2, 0, 0, '', 0, 0, 1, 1, 0, 0),
(211, '2021-06-21', 0, 0, '', 0, 25, 0, '', 0, 0, 1, 1, 0, 0),
(212, '2021-06-21', 0, 0, '', 0, 0, 39, '', 0, 0, 1, 1, 0, 0),
(213, '2021-06-21', 0, 0, '', 0, 0, 0, 'Douala', 0, 0, 1, 1, 0, 0),
(214, '2021-06-21', 0, 0, '', 0, 0, 0, '', 10, 0, 1, 1, 0, 0),
(215, '2021-09-10', 1, 0, '', 0, 0, 0, '', 0, 0, 0, 0, 0, 0),
(216, '2021-09-10', 0, 1, '', 0, 0, 0, '', 0, 0, 0, 0, 0, 0),
(217, '2021-09-10', 0, 2, '', 0, 0, 0, '', 0, 0, 0, 0, 0, 0),
(218, '2021-09-10', 0, 3, '', 0, 0, 0, '', 0, 0, 0, 0, 0, 0),
(219, '2021-09-10', 0, 4, '', 0, 0, 0, '', 0, 0, 0, 0, 0, 0),
(220, '2021-09-10', 0, 5, '', 0, 0, 0, '', 0, 0, 0, 0, 0, 0),
(221, '2021-09-10', 0, 6, '', 0, 0, 0, '', 0, 0, 0, 0, 0, 0),
(222, '2021-09-10', 0, 7, '', 0, 0, 0, '', 0, 0, 0, 0, 0, 0),
(223, '2021-09-10', 0, 8, '', 0, 0, 0, '', 0, 0, 0, 0, 0, 0),
(224, '2021-09-10', 0, 9, '', 0, 0, 0, '', 0, 0, 0, 0, 0, 0),
(225, '2021-09-10', 0, 10, '', 0, 0, 0, '', 0, 0, 0, 0, 0, 0),
(226, '2021-09-10', 0, 11, '', 0, 0, 0, '', 0, 0, 0, 0, 0, 0),
(227, '2021-09-10', 0, 12, '', 0, 0, 0, '', 0, 0, 0, 0, 0, 0),
(228, '2021-09-10', 0, 13, '', 0, 0, 0, '', 0, 0, 0, 0, 0, 0),
(229, '2021-09-10', 0, 14, '', 0, 0, 0, '', 0, 0, 0, 0, 0, 0),
(230, '2021-09-10', 0, 15, '', 0, 0, 0, '', 0, 0, 0, 0, 0, 0),
(231, '2021-09-10', 0, 16, '', 0, 0, 0, '', 0, 0, 0, 0, 0, 0),
(232, '2021-09-10', 0, 17, '', 0, 0, 0, '', 0, 0, 0, 0, 0, 0),
(233, '2021-09-10', 0, 18, '', 0, 0, 0, '', 0, 0, 0, 0, 0, 0),
(234, '2021-09-10', 0, 19, '', 0, 0, 0, '', 0, 0, 0, 0, 0, 0),
(235, '2021-09-10', 0, 20, '', 0, 0, 0, '', 0, 0, 0, 0, 0, 0),
(236, '2021-09-10', 0, 21, '', 0, 0, 0, '', 0, 0, 0, 0, 0, 0),
(237, '2021-09-10', 0, 22, '', 0, 0, 0, '', 0, 0, 0, 0, 0, 0),
(238, '2021-09-10', 0, 23, '', 0, 0, 0, '', 0, 0, 0, 0, 0, 0),
(239, '2021-09-10', 0, 24, '', 0, 0, 0, '', 0, 0, 0, 0, 0, 0),
(240, '2021-09-14', 1, 0, '', 0, 0, 0, '', 0, 0, 0, 0, 0, 0),
(241, '2021-09-14', 0, 1, '', 0, 0, 0, '', 0, 0, 0, 0, 0, 0),
(242, '2021-09-14', 0, 2, '', 0, 0, 0, '', 0, 0, 0, 0, 0, 0),
(243, '2021-09-14', 0, 3, '', 0, 0, 0, '', 0, 0, 0, 0, 0, 0),
(244, '2021-09-14', 0, 4, '', 0, 0, 0, '', 0, 0, 0, 0, 0, 0),
(245, '2021-09-14', 0, 5, '', 0, 0, 0, '', 0, 0, 0, 0, 0, 0),
(246, '2021-09-14', 0, 6, '', 0, 0, 0, '', 0, 0, 0, 0, 0, 0),
(247, '2021-09-14', 0, 7, '', 0, 0, 0, '', 0, 0, 0, 0, 0, 0),
(248, '2021-09-14', 0, 8, '', 0, 0, 0, '', 0, 0, 0, 0, 0, 0),
(249, '2021-09-14', 0, 9, '', 0, 0, 0, '', 0, 0, 0, 0, 0, 0),
(250, '2021-09-14', 0, 10, '', 0, 0, 0, '', 0, 0, 0, 0, 0, 0),
(251, '2021-09-14', 0, 11, '', 0, 0, 0, '', 0, 0, 0, 0, 0, 0),
(252, '2021-09-14', 0, 12, '', 0, 0, 0, '', 0, 0, 0, 0, 0, 0),
(253, '2021-09-14', 0, 13, '', 0, 0, 0, '', 0, 0, 0, 0, 0, 0),
(254, '2021-09-14', 0, 14, '', 0, 0, 0, '', 0, 0, 0, 0, 0, 0),
(255, '2021-09-14', 0, 15, '', 0, 0, 0, '', 0, 0, 0, 0, 0, 0),
(256, '2021-09-14', 0, 16, '', 0, 0, 0, '', 0, 0, 0, 0, 0, 0),
(257, '2021-09-14', 0, 17, '', 0, 0, 0, '', 0, 0, 0, 0, 0, 0),
(258, '2021-09-14', 0, 18, '', 0, 0, 0, '', 0, 0, 0, 0, 0, 0),
(259, '2021-09-14', 0, 19, '', 0, 0, 0, '', 0, 0, 0, 0, 0, 0),
(260, '2021-09-14', 0, 20, '', 0, 0, 0, '', 0, 0, 0, 0, 0, 0),
(261, '2021-09-14', 0, 21, '', 0, 0, 0, '', 0, 0, 0, 0, 0, 0),
(262, '2021-09-14', 0, 22, '', 0, 0, 0, '', 0, 0, 0, 0, 0, 0),
(263, '2021-09-14', 0, 23, '', 0, 0, 0, '', 0, 0, 0, 0, 0, 0),
(264, '2021-09-14', 0, 24, '', 0, 0, 0, '', 0, 0, 0, 0, 0, 0),
(265, '2021-09-15', 1, 0, '', 0, 0, 0, '', 0, 0, 9, 2, 2, 0),
(266, '2021-09-15', 0, 1, '', 0, 0, 0, '', 0, 0, 0, 0, 0, 0),
(267, '2021-09-15', 0, 2, '', 0, 0, 0, '', 0, 0, 0, 0, 0, 0),
(268, '2021-09-15', 0, 3, '', 0, 0, 0, '', 0, 0, 0, 0, 0, 0),
(269, '2021-09-15', 0, 4, '', 0, 0, 0, '', 0, 0, 0, 0, 0, 0),
(270, '2021-09-15', 0, 5, '', 0, 0, 0, '', 0, 0, 0, 0, 0, 0),
(271, '2021-09-15', 0, 6, '', 0, 0, 0, '', 0, 0, 0, 0, 0, 0),
(272, '2021-09-15', 0, 7, '', 0, 0, 0, '', 0, 0, 0, 0, 0, 0),
(273, '2021-09-15', 0, 8, '', 0, 0, 0, '', 0, 0, 0, 0, 0, 0),
(274, '2021-09-15', 0, 9, '', 0, 0, 0, '', 0, 0, 0, 0, 0, 0),
(275, '2021-09-15', 0, 10, '', 0, 0, 0, '', 0, 0, 0, 0, 0, 0),
(276, '2021-09-15', 0, 11, '', 0, 0, 0, '', 0, 0, 0, 0, 0, 0),
(277, '2021-09-15', 0, 12, '', 0, 0, 0, '', 0, 0, 0, 0, 0, 0),
(278, '2021-09-15', 0, 13, '', 0, 0, 0, '', 0, 0, 0, 0, 0, 0),
(279, '2021-09-15', 0, 14, '', 0, 0, 0, '', 0, 0, 0, 0, 0, 0),
(280, '2021-09-15', 0, 15, '', 0, 0, 0, '', 0, 0, 0, 0, 0, 0),
(281, '2021-09-15', 0, 16, '', 0, 0, 0, '', 0, 0, 1, 1, 1, 0),
(282, '2021-09-15', 0, 17, '', 0, 0, 0, '', 0, 0, 0, 0, 0, 0),
(283, '2021-09-15', 0, 18, '', 0, 0, 0, '', 0, 0, 7, 1, 0, 0),
(284, '2021-09-15', 0, 19, '', 0, 0, 0, '', 0, 0, 1, 1, 1, 0),
(285, '2021-09-15', 0, 20, '', 0, 0, 0, '', 0, 0, 0, 0, 0, 0),
(286, '2021-09-15', 0, 21, '', 0, 0, 0, '', 0, 0, 0, 0, 0, 0),
(287, '2021-09-15', 0, 22, '', 0, 0, 0, '', 0, 0, 0, 0, 0, 0),
(288, '2021-09-15', 0, 23, '', 0, 0, 0, '', 0, 0, 0, 0, 0, 0),
(289, '2021-09-15', 0, 24, '', 0, 0, 0, '', 0, 0, 0, 0, 0, 0),
(290, '2021-09-15', 0, 0, '', 1, 0, 0, '', 0, 0, 9, 2, 0, 0),
(291, '2021-09-15', 0, 0, '', 0, 20, 0, '', 0, 0, 9, 2, 0, 0),
(292, '2021-09-15', 0, 0, '', 0, 0, 0, '', 12, 0, 9, 2, 0, 0),
(293, '2021-09-16', 1, 0, '', 0, 0, 0, '', 0, 0, 7, 2, 2, 0),
(294, '2021-09-16', 0, 1, '', 0, 0, 0, '', 0, 0, 0, 0, 0, 0),
(295, '2021-09-16', 0, 2, '', 0, 0, 0, '', 0, 0, 0, 0, 0, 0),
(296, '2021-09-16', 0, 3, '', 0, 0, 0, '', 0, 0, 0, 0, 0, 0),
(297, '2021-09-16', 0, 4, '', 0, 0, 0, '', 0, 0, 0, 0, 0, 0),
(298, '2021-09-16', 0, 5, '', 0, 0, 0, '', 0, 0, 0, 0, 0, 0),
(299, '2021-09-16', 0, 6, '', 0, 0, 0, '', 0, 0, 0, 0, 0, 0),
(300, '2021-09-16', 0, 7, '', 0, 0, 0, '', 0, 0, 0, 0, 0, 0),
(301, '2021-09-16', 0, 8, '', 0, 0, 0, '', 0, 0, 0, 0, 0, 0),
(302, '2021-09-16', 0, 9, '', 0, 0, 0, '', 0, 0, 0, 0, 0, 0),
(303, '2021-09-16', 0, 10, '', 0, 0, 0, '', 0, 0, 1, 1, 1, 0),
(304, '2021-09-16', 0, 11, '', 0, 0, 0, '', 0, 0, 2, 1, 1, 0),
(305, '2021-09-16', 0, 12, '', 0, 0, 0, '', 0, 0, 1, 1, 0, 0),
(306, '2021-09-16', 0, 13, '', 0, 0, 0, '', 0, 0, 1, 1, 0, 0),
(307, '2021-09-16', 0, 14, '', 0, 0, 0, '', 0, 0, 0, 0, 0, 0),
(308, '2021-09-16', 0, 15, '', 0, 0, 0, '', 0, 0, 2, 1, 0, 0),
(309, '2021-09-16', 0, 16, '', 0, 0, 0, '', 0, 0, 0, 0, 0, 0),
(310, '2021-09-16', 0, 17, '', 0, 0, 0, '', 0, 0, 0, 0, 0, 0),
(311, '2021-09-16', 0, 18, '', 0, 0, 0, '', 0, 0, 0, 0, 0, 0),
(312, '2021-09-16', 0, 19, '', 0, 0, 0, '', 0, 0, 0, 0, 0, 0),
(313, '2021-09-16', 0, 20, '', 0, 0, 0, '', 0, 0, 0, 0, 0, 0),
(314, '2021-09-16', 0, 21, '', 0, 0, 0, '', 0, 0, 0, 0, 0, 0),
(315, '2021-09-16', 0, 22, '', 0, 0, 0, '', 0, 0, 0, 0, 0, 0),
(316, '2021-09-16', 0, 23, '', 0, 0, 0, '', 0, 0, 0, 0, 0, 0),
(317, '2021-09-16', 0, 24, '', 0, 0, 0, '', 0, 0, 0, 0, 0, 0),
(318, '2021-09-16', 0, 0, '', 1, 0, 0, '', 0, 0, 4, 1, 0, 0),
(319, '2021-09-16', 0, 0, '', 2, 0, 0, '', 0, 0, 1, 1, 0, 0),
(320, '2021-09-16', 0, 0, '', 0, 20, 0, '', 0, 0, 7, 2, 0, 0),
(321, '2021-09-16', 0, 0, '', 0, 0, 0, 'Not found', 0, 0, 3, 1, 0, 0),
(322, '2021-09-16', 0, 0, '', 0, 0, 0, '', 12, 0, 7, 2, 0, 0),
(323, '2021-09-19', 1, 0, '', 0, 0, 0, '', 0, 0, 0, 0, 0, 0),
(324, '2021-09-19', 0, 1, '', 0, 0, 0, '', 0, 0, 0, 0, 0, 0),
(325, '2021-09-19', 0, 2, '', 0, 0, 0, '', 0, 0, 0, 0, 0, 0),
(326, '2021-09-19', 0, 3, '', 0, 0, 0, '', 0, 0, 0, 0, 0, 0),
(327, '2021-09-19', 0, 4, '', 0, 0, 0, '', 0, 0, 0, 0, 0, 0),
(328, '2021-09-19', 0, 5, '', 0, 0, 0, '', 0, 0, 0, 0, 0, 0),
(329, '2021-09-19', 0, 6, '', 0, 0, 0, '', 0, 0, 0, 0, 0, 0),
(330, '2021-09-19', 0, 7, '', 0, 0, 0, '', 0, 0, 0, 0, 0, 0),
(331, '2021-09-19', 0, 8, '', 0, 0, 0, '', 0, 0, 0, 0, 0, 0),
(332, '2021-09-19', 0, 9, '', 0, 0, 0, '', 0, 0, 0, 0, 0, 0),
(333, '2021-09-19', 0, 10, '', 0, 0, 0, '', 0, 0, 0, 0, 0, 0),
(334, '2021-09-19', 0, 11, '', 0, 0, 0, '', 0, 0, 0, 0, 0, 0),
(335, '2021-09-19', 0, 12, '', 0, 0, 0, '', 0, 0, 0, 0, 0, 0),
(336, '2021-09-19', 0, 13, '', 0, 0, 0, '', 0, 0, 0, 0, 0, 0),
(337, '2021-09-19', 0, 14, '', 0, 0, 0, '', 0, 0, 0, 0, 0, 0),
(338, '2021-09-19', 0, 15, '', 0, 0, 0, '', 0, 0, 0, 0, 0, 0),
(339, '2021-09-19', 0, 16, '', 0, 0, 0, '', 0, 0, 0, 0, 0, 0),
(340, '2021-09-19', 0, 17, '', 0, 0, 0, '', 0, 0, 0, 0, 0, 0),
(341, '2021-09-19', 0, 18, '', 0, 0, 0, '', 0, 0, 0, 0, 0, 0),
(342, '2021-09-19', 0, 19, '', 0, 0, 0, '', 0, 0, 0, 0, 0, 0),
(343, '2021-09-19', 0, 20, '', 0, 0, 0, '', 0, 0, 0, 0, 0, 0),
(344, '2021-09-19', 0, 21, '', 0, 0, 0, '', 0, 0, 0, 0, 0, 0),
(345, '2021-09-19', 0, 22, '', 0, 0, 0, '', 0, 0, 0, 0, 0, 0),
(346, '2021-09-19', 0, 23, '', 0, 0, 0, '', 0, 0, 0, 0, 0, 0),
(347, '2021-09-19', 0, 24, '', 0, 0, 0, '', 0, 0, 0, 0, 0, 0),
(348, '2021-09-21', 1, 0, '', 0, 0, 0, '', 0, 0, 0, 0, 0, 0),
(349, '2021-09-21', 0, 1, '', 0, 0, 0, '', 0, 0, 0, 0, 0, 0),
(350, '2021-09-21', 0, 2, '', 0, 0, 0, '', 0, 0, 0, 0, 0, 0),
(351, '2021-09-21', 0, 3, '', 0, 0, 0, '', 0, 0, 0, 0, 0, 0),
(352, '2021-09-21', 0, 4, '', 0, 0, 0, '', 0, 0, 0, 0, 0, 0),
(353, '2021-09-21', 0, 5, '', 0, 0, 0, '', 0, 0, 0, 0, 0, 0),
(354, '2021-09-21', 0, 6, '', 0, 0, 0, '', 0, 0, 0, 0, 0, 0),
(355, '2021-09-21', 0, 7, '', 0, 0, 0, '', 0, 0, 0, 0, 0, 0),
(356, '2021-09-21', 0, 8, '', 0, 0, 0, '', 0, 0, 0, 0, 0, 0),
(357, '2021-09-21', 0, 9, '', 0, 0, 0, '', 0, 0, 0, 0, 0, 0),
(358, '2021-09-21', 0, 10, '', 0, 0, 0, '', 0, 0, 0, 0, 0, 0),
(359, '2021-09-21', 0, 11, '', 0, 0, 0, '', 0, 0, 0, 0, 0, 0),
(360, '2021-09-21', 0, 12, '', 0, 0, 0, '', 0, 0, 0, 0, 0, 0),
(361, '2021-09-21', 0, 13, '', 0, 0, 0, '', 0, 0, 0, 0, 0, 0),
(362, '2021-09-21', 0, 14, '', 0, 0, 0, '', 0, 0, 0, 0, 0, 0),
(363, '2021-09-21', 0, 15, '', 0, 0, 0, '', 0, 0, 0, 0, 0, 0),
(364, '2021-09-21', 0, 16, '', 0, 0, 0, '', 0, 0, 0, 0, 0, 0),
(365, '2021-09-21', 0, 17, '', 0, 0, 0, '', 0, 0, 0, 0, 0, 0),
(366, '2021-09-21', 0, 18, '', 0, 0, 0, '', 0, 0, 0, 0, 0, 0),
(367, '2021-09-21', 0, 19, '', 0, 0, 0, '', 0, 0, 0, 0, 0, 0),
(368, '2021-09-21', 0, 20, '', 0, 0, 0, '', 0, 0, 0, 0, 0, 0),
(369, '2021-09-21', 0, 21, '', 0, 0, 0, '', 0, 0, 0, 0, 0, 0),
(370, '2021-09-21', 0, 22, '', 0, 0, 0, '', 0, 0, 0, 0, 0, 0),
(371, '2021-09-21', 0, 23, '', 0, 0, 0, '', 0, 0, 0, 0, 0, 0),
(372, '2021-09-21', 0, 24, '', 0, 0, 0, '', 0, 0, 0, 0, 0, 0),
(373, '2021-09-23', 1, 0, '', 0, 0, 0, '', 0, 0, 11, 3, 2, 0),
(374, '2021-09-23', 0, 1, '', 0, 0, 0, '', 0, 0, 7, 2, 2, 0),
(375, '2021-09-23', 0, 2, '', 0, 0, 0, '', 0, 0, 3, 1, 0, 0),
(376, '2021-09-23', 0, 3, '', 0, 0, 0, '', 0, 0, 0, 0, 0, 0),
(377, '2021-09-23', 0, 4, '', 0, 0, 0, '', 0, 0, 1, 1, 1, 0),
(378, '2021-09-23', 0, 5, '', 0, 0, 0, '', 0, 0, 0, 0, 0, 0),
(379, '2021-09-23', 0, 6, '', 0, 0, 0, '', 0, 0, 0, 0, 0, 0),
(380, '2021-09-23', 0, 7, '', 0, 0, 0, '', 0, 0, 0, 0, 0, 0),
(381, '2021-09-23', 0, 8, '', 0, 0, 0, '', 0, 0, 0, 0, 0, 0),
(382, '2021-09-23', 0, 9, '', 0, 0, 0, '', 0, 0, 0, 0, 0, 0),
(383, '2021-09-23', 0, 10, '', 0, 0, 0, '', 0, 0, 0, 0, 0, 0),
(384, '2021-09-23', 0, 11, '', 0, 0, 0, '', 0, 0, 0, 0, 0, 0),
(385, '2021-09-23', 0, 12, '', 0, 0, 0, '', 0, 0, 0, 0, 0, 0),
(386, '2021-09-23', 0, 13, '', 0, 0, 0, '', 0, 0, 0, 0, 0, 0),
(387, '2021-09-23', 0, 14, '', 0, 0, 0, '', 0, 0, 0, 0, 0, 0),
(388, '2021-09-23', 0, 15, '', 0, 0, 0, '', 0, 0, 0, 0, 0, 0),
(389, '2021-09-23', 0, 16, '', 0, 0, 0, '', 0, 0, 0, 0, 0, 0),
(390, '2021-09-23', 0, 17, '', 0, 0, 0, '', 0, 0, 0, 0, 0, 0),
(391, '2021-09-23', 0, 18, '', 0, 0, 0, '', 0, 0, 0, 0, 0, 0),
(392, '2021-09-23', 0, 19, '', 0, 0, 0, '', 0, 0, 0, 0, 0, 0),
(393, '2021-09-23', 0, 20, '', 0, 0, 0, '', 0, 0, 0, 0, 0, 0),
(394, '2021-09-23', 0, 21, '', 0, 0, 0, '', 0, 0, 0, 0, 0, 0),
(395, '2021-09-23', 0, 22, '', 0, 0, 0, '', 0, 0, 0, 0, 0, 0),
(396, '2021-09-23', 0, 23, '', 0, 0, 0, '', 0, 0, 0, 0, 0, 0),
(397, '2021-09-23', 0, 24, '', 0, 0, 0, '', 0, 0, 0, 0, 0, 0),
(398, '2021-09-23', 0, 0, '', 2, 0, 0, '', 0, 0, 11, 3, 0, 0),
(399, '2021-09-23', 0, 0, '', 0, 20, 0, '', 0, 0, 11, 3, 0, 0),
(400, '2021-09-23', 0, 0, '', 0, 0, 0, '', 12, 0, 11, 3, 0, 0),
(401, '2021-09-24', 1, 0, '', 0, 0, 0, '', 0, 0, 4, 1, 1, 0),
(402, '2021-09-24', 0, 1, '', 0, 0, 0, '', 0, 0, 0, 0, 0, 0),
(403, '2021-09-24', 0, 2, '', 0, 0, 0, '', 0, 0, 0, 0, 0, 0),
(404, '2021-09-24', 0, 3, '', 0, 0, 0, '', 0, 0, 0, 0, 0, 0),
(405, '2021-09-24', 0, 4, '', 0, 0, 0, '', 0, 0, 0, 0, 0, 0),
(406, '2021-09-24', 0, 5, '', 0, 0, 0, '', 0, 0, 0, 0, 0, 0),
(407, '2021-09-24', 0, 6, '', 0, 0, 0, '', 0, 0, 0, 0, 0, 0),
(408, '2021-09-24', 0, 7, '', 0, 0, 0, '', 0, 0, 0, 0, 0, 0),
(409, '2021-09-24', 0, 8, '', 0, 0, 0, '', 0, 0, 0, 0, 0, 0),
(410, '2021-09-24', 0, 9, '', 0, 0, 0, '', 0, 0, 0, 0, 0, 0),
(411, '2021-09-24', 0, 10, '', 0, 0, 0, '', 0, 0, 0, 0, 0, 0),
(412, '2021-09-24', 0, 11, '', 0, 0, 0, '', 0, 0, 0, 0, 0, 0),
(413, '2021-09-24', 0, 12, '', 0, 0, 0, '', 0, 0, 0, 0, 0, 0),
(414, '2021-09-24', 0, 13, '', 0, 0, 0, '', 0, 0, 0, 0, 0, 0),
(415, '2021-09-24', 0, 14, '', 0, 0, 0, '', 0, 0, 0, 0, 0, 0),
(416, '2021-09-24', 0, 15, '', 0, 0, 0, '', 0, 0, 1, 1, 1, 0),
(417, '2021-09-24', 0, 16, '', 0, 0, 0, '', 0, 0, 3, 1, 0, 0),
(418, '2021-09-24', 0, 17, '', 0, 0, 0, '', 0, 0, 0, 0, 0, 0),
(419, '2021-09-24', 0, 18, '', 0, 0, 0, '', 0, 0, 0, 0, 0, 0),
(420, '2021-09-24', 0, 19, '', 0, 0, 0, '', 0, 0, 0, 0, 0, 0),
(421, '2021-09-24', 0, 20, '', 0, 0, 0, '', 0, 0, 0, 0, 0, 0),
(422, '2021-09-24', 0, 21, '', 0, 0, 0, '', 0, 0, 0, 0, 0, 0),
(423, '2021-09-24', 0, 22, '', 0, 0, 0, '', 0, 0, 0, 0, 0, 0),
(424, '2021-09-24', 0, 23, '', 0, 0, 0, '', 0, 0, 0, 0, 0, 0),
(425, '2021-09-24', 0, 24, '', 0, 0, 0, '', 0, 0, 0, 0, 0, 0),
(426, '2021-09-24', 0, 0, '', 2, 0, 0, '', 0, 0, 4, 1, 0, 0),
(427, '2021-09-24', 0, 0, '', 0, 20, 0, '', 0, 0, 4, 1, 0, 0),
(428, '2021-09-24', 0, 0, '', 0, 0, 0, '', 12, 0, 4, 1, 0, 0),
(429, '2021-09-26', 1, 0, '', 0, 0, 0, '', 0, 0, 0, 0, 0, 0),
(430, '2021-09-26', 0, 1, '', 0, 0, 0, '', 0, 0, 0, 0, 0, 0),
(431, '2021-09-26', 0, 2, '', 0, 0, 0, '', 0, 0, 0, 0, 0, 0),
(432, '2021-09-26', 0, 3, '', 0, 0, 0, '', 0, 0, 0, 0, 0, 0),
(433, '2021-09-26', 0, 4, '', 0, 0, 0, '', 0, 0, 0, 0, 0, 0),
(434, '2021-09-26', 0, 5, '', 0, 0, 0, '', 0, 0, 0, 0, 0, 0),
(435, '2021-09-26', 0, 6, '', 0, 0, 0, '', 0, 0, 0, 0, 0, 0),
(436, '2021-09-26', 0, 7, '', 0, 0, 0, '', 0, 0, 0, 0, 0, 0),
(437, '2021-09-26', 0, 8, '', 0, 0, 0, '', 0, 0, 0, 0, 0, 0),
(438, '2021-09-26', 0, 9, '', 0, 0, 0, '', 0, 0, 0, 0, 0, 0),
(439, '2021-09-26', 0, 10, '', 0, 0, 0, '', 0, 0, 0, 0, 0, 0),
(440, '2021-09-26', 0, 11, '', 0, 0, 0, '', 0, 0, 0, 0, 0, 0),
(441, '2021-09-26', 0, 12, '', 0, 0, 0, '', 0, 0, 0, 0, 0, 0),
(442, '2021-09-26', 0, 13, '', 0, 0, 0, '', 0, 0, 0, 0, 0, 0),
(443, '2021-09-26', 0, 14, '', 0, 0, 0, '', 0, 0, 0, 0, 0, 0),
(444, '2021-09-26', 0, 15, '', 0, 0, 0, '', 0, 0, 0, 0, 0, 0),
(445, '2021-09-26', 0, 16, '', 0, 0, 0, '', 0, 0, 0, 0, 0, 0),
(446, '2021-09-26', 0, 17, '', 0, 0, 0, '', 0, 0, 0, 0, 0, 0),
(447, '2021-09-26', 0, 18, '', 0, 0, 0, '', 0, 0, 0, 0, 0, 0),
(448, '2021-09-26', 0, 19, '', 0, 0, 0, '', 0, 0, 0, 0, 0, 0),
(449, '2021-09-26', 0, 20, '', 0, 0, 0, '', 0, 0, 0, 0, 0, 0),
(450, '2021-09-26', 0, 21, '', 0, 0, 0, '', 0, 0, 0, 0, 0, 0),
(451, '2021-09-26', 0, 22, '', 0, 0, 0, '', 0, 0, 0, 0, 0, 0),
(452, '2021-09-26', 0, 23, '', 0, 0, 0, '', 0, 0, 0, 0, 0, 0),
(453, '2021-09-26', 0, 24, '', 0, 0, 0, '', 0, 0, 0, 0, 0, 0),
(454, '2021-09-28', 1, 0, '', 0, 0, 0, '', 0, 0, 1, 1, 1, 0),
(455, '2021-09-28', 0, 1, '', 0, 0, 0, '', 0, 0, 0, 0, 0, 0),
(456, '2021-09-28', 0, 2, '', 0, 0, 0, '', 0, 0, 0, 0, 0, 0),
(457, '2021-09-28', 0, 3, '', 0, 0, 0, '', 0, 0, 0, 0, 0, 0),
(458, '2021-09-28', 0, 4, '', 0, 0, 0, '', 0, 0, 0, 0, 0, 0),
(459, '2021-09-28', 0, 5, '', 0, 0, 0, '', 0, 0, 0, 0, 0, 0),
(460, '2021-09-28', 0, 6, '', 0, 0, 0, '', 0, 0, 0, 0, 0, 0),
(461, '2021-09-28', 0, 7, '', 0, 0, 0, '', 0, 0, 0, 0, 0, 0),
(462, '2021-09-28', 0, 8, '', 0, 0, 0, '', 0, 0, 0, 0, 0, 0),
(463, '2021-09-28', 0, 9, '', 0, 0, 0, '', 0, 0, 0, 0, 0, 0),
(464, '2021-09-28', 0, 10, '', 0, 0, 0, '', 0, 0, 0, 0, 0, 0),
(465, '2021-09-28', 0, 11, '', 0, 0, 0, '', 0, 0, 0, 0, 0, 0),
(466, '2021-09-28', 0, 12, '', 0, 0, 0, '', 0, 0, 0, 0, 0, 0),
(467, '2021-09-28', 0, 13, '', 0, 0, 0, '', 0, 0, 1, 1, 1, 0),
(468, '2021-09-28', 0, 14, '', 0, 0, 0, '', 0, 0, 0, 0, 0, 0),
(469, '2021-09-28', 0, 15, '', 0, 0, 0, '', 0, 0, 0, 0, 0, 0),
(470, '2021-09-28', 0, 16, '', 0, 0, 0, '', 0, 0, 0, 0, 0, 0),
(471, '2021-09-28', 0, 17, '', 0, 0, 0, '', 0, 0, 0, 0, 0, 0),
(472, '2021-09-28', 0, 18, '', 0, 0, 0, '', 0, 0, 0, 0, 0, 0),
(473, '2021-09-28', 0, 19, '', 0, 0, 0, '', 0, 0, 0, 0, 0, 0),
(474, '2021-09-28', 0, 20, '', 0, 0, 0, '', 0, 0, 0, 0, 0, 0),
(475, '2021-09-28', 0, 21, '', 0, 0, 0, '', 0, 0, 0, 0, 0, 0),
(476, '2021-09-28', 0, 22, '', 0, 0, 0, '', 0, 0, 0, 0, 0, 0),
(477, '2021-09-28', 0, 23, '', 0, 0, 0, '', 0, 0, 0, 0, 0, 0),
(478, '2021-09-28', 0, 24, '', 0, 0, 0, '', 0, 0, 0, 0, 0, 0),
(479, '2021-09-28', 0, 0, '', 2, 0, 0, '', 0, 0, 1, 1, 0, 0),
(480, '2021-09-28', 0, 0, '', 0, 20, 0, '', 0, 0, 1, 1, 0, 0),
(481, '2021-09-28', 0, 0, '', 0, 0, 0, '', 12, 0, 1, 1, 0, 0),
(482, '2021-10-03', 1, 0, '', 0, 0, 0, '', 0, 0, 0, 0, 0, 0),
(483, '2021-10-03', 0, 1, '', 0, 0, 0, '', 0, 0, 0, 0, 0, 0),
(484, '2021-10-03', 0, 2, '', 0, 0, 0, '', 0, 0, 0, 0, 0, 0),
(485, '2021-10-03', 0, 3, '', 0, 0, 0, '', 0, 0, 0, 0, 0, 0),
(486, '2021-10-03', 0, 4, '', 0, 0, 0, '', 0, 0, 0, 0, 0, 0),
(487, '2021-10-03', 0, 5, '', 0, 0, 0, '', 0, 0, 0, 0, 0, 0),
(488, '2021-10-03', 0, 6, '', 0, 0, 0, '', 0, 0, 0, 0, 0, 0),
(489, '2021-10-03', 0, 7, '', 0, 0, 0, '', 0, 0, 0, 0, 0, 0),
(490, '2021-10-03', 0, 8, '', 0, 0, 0, '', 0, 0, 0, 0, 0, 0),
(491, '2021-10-03', 0, 9, '', 0, 0, 0, '', 0, 0, 0, 0, 0, 0),
(492, '2021-10-03', 0, 10, '', 0, 0, 0, '', 0, 0, 0, 0, 0, 0),
(493, '2021-10-03', 0, 11, '', 0, 0, 0, '', 0, 0, 0, 0, 0, 0),
(494, '2021-10-03', 0, 12, '', 0, 0, 0, '', 0, 0, 0, 0, 0, 0),
(495, '2021-10-03', 0, 13, '', 0, 0, 0, '', 0, 0, 0, 0, 0, 0),
(496, '2021-10-03', 0, 14, '', 0, 0, 0, '', 0, 0, 0, 0, 0, 0),
(497, '2021-10-03', 0, 15, '', 0, 0, 0, '', 0, 0, 0, 0, 0, 0),
(498, '2021-10-03', 0, 16, '', 0, 0, 0, '', 0, 0, 0, 0, 0, 0),
(499, '2021-10-03', 0, 17, '', 0, 0, 0, '', 0, 0, 0, 0, 0, 0),
(500, '2021-10-03', 0, 18, '', 0, 0, 0, '', 0, 0, 0, 0, 0, 0),
(501, '2021-10-03', 0, 19, '', 0, 0, 0, '', 0, 0, 0, 0, 0, 0),
(502, '2021-10-03', 0, 20, '', 0, 0, 0, '', 0, 0, 0, 0, 0, 0),
(503, '2021-10-03', 0, 21, '', 0, 0, 0, '', 0, 0, 0, 0, 0, 0),
(504, '2021-10-03', 0, 22, '', 0, 0, 0, '', 0, 0, 0, 0, 0, 0),
(505, '2021-10-03', 0, 23, '', 0, 0, 0, '', 0, 0, 0, 0, 0, 0),
(506, '2021-10-03', 0, 24, '', 0, 0, 0, '', 0, 0, 0, 0, 0, 0),
(507, '2021-10-04', 1, 0, '', 0, 0, 0, '', 0, 0, 4, 1, 1, 0),
(508, '2021-10-04', 0, 1, '', 0, 0, 0, '', 0, 0, 0, 0, 0, 0),
(509, '2021-10-04', 0, 2, '', 0, 0, 0, '', 0, 0, 0, 0, 0, 0),
(510, '2021-10-04', 0, 3, '', 0, 0, 0, '', 0, 0, 0, 0, 0, 0),
(511, '2021-10-04', 0, 4, '', 0, 0, 0, '', 0, 0, 0, 0, 0, 0),
(512, '2021-10-04', 0, 5, '', 0, 0, 0, '', 0, 0, 0, 0, 0, 0),
(513, '2021-10-04', 0, 6, '', 0, 0, 0, '', 0, 0, 0, 0, 0, 0),
(514, '2021-10-04', 0, 7, '', 0, 0, 0, '', 0, 0, 0, 0, 0, 0),
(515, '2021-10-04', 0, 8, '', 0, 0, 0, '', 0, 0, 0, 0, 0, 0),
(516, '2021-10-04', 0, 9, '', 0, 0, 0, '', 0, 0, 0, 0, 0, 0),
(517, '2021-10-04', 0, 10, '', 0, 0, 0, '', 0, 0, 0, 0, 0, 0),
(518, '2021-10-04', 0, 11, '', 0, 0, 0, '', 0, 0, 0, 0, 0, 0),
(519, '2021-10-04', 0, 12, '', 0, 0, 0, '', 0, 0, 1, 1, 1, 0),
(520, '2021-10-04', 0, 13, '', 0, 0, 0, '', 0, 0, 0, 0, 0, 0),
(521, '2021-10-04', 0, 14, '', 0, 0, 0, '', 0, 0, 0, 0, 0, 0),
(522, '2021-10-04', 0, 15, '', 0, 0, 0, '', 0, 0, 0, 0, 0, 0),
(523, '2021-10-04', 0, 16, '', 0, 0, 0, '', 0, 0, 0, 0, 0, 0),
(524, '2021-10-04', 0, 17, '', 0, 0, 0, '', 0, 0, 0, 0, 0, 0),
(525, '2021-10-04', 0, 18, '', 0, 0, 0, '', 0, 0, 1, 1, 0, 0),
(526, '2021-10-04', 0, 19, '', 0, 0, 0, '', 0, 0, 2, 1, 0, 0),
(527, '2021-10-04', 0, 20, '', 0, 0, 0, '', 0, 0, 0, 0, 0, 0),
(528, '2021-10-04', 0, 21, '', 0, 0, 0, '', 0, 0, 0, 0, 0, 0),
(529, '2021-10-04', 0, 22, '', 0, 0, 0, '', 0, 0, 0, 0, 0, 0),
(530, '2021-10-04', 0, 23, '', 0, 0, 0, '', 0, 0, 0, 0, 0, 0),
(531, '2021-10-04', 0, 24, '', 0, 0, 0, '', 0, 0, 0, 0, 0, 0),
(532, '2021-10-04', 0, 0, '', 2, 0, 0, '', 0, 0, 4, 1, 0, 0),
(533, '2021-10-04', 0, 0, '', 0, 20, 0, '', 0, 0, 4, 1, 0, 0),
(534, '2021-10-04', 0, 0, '', 0, 0, 0, '', 12, 0, 4, 1, 0, 0),
(535, '2021-10-06', 1, 0, '', 0, 0, 0, '', 0, 0, 0, 0, 0, 0),
(536, '2021-10-06', 0, 1, '', 0, 0, 0, '', 0, 0, 0, 0, 0, 0),
(537, '2021-10-06', 0, 2, '', 0, 0, 0, '', 0, 0, 0, 0, 0, 0),
(538, '2021-10-06', 0, 3, '', 0, 0, 0, '', 0, 0, 0, 0, 0, 0),
(539, '2021-10-06', 0, 4, '', 0, 0, 0, '', 0, 0, 0, 0, 0, 0),
(540, '2021-10-06', 0, 5, '', 0, 0, 0, '', 0, 0, 0, 0, 0, 0),
(541, '2021-10-06', 0, 6, '', 0, 0, 0, '', 0, 0, 0, 0, 0, 0),
(542, '2021-10-06', 0, 7, '', 0, 0, 0, '', 0, 0, 0, 0, 0, 0),
(543, '2021-10-06', 0, 8, '', 0, 0, 0, '', 0, 0, 0, 0, 0, 0),
(544, '2021-10-06', 0, 9, '', 0, 0, 0, '', 0, 0, 0, 0, 0, 0),
(545, '2021-10-06', 0, 10, '', 0, 0, 0, '', 0, 0, 0, 0, 0, 0),
(546, '2021-10-06', 0, 11, '', 0, 0, 0, '', 0, 0, 0, 0, 0, 0),
(547, '2021-10-06', 0, 12, '', 0, 0, 0, '', 0, 0, 0, 0, 0, 0),
(548, '2021-10-06', 0, 13, '', 0, 0, 0, '', 0, 0, 0, 0, 0, 0),
(549, '2021-10-06', 0, 14, '', 0, 0, 0, '', 0, 0, 0, 0, 0, 0),
(550, '2021-10-06', 0, 15, '', 0, 0, 0, '', 0, 0, 0, 0, 0, 0),
(551, '2021-10-06', 0, 16, '', 0, 0, 0, '', 0, 0, 0, 0, 0, 0),
(552, '2021-10-06', 0, 17, '', 0, 0, 0, '', 0, 0, 0, 0, 0, 0),
(553, '2021-10-06', 0, 18, '', 0, 0, 0, '', 0, 0, 0, 0, 0, 0),
(554, '2021-10-06', 0, 19, '', 0, 0, 0, '', 0, 0, 0, 0, 0, 0),
(555, '2021-10-06', 0, 20, '', 0, 0, 0, '', 0, 0, 0, 0, 0, 0),
(556, '2021-10-06', 0, 21, '', 0, 0, 0, '', 0, 0, 0, 0, 0, 0),
(557, '2021-10-06', 0, 22, '', 0, 0, 0, '', 0, 0, 0, 0, 0, 0),
(558, '2021-10-06', 0, 23, '', 0, 0, 0, '', 0, 0, 0, 0, 0, 0),
(559, '2021-10-06', 0, 24, '', 0, 0, 0, '', 0, 0, 0, 0, 0, 0),
(560, '2021-10-27', 1, 0, '', 0, 0, 0, '', 0, 0, 0, 0, 0, 0),
(561, '2021-10-27', 0, 1, '', 0, 0, 0, '', 0, 0, 0, 0, 0, 0),
(562, '2021-10-27', 0, 2, '', 0, 0, 0, '', 0, 0, 0, 0, 0, 0),
(563, '2021-10-27', 0, 3, '', 0, 0, 0, '', 0, 0, 0, 0, 0, 0),
(564, '2021-10-27', 0, 4, '', 0, 0, 0, '', 0, 0, 0, 0, 0, 0),
(565, '2021-10-27', 0, 5, '', 0, 0, 0, '', 0, 0, 0, 0, 0, 0),
(566, '2021-10-27', 0, 6, '', 0, 0, 0, '', 0, 0, 0, 0, 0, 0),
(567, '2021-10-27', 0, 7, '', 0, 0, 0, '', 0, 0, 0, 0, 0, 0),
(568, '2021-10-27', 0, 8, '', 0, 0, 0, '', 0, 0, 0, 0, 0, 0),
(569, '2021-10-27', 0, 9, '', 0, 0, 0, '', 0, 0, 0, 0, 0, 0),
(570, '2021-10-27', 0, 10, '', 0, 0, 0, '', 0, 0, 0, 0, 0, 0),
(571, '2021-10-27', 0, 11, '', 0, 0, 0, '', 0, 0, 0, 0, 0, 0),
(572, '2021-10-27', 0, 12, '', 0, 0, 0, '', 0, 0, 0, 0, 0, 0),
(573, '2021-10-27', 0, 13, '', 0, 0, 0, '', 0, 0, 0, 0, 0, 0),
(574, '2021-10-27', 0, 14, '', 0, 0, 0, '', 0, 0, 0, 0, 0, 0),
(575, '2021-10-27', 0, 15, '', 0, 0, 0, '', 0, 0, 0, 0, 0, 0),
(576, '2021-10-27', 0, 16, '', 0, 0, 0, '', 0, 0, 0, 0, 0, 0),
(577, '2021-10-27', 0, 17, '', 0, 0, 0, '', 0, 0, 0, 0, 0, 0),
(578, '2021-10-27', 0, 18, '', 0, 0, 0, '', 0, 0, 0, 0, 0, 0),
(579, '2021-10-27', 0, 19, '', 0, 0, 0, '', 0, 0, 0, 0, 0, 0),
(580, '2021-10-27', 0, 20, '', 0, 0, 0, '', 0, 0, 0, 0, 0, 0),
(581, '2021-10-27', 0, 21, '', 0, 0, 0, '', 0, 0, 0, 0, 0, 0),
(582, '2021-10-27', 0, 22, '', 0, 0, 0, '', 0, 0, 0, 0, 0, 0),
(583, '2021-10-27', 0, 23, '', 0, 0, 0, '', 0, 0, 0, 0, 0, 0),
(584, '2021-10-27', 0, 24, '', 0, 0, 0, '', 0, 0, 0, 0, 0, 0),
(585, '2021-11-02', 1, 0, '', 0, 0, 0, '', 0, 0, 0, 0, 0, 0),
(586, '2021-11-02', 0, 1, '', 0, 0, 0, '', 0, 0, 0, 0, 0, 0),
(587, '2021-11-02', 0, 2, '', 0, 0, 0, '', 0, 0, 0, 0, 0, 0),
(588, '2021-11-02', 0, 3, '', 0, 0, 0, '', 0, 0, 0, 0, 0, 0),
(589, '2021-11-02', 0, 4, '', 0, 0, 0, '', 0, 0, 0, 0, 0, 0),
(590, '2021-11-02', 0, 5, '', 0, 0, 0, '', 0, 0, 0, 0, 0, 0),
(591, '2021-11-02', 0, 6, '', 0, 0, 0, '', 0, 0, 0, 0, 0, 0),
(592, '2021-11-02', 0, 7, '', 0, 0, 0, '', 0, 0, 0, 0, 0, 0),
(593, '2021-11-02', 0, 8, '', 0, 0, 0, '', 0, 0, 0, 0, 0, 0),
(594, '2021-11-02', 0, 9, '', 0, 0, 0, '', 0, 0, 0, 0, 0, 0),
(595, '2021-11-02', 0, 10, '', 0, 0, 0, '', 0, 0, 0, 0, 0, 0),
(596, '2021-11-02', 0, 11, '', 0, 0, 0, '', 0, 0, 0, 0, 0, 0),
(597, '2021-11-02', 0, 12, '', 0, 0, 0, '', 0, 0, 0, 0, 0, 0),
(598, '2021-11-02', 0, 13, '', 0, 0, 0, '', 0, 0, 0, 0, 0, 0),
(599, '2021-11-02', 0, 14, '', 0, 0, 0, '', 0, 0, 0, 0, 0, 0),
(600, '2021-11-02', 0, 15, '', 0, 0, 0, '', 0, 0, 0, 0, 0, 0),
(601, '2021-11-02', 0, 16, '', 0, 0, 0, '', 0, 0, 0, 0, 0, 0),
(602, '2021-11-02', 0, 17, '', 0, 0, 0, '', 0, 0, 0, 0, 0, 0),
(603, '2021-11-02', 0, 18, '', 0, 0, 0, '', 0, 0, 0, 0, 0, 0),
(604, '2021-11-02', 0, 19, '', 0, 0, 0, '', 0, 0, 0, 0, 0, 0),
(605, '2021-11-02', 0, 20, '', 0, 0, 0, '', 0, 0, 0, 0, 0, 0),
(606, '2021-11-02', 0, 21, '', 0, 0, 0, '', 0, 0, 0, 0, 0, 0),
(607, '2021-11-02', 0, 22, '', 0, 0, 0, '', 0, 0, 0, 0, 0, 0),
(608, '2021-11-02', 0, 23, '', 0, 0, 0, '', 0, 0, 0, 0, 0, 0),
(609, '2021-11-02', 0, 24, '', 0, 0, 0, '', 0, 0, 0, 0, 0, 0),
(610, '2021-11-14', 1, 0, '', 0, 0, 0, '', 0, 0, 0, 0, 0, 0),
(611, '2021-11-14', 0, 1, '', 0, 0, 0, '', 0, 0, 0, 0, 0, 0),
(612, '2021-11-14', 0, 2, '', 0, 0, 0, '', 0, 0, 0, 0, 0, 0),
(613, '2021-11-14', 0, 3, '', 0, 0, 0, '', 0, 0, 0, 0, 0, 0),
(614, '2021-11-14', 0, 4, '', 0, 0, 0, '', 0, 0, 0, 0, 0, 0),
(615, '2021-11-14', 0, 5, '', 0, 0, 0, '', 0, 0, 0, 0, 0, 0),
(616, '2021-11-14', 0, 6, '', 0, 0, 0, '', 0, 0, 0, 0, 0, 0),
(617, '2021-11-14', 0, 7, '', 0, 0, 0, '', 0, 0, 0, 0, 0, 0),
(618, '2021-11-14', 0, 8, '', 0, 0, 0, '', 0, 0, 0, 0, 0, 0),
(619, '2021-11-14', 0, 9, '', 0, 0, 0, '', 0, 0, 0, 0, 0, 0),
(620, '2021-11-14', 0, 10, '', 0, 0, 0, '', 0, 0, 0, 0, 0, 0),
(621, '2021-11-14', 0, 11, '', 0, 0, 0, '', 0, 0, 0, 0, 0, 0),
(622, '2021-11-14', 0, 12, '', 0, 0, 0, '', 0, 0, 0, 0, 0, 0),
(623, '2021-11-14', 0, 13, '', 0, 0, 0, '', 0, 0, 0, 0, 0, 0),
(624, '2021-11-14', 0, 14, '', 0, 0, 0, '', 0, 0, 0, 0, 0, 0),
(625, '2021-11-14', 0, 15, '', 0, 0, 0, '', 0, 0, 0, 0, 0, 0),
(626, '2021-11-14', 0, 16, '', 0, 0, 0, '', 0, 0, 0, 0, 0, 0),
(627, '2021-11-14', 0, 17, '', 0, 0, 0, '', 0, 0, 0, 0, 0, 0),
(628, '2021-11-14', 0, 18, '', 0, 0, 0, '', 0, 0, 0, 0, 0, 0),
(629, '2021-11-14', 0, 19, '', 0, 0, 0, '', 0, 0, 0, 0, 0, 0),
(630, '2021-11-14', 0, 20, '', 0, 0, 0, '', 0, 0, 0, 0, 0, 0),
(631, '2021-11-14', 0, 21, '', 0, 0, 0, '', 0, 0, 0, 0, 0, 0),
(632, '2021-11-14', 0, 22, '', 0, 0, 0, '', 0, 0, 0, 0, 0, 0),
(633, '2021-11-14', 0, 23, '', 0, 0, 0, '', 0, 0, 0, 0, 0, 0),
(634, '2021-11-14', 0, 24, '', 0, 0, 0, '', 0, 0, 0, 0, 0, 0),
(635, '2021-11-15', 1, 0, '', 0, 0, 0, '', 0, 0, 1, 1, 1, 0),
(636, '2021-11-15', 0, 1, '', 0, 0, 0, '', 0, 0, 0, 0, 0, 0),
(637, '2021-11-15', 0, 2, '', 0, 0, 0, '', 0, 0, 0, 0, 0, 0),
(638, '2021-11-15', 0, 3, '', 0, 0, 0, '', 0, 0, 0, 0, 0, 0),
(639, '2021-11-15', 0, 4, '', 0, 0, 0, '', 0, 0, 0, 0, 0, 0),
(640, '2021-11-15', 0, 5, '', 0, 0, 0, '', 0, 0, 0, 0, 0, 0),
(641, '2021-11-15', 0, 6, '', 0, 0, 0, '', 0, 0, 0, 0, 0, 0),
(642, '2021-11-15', 0, 7, '', 0, 0, 0, '', 0, 0, 0, 0, 0, 0),
(643, '2021-11-15', 0, 8, '', 0, 0, 0, '', 0, 0, 0, 0, 0, 0),
(644, '2021-11-15', 0, 9, '', 0, 0, 0, '', 0, 0, 0, 0, 0, 0),
(645, '2021-11-15', 0, 10, '', 0, 0, 0, '', 0, 0, 0, 0, 0, 0),
(646, '2021-11-15', 0, 11, '', 0, 0, 0, '', 0, 0, 0, 0, 0, 0),
(647, '2021-11-15', 0, 12, '', 0, 0, 0, '', 0, 0, 0, 0, 0, 0),
(648, '2021-11-15', 0, 13, '', 0, 0, 0, '', 0, 0, 1, 1, 1, 0),
(649, '2021-11-15', 0, 14, '', 0, 0, 0, '', 0, 0, 0, 0, 0, 0),
(650, '2021-11-15', 0, 15, '', 0, 0, 0, '', 0, 0, 0, 0, 0, 0),
(651, '2021-11-15', 0, 16, '', 0, 0, 0, '', 0, 0, 0, 0, 0, 0),
(652, '2021-11-15', 0, 17, '', 0, 0, 0, '', 0, 0, 0, 0, 0, 0),
(653, '2021-11-15', 0, 18, '', 0, 0, 0, '', 0, 0, 0, 0, 0, 0),
(654, '2021-11-15', 0, 19, '', 0, 0, 0, '', 0, 0, 0, 0, 0, 0),
(655, '2021-11-15', 0, 20, '', 0, 0, 0, '', 0, 0, 0, 0, 0, 0),
(656, '2021-11-15', 0, 21, '', 0, 0, 0, '', 0, 0, 0, 0, 0, 0),
(657, '2021-11-15', 0, 22, '', 0, 0, 0, '', 0, 0, 0, 0, 0, 0),
(658, '2021-11-15', 0, 23, '', 0, 0, 0, '', 0, 0, 0, 0, 0, 0),
(659, '2021-11-15', 0, 24, '', 0, 0, 0, '', 0, 0, 0, 0, 0, 0),
(660, '2021-11-15', 0, 0, '', 2, 0, 0, '', 0, 0, 1, 1, 0, 0),
(661, '2021-11-15', 0, 0, '', 0, 20, 0, '', 0, 0, 1, 1, 0, 0),
(662, '2021-11-15', 0, 0, '', 0, 0, 0, 'Not found', 0, 0, 1, 1, 0, 0),
(663, '2021-11-15', 0, 0, '', 0, 0, 0, '', 12, 0, 1, 1, 0, 0),
(664, '2022-02-15', 1, 0, '', 0, 0, 0, '', 0, 0, 0, 0, 0, 0),
(665, '2022-02-15', 0, 1, '', 0, 0, 0, '', 0, 0, 0, 0, 0, 0),
(666, '2022-02-15', 0, 2, '', 0, 0, 0, '', 0, 0, 0, 0, 0, 0),
(667, '2022-02-15', 0, 3, '', 0, 0, 0, '', 0, 0, 0, 0, 0, 0),
(668, '2022-02-15', 0, 4, '', 0, 0, 0, '', 0, 0, 0, 0, 0, 0),
(669, '2022-02-15', 0, 5, '', 0, 0, 0, '', 0, 0, 0, 0, 0, 0),
(670, '2022-02-15', 0, 6, '', 0, 0, 0, '', 0, 0, 0, 0, 0, 0),
(671, '2022-02-15', 0, 7, '', 0, 0, 0, '', 0, 0, 0, 0, 0, 0),
(672, '2022-02-15', 0, 8, '', 0, 0, 0, '', 0, 0, 0, 0, 0, 0),
(673, '2022-02-15', 0, 9, '', 0, 0, 0, '', 0, 0, 0, 0, 0, 0),
(674, '2022-02-15', 0, 10, '', 0, 0, 0, '', 0, 0, 0, 0, 0, 0),
(675, '2022-02-15', 0, 11, '', 0, 0, 0, '', 0, 0, 0, 0, 0, 0),
(676, '2022-02-15', 0, 12, '', 0, 0, 0, '', 0, 0, 0, 0, 0, 0),
(677, '2022-02-15', 0, 13, '', 0, 0, 0, '', 0, 0, 0, 0, 0, 0),
(678, '2022-02-15', 0, 14, '', 0, 0, 0, '', 0, 0, 0, 0, 0, 0),
(679, '2022-02-15', 0, 15, '', 0, 0, 0, '', 0, 0, 0, 0, 0, 0),
(680, '2022-02-15', 0, 16, '', 0, 0, 0, '', 0, 0, 0, 0, 0, 0),
(681, '2022-02-15', 0, 17, '', 0, 0, 0, '', 0, 0, 0, 0, 0, 0),
(682, '2022-02-15', 0, 18, '', 0, 0, 0, '', 0, 0, 0, 0, 0, 0),
(683, '2022-02-15', 0, 19, '', 0, 0, 0, '', 0, 0, 0, 0, 0, 0),
(684, '2022-02-15', 0, 20, '', 0, 0, 0, '', 0, 0, 0, 0, 0, 0),
(685, '2022-02-15', 0, 21, '', 0, 0, 0, '', 0, 0, 0, 0, 0, 0),
(686, '2022-02-15', 0, 22, '', 0, 0, 0, '', 0, 0, 0, 0, 0, 0),
(687, '2022-02-15', 0, 23, '', 0, 0, 0, '', 0, 0, 0, 0, 0, 0),
(688, '2022-02-15', 0, 24, '', 0, 0, 0, '', 0, 0, 0, 0, 0, 0),
(689, '2022-02-16', 1, 0, '', 0, 0, 0, '', 0, 0, 3, 1, 1, 0),
(690, '2022-02-16', 0, 1, '', 0, 0, 0, '', 0, 0, 0, 0, 0, 0),
(691, '2022-02-16', 0, 2, '', 0, 0, 0, '', 0, 0, 0, 0, 0, 0),
(692, '2022-02-16', 0, 3, '', 0, 0, 0, '', 0, 0, 0, 0, 0, 0),
(693, '2022-02-16', 0, 4, '', 0, 0, 0, '', 0, 0, 0, 0, 0, 0),
(694, '2022-02-16', 0, 5, '', 0, 0, 0, '', 0, 0, 0, 0, 0, 0),
(695, '2022-02-16', 0, 6, '', 0, 0, 0, '', 0, 0, 0, 0, 0, 0),
(696, '2022-02-16', 0, 7, '', 0, 0, 0, '', 0, 0, 0, 0, 0, 0),
(697, '2022-02-16', 0, 8, '', 0, 0, 0, '', 0, 0, 0, 0, 0, 0),
(698, '2022-02-16', 0, 9, '', 0, 0, 0, '', 0, 0, 0, 0, 0, 0),
(699, '2022-02-16', 0, 10, '', 0, 0, 0, '', 0, 0, 0, 0, 0, 0),
(700, '2022-02-16', 0, 11, '', 0, 0, 0, '', 0, 0, 0, 0, 0, 0),
(701, '2022-02-16', 0, 12, '', 0, 0, 0, '', 0, 0, 0, 0, 0, 0),
(702, '2022-02-16', 0, 13, '', 0, 0, 0, '', 0, 0, 0, 0, 0, 0),
(703, '2022-02-16', 0, 14, '', 0, 0, 0, '', 0, 0, 0, 0, 0, 0),
(704, '2022-02-16', 0, 15, '', 0, 0, 0, '', 0, 0, 0, 0, 0, 0),
(705, '2022-02-16', 0, 16, '', 0, 0, 0, '', 0, 0, 0, 0, 0, 0),
(706, '2022-02-16', 0, 17, '', 0, 0, 0, '', 0, 0, 0, 0, 0, 0),
(707, '2022-02-16', 0, 18, '', 0, 0, 0, '', 0, 0, 0, 0, 0, 0),
(708, '2022-02-16', 0, 19, '', 0, 0, 0, '', 0, 0, 3, 1, 1, 0),
(709, '2022-02-16', 0, 20, '', 0, 0, 0, '', 0, 0, 0, 0, 0, 0),
(710, '2022-02-16', 0, 21, '', 0, 0, 0, '', 0, 0, 0, 0, 0, 0),
(711, '2022-02-16', 0, 22, '', 0, 0, 0, '', 0, 0, 0, 0, 0, 0),
(712, '2022-02-16', 0, 23, '', 0, 0, 0, '', 0, 0, 0, 0, 0, 0),
(713, '2022-02-16', 0, 24, '', 0, 0, 0, '', 0, 0, 0, 0, 0, 0),
(714, '2022-02-16', 0, 0, '', 2, 0, 0, '', 0, 0, 3, 1, 0, 0),
(715, '2022-02-16', 0, 0, '', 0, 20, 0, '', 0, 0, 3, 1, 0, 0),
(716, '2022-02-16', 0, 0, '', 0, 0, 0, '', 12, 0, 3, 1, 0, 0),
(717, '2022-02-17', 1, 0, '', 0, 0, 0, '', 0, 0, 1, 1, 1, 0),
(718, '2022-02-17', 0, 1, '', 0, 0, 0, '', 0, 0, 0, 0, 0, 0),
(719, '2022-02-17', 0, 2, '', 0, 0, 0, '', 0, 0, 0, 0, 0, 0),
(720, '2022-02-17', 0, 3, '', 0, 0, 0, '', 0, 0, 0, 0, 0, 0),
(721, '2022-02-17', 0, 4, '', 0, 0, 0, '', 0, 0, 0, 0, 0, 0),
(722, '2022-02-17', 0, 5, '', 0, 0, 0, '', 0, 0, 0, 0, 0, 0),
(723, '2022-02-17', 0, 6, '', 0, 0, 0, '', 0, 0, 0, 0, 0, 0),
(724, '2022-02-17', 0, 7, '', 0, 0, 0, '', 0, 0, 0, 0, 0, 0),
(725, '2022-02-17', 0, 8, '', 0, 0, 0, '', 0, 0, 0, 0, 0, 0),
(726, '2022-02-17', 0, 9, '', 0, 0, 0, '', 0, 0, 0, 0, 0, 0),
(727, '2022-02-17', 0, 10, '', 0, 0, 0, '', 0, 0, 0, 0, 0, 0),
(728, '2022-02-17', 0, 11, '', 0, 0, 0, '', 0, 0, 1, 1, 1, 0),
(729, '2022-02-17', 0, 12, '', 0, 0, 0, '', 0, 0, 0, 0, 0, 0),
(730, '2022-02-17', 0, 13, '', 0, 0, 0, '', 0, 0, 0, 0, 0, 0),
(731, '2022-02-17', 0, 14, '', 0, 0, 0, '', 0, 0, 0, 0, 0, 0),
(732, '2022-02-17', 0, 15, '', 0, 0, 0, '', 0, 0, 0, 0, 0, 0),
(733, '2022-02-17', 0, 16, '', 0, 0, 0, '', 0, 0, 0, 0, 0, 0),
(734, '2022-02-17', 0, 17, '', 0, 0, 0, '', 0, 0, 0, 0, 0, 0),
(735, '2022-02-17', 0, 18, '', 0, 0, 0, '', 0, 0, 0, 0, 0, 0),
(736, '2022-02-17', 0, 19, '', 0, 0, 0, '', 0, 0, 0, 0, 0, 0),
(737, '2022-02-17', 0, 20, '', 0, 0, 0, '', 0, 0, 0, 0, 0, 0),
(738, '2022-02-17', 0, 21, '', 0, 0, 0, '', 0, 0, 0, 0, 0, 0),
(739, '2022-02-17', 0, 22, '', 0, 0, 0, '', 0, 0, 0, 0, 0, 0),
(740, '2022-02-17', 0, 23, '', 0, 0, 0, '', 0, 0, 0, 0, 0, 0),
(741, '2022-02-17', 0, 24, '', 0, 0, 0, '', 0, 0, 0, 0, 0, 0),
(742, '2022-02-17', 0, 0, '', 2, 0, 0, '', 0, 0, 1, 1, 0, 0),
(743, '2022-02-17', 0, 0, '', 0, 20, 0, '', 0, 0, 1, 1, 0, 0),
(744, '2022-02-17', 0, 0, '', 0, 0, 0, '', 12, 0, 1, 1, 0, 0),
(745, '2022-02-28', 1, 0, '', 0, 0, 0, '', 0, 0, 0, 0, 0, 0),
(746, '2022-02-28', 0, 1, '', 0, 0, 0, '', 0, 0, 0, 0, 0, 0),
(747, '2022-02-28', 0, 2, '', 0, 0, 0, '', 0, 0, 0, 0, 0, 0),
(748, '2022-02-28', 0, 3, '', 0, 0, 0, '', 0, 0, 0, 0, 0, 0),
(749, '2022-02-28', 0, 4, '', 0, 0, 0, '', 0, 0, 0, 0, 0, 0),
(750, '2022-02-28', 0, 5, '', 0, 0, 0, '', 0, 0, 0, 0, 0, 0),
(751, '2022-02-28', 0, 6, '', 0, 0, 0, '', 0, 0, 0, 0, 0, 0),
(752, '2022-02-28', 0, 7, '', 0, 0, 0, '', 0, 0, 0, 0, 0, 0),
(753, '2022-02-28', 0, 8, '', 0, 0, 0, '', 0, 0, 0, 0, 0, 0),
(754, '2022-02-28', 0, 9, '', 0, 0, 0, '', 0, 0, 0, 0, 0, 0),
(755, '2022-02-28', 0, 10, '', 0, 0, 0, '', 0, 0, 0, 0, 0, 0),
(756, '2022-02-28', 0, 11, '', 0, 0, 0, '', 0, 0, 0, 0, 0, 0),
(757, '2022-02-28', 0, 12, '', 0, 0, 0, '', 0, 0, 0, 0, 0, 0),
(758, '2022-02-28', 0, 13, '', 0, 0, 0, '', 0, 0, 0, 0, 0, 0),
(759, '2022-02-28', 0, 14, '', 0, 0, 0, '', 0, 0, 0, 0, 0, 0),
(760, '2022-02-28', 0, 15, '', 0, 0, 0, '', 0, 0, 0, 0, 0, 0),
(761, '2022-02-28', 0, 16, '', 0, 0, 0, '', 0, 0, 0, 0, 0, 0),
(762, '2022-02-28', 0, 17, '', 0, 0, 0, '', 0, 0, 0, 0, 0, 0),
(763, '2022-02-28', 0, 18, '', 0, 0, 0, '', 0, 0, 0, 0, 0, 0),
(764, '2022-02-28', 0, 19, '', 0, 0, 0, '', 0, 0, 0, 0, 0, 0),
(765, '2022-02-28', 0, 20, '', 0, 0, 0, '', 0, 0, 0, 0, 0, 0),
(766, '2022-02-28', 0, 21, '', 0, 0, 0, '', 0, 0, 0, 0, 0, 0),
(767, '2022-02-28', 0, 22, '', 0, 0, 0, '', 0, 0, 0, 0, 0, 0),
(768, '2022-02-28', 0, 23, '', 0, 0, 0, '', 0, 0, 0, 0, 0, 0),
(769, '2022-02-28', 0, 24, '', 0, 0, 0, '', 0, 0, 0, 0, 0, 0),
(770, '2022-03-01', 1, 0, '', 0, 0, 0, '', 0, 0, 1, 1, 1, 0),
(771, '2022-03-01', 0, 1, '', 0, 0, 0, '', 0, 0, 0, 0, 0, 0),
(772, '2022-03-01', 0, 2, '', 0, 0, 0, '', 0, 0, 0, 0, 0, 0),
(773, '2022-03-01', 0, 3, '', 0, 0, 0, '', 0, 0, 0, 0, 0, 0),
(774, '2022-03-01', 0, 4, '', 0, 0, 0, '', 0, 0, 0, 0, 0, 0),
(775, '2022-03-01', 0, 5, '', 0, 0, 0, '', 0, 0, 0, 0, 0, 0),
(776, '2022-03-01', 0, 6, '', 0, 0, 0, '', 0, 0, 0, 0, 0, 0),
(777, '2022-03-01', 0, 7, '', 0, 0, 0, '', 0, 0, 0, 0, 0, 0),
(778, '2022-03-01', 0, 8, '', 0, 0, 0, '', 0, 0, 0, 0, 0, 0),
(779, '2022-03-01', 0, 9, '', 0, 0, 0, '', 0, 0, 0, 0, 0, 0),
(780, '2022-03-01', 0, 10, '', 0, 0, 0, '', 0, 0, 0, 0, 0, 0),
(781, '2022-03-01', 0, 11, '', 0, 0, 0, '', 0, 0, 0, 0, 0, 0),
(782, '2022-03-01', 0, 12, '', 0, 0, 0, '', 0, 0, 0, 0, 0, 0),
(783, '2022-03-01', 0, 13, '', 0, 0, 0, '', 0, 0, 0, 0, 0, 0),
(784, '2022-03-01', 0, 14, '', 0, 0, 0, '', 0, 0, 0, 0, 0, 0),
(785, '2022-03-01', 0, 15, '', 0, 0, 0, '', 0, 0, 0, 0, 0, 0),
(786, '2022-03-01', 0, 16, '', 0, 0, 0, '', 0, 0, 0, 0, 0, 0),
(787, '2022-03-01', 0, 17, '', 0, 0, 0, '', 0, 0, 0, 0, 0, 0),
(788, '2022-03-01', 0, 18, '', 0, 0, 0, '', 0, 0, 0, 0, 0, 0),
(789, '2022-03-01', 0, 19, '', 0, 0, 0, '', 0, 0, 0, 0, 0, 0),
(790, '2022-03-01', 0, 20, '', 0, 0, 0, '', 0, 0, 0, 0, 0, 0),
(791, '2022-03-01', 0, 21, '', 0, 0, 0, '', 0, 0, 0, 0, 0, 0),
(792, '2022-03-01', 0, 22, '', 0, 0, 0, '', 0, 0, 0, 0, 0, 0),
(793, '2022-03-01', 0, 23, '', 0, 0, 0, '', 0, 0, 0, 0, 0, 0),
(794, '2022-03-01', 0, 24, '', 0, 0, 0, '', 0, 0, 1, 1, 1, 0),
(795, '2022-03-01', 0, 0, '', 2, 0, 0, '', 0, 0, 1, 1, 0, 0),
(796, '2022-03-01', 0, 0, '', 0, 20, 0, '', 0, 0, 1, 1, 0, 0),
(797, '2022-03-01', 0, 0, '', 0, 0, 0, '', 12, 0, 1, 1, 0, 0),
(798, '2022-03-08', 1, 0, '', 0, 0, 0, '', 0, 0, 0, 0, 0, 0),
(799, '2022-03-08', 0, 1, '', 0, 0, 0, '', 0, 0, 0, 0, 0, 0),
(800, '2022-03-08', 0, 2, '', 0, 0, 0, '', 0, 0, 0, 0, 0, 0),
(801, '2022-03-08', 0, 3, '', 0, 0, 0, '', 0, 0, 0, 0, 0, 0),
(802, '2022-03-08', 0, 4, '', 0, 0, 0, '', 0, 0, 0, 0, 0, 0),
(803, '2022-03-08', 0, 5, '', 0, 0, 0, '', 0, 0, 0, 0, 0, 0),
(804, '2022-03-08', 0, 6, '', 0, 0, 0, '', 0, 0, 0, 0, 0, 0),
(805, '2022-03-08', 0, 7, '', 0, 0, 0, '', 0, 0, 0, 0, 0, 0),
(806, '2022-03-08', 0, 8, '', 0, 0, 0, '', 0, 0, 0, 0, 0, 0),
(807, '2022-03-08', 0, 9, '', 0, 0, 0, '', 0, 0, 0, 0, 0, 0),
(808, '2022-03-08', 0, 10, '', 0, 0, 0, '', 0, 0, 0, 0, 0, 0),
(809, '2022-03-08', 0, 11, '', 0, 0, 0, '', 0, 0, 0, 0, 0, 0),
(810, '2022-03-08', 0, 12, '', 0, 0, 0, '', 0, 0, 0, 0, 0, 0),
(811, '2022-03-08', 0, 13, '', 0, 0, 0, '', 0, 0, 0, 0, 0, 0),
(812, '2022-03-08', 0, 14, '', 0, 0, 0, '', 0, 0, 0, 0, 0, 0),
(813, '2022-03-08', 0, 15, '', 0, 0, 0, '', 0, 0, 0, 0, 0, 0),
(814, '2022-03-08', 0, 16, '', 0, 0, 0, '', 0, 0, 0, 0, 0, 0),
(815, '2022-03-08', 0, 17, '', 0, 0, 0, '', 0, 0, 0, 0, 0, 0),
(816, '2022-03-08', 0, 18, '', 0, 0, 0, '', 0, 0, 0, 0, 0, 0),
(817, '2022-03-08', 0, 19, '', 0, 0, 0, '', 0, 0, 0, 0, 0, 0),
(818, '2022-03-08', 0, 20, '', 0, 0, 0, '', 0, 0, 0, 0, 0, 0),
(819, '2022-03-08', 0, 21, '', 0, 0, 0, '', 0, 0, 0, 0, 0, 0),
(820, '2022-03-08', 0, 22, '', 0, 0, 0, '', 0, 0, 0, 0, 0, 0),
(821, '2022-03-08', 0, 23, '', 0, 0, 0, '', 0, 0, 0, 0, 0, 0);
INSERT INTO `wp_wsm_datewise_report` (`id`, `date`, `normal`, `hour`, `search_engine`, `browser`, `screen`, `country`, `city`, `operating_system`, `url_id`, `total_page_views`, `total_visitors`, `total_first_time_visitors`, `total_bounce`) VALUES
(822, '2022-03-08', 0, 24, '', 0, 0, 0, '', 0, 0, 0, 0, 0, 0),
(823, '2022-04-02', 1, 0, '', 0, 0, 0, '', 0, 0, 0, 0, 0, 0),
(824, '2022-04-02', 0, 1, '', 0, 0, 0, '', 0, 0, 0, 0, 0, 0),
(825, '2022-04-02', 0, 2, '', 0, 0, 0, '', 0, 0, 0, 0, 0, 0),
(826, '2022-04-02', 0, 3, '', 0, 0, 0, '', 0, 0, 0, 0, 0, 0),
(827, '2022-04-02', 0, 4, '', 0, 0, 0, '', 0, 0, 0, 0, 0, 0),
(828, '2022-04-02', 0, 5, '', 0, 0, 0, '', 0, 0, 0, 0, 0, 0),
(829, '2022-04-02', 0, 6, '', 0, 0, 0, '', 0, 0, 0, 0, 0, 0),
(830, '2022-04-02', 0, 7, '', 0, 0, 0, '', 0, 0, 0, 0, 0, 0),
(831, '2022-04-02', 0, 8, '', 0, 0, 0, '', 0, 0, 0, 0, 0, 0),
(832, '2022-04-02', 0, 9, '', 0, 0, 0, '', 0, 0, 0, 0, 0, 0),
(833, '2022-04-02', 0, 10, '', 0, 0, 0, '', 0, 0, 0, 0, 0, 0),
(834, '2022-04-02', 0, 11, '', 0, 0, 0, '', 0, 0, 0, 0, 0, 0),
(835, '2022-04-02', 0, 12, '', 0, 0, 0, '', 0, 0, 0, 0, 0, 0),
(836, '2022-04-02', 0, 13, '', 0, 0, 0, '', 0, 0, 0, 0, 0, 0),
(837, '2022-04-02', 0, 14, '', 0, 0, 0, '', 0, 0, 0, 0, 0, 0),
(838, '2022-04-02', 0, 15, '', 0, 0, 0, '', 0, 0, 0, 0, 0, 0),
(839, '2022-04-02', 0, 16, '', 0, 0, 0, '', 0, 0, 0, 0, 0, 0),
(840, '2022-04-02', 0, 17, '', 0, 0, 0, '', 0, 0, 0, 0, 0, 0),
(841, '2022-04-02', 0, 18, '', 0, 0, 0, '', 0, 0, 0, 0, 0, 0),
(842, '2022-04-02', 0, 19, '', 0, 0, 0, '', 0, 0, 0, 0, 0, 0),
(843, '2022-04-02', 0, 20, '', 0, 0, 0, '', 0, 0, 0, 0, 0, 0),
(844, '2022-04-02', 0, 21, '', 0, 0, 0, '', 0, 0, 0, 0, 0, 0),
(845, '2022-04-02', 0, 22, '', 0, 0, 0, '', 0, 0, 0, 0, 0, 0),
(846, '2022-04-02', 0, 23, '', 0, 0, 0, '', 0, 0, 0, 0, 0, 0),
(847, '2022-04-02', 0, 24, '', 0, 0, 0, '', 0, 0, 0, 0, 0, 0),
(848, '2022-04-03', 1, 0, '', 0, 0, 0, '', 0, 0, 1, 1, 1, 0),
(849, '2022-04-03', 0, 1, '', 0, 0, 0, '', 0, 0, 0, 0, 0, 0),
(850, '2022-04-03', 0, 2, '', 0, 0, 0, '', 0, 0, 0, 0, 0, 0),
(851, '2022-04-03', 0, 3, '', 0, 0, 0, '', 0, 0, 0, 0, 0, 0),
(852, '2022-04-03', 0, 4, '', 0, 0, 0, '', 0, 0, 0, 0, 0, 0),
(853, '2022-04-03', 0, 5, '', 0, 0, 0, '', 0, 0, 0, 0, 0, 0),
(854, '2022-04-03', 0, 6, '', 0, 0, 0, '', 0, 0, 0, 0, 0, 0),
(855, '2022-04-03', 0, 7, '', 0, 0, 0, '', 0, 0, 0, 0, 0, 0),
(856, '2022-04-03', 0, 8, '', 0, 0, 0, '', 0, 0, 0, 0, 0, 0),
(857, '2022-04-03', 0, 9, '', 0, 0, 0, '', 0, 0, 0, 0, 0, 0),
(858, '2022-04-03', 0, 10, '', 0, 0, 0, '', 0, 0, 0, 0, 0, 0),
(859, '2022-04-03', 0, 11, '', 0, 0, 0, '', 0, 0, 0, 0, 0, 0),
(860, '2022-04-03', 0, 12, '', 0, 0, 0, '', 0, 0, 0, 0, 0, 0),
(861, '2022-04-03', 0, 13, '', 0, 0, 0, '', 0, 0, 0, 0, 0, 0),
(862, '2022-04-03', 0, 14, '', 0, 0, 0, '', 0, 0, 0, 0, 0, 0),
(863, '2022-04-03', 0, 15, '', 0, 0, 0, '', 0, 0, 0, 0, 0, 0),
(864, '2022-04-03', 0, 16, '', 0, 0, 0, '', 0, 0, 1, 1, 1, 0),
(865, '2022-04-03', 0, 17, '', 0, 0, 0, '', 0, 0, 0, 0, 0, 0),
(866, '2022-04-03', 0, 18, '', 0, 0, 0, '', 0, 0, 0, 0, 0, 0),
(867, '2022-04-03', 0, 19, '', 0, 0, 0, '', 0, 0, 0, 0, 0, 0),
(868, '2022-04-03', 0, 20, '', 0, 0, 0, '', 0, 0, 0, 0, 0, 0),
(869, '2022-04-03', 0, 21, '', 0, 0, 0, '', 0, 0, 0, 0, 0, 0),
(870, '2022-04-03', 0, 22, '', 0, 0, 0, '', 0, 0, 0, 0, 0, 0),
(871, '2022-04-03', 0, 23, '', 0, 0, 0, '', 0, 0, 0, 0, 0, 0),
(872, '2022-04-03', 0, 24, '', 0, 0, 0, '', 0, 0, 0, 0, 0, 0),
(873, '2022-04-03', 0, 0, '', 2, 0, 0, '', 0, 0, 1, 1, 0, 0),
(874, '2022-04-03', 0, 0, '', 0, 20, 0, '', 0, 0, 1, 1, 0, 0),
(875, '2022-04-03', 0, 0, '', 0, 0, 0, '', 12, 0, 1, 1, 0, 0),
(876, '2022-04-14', 1, 0, '', 0, 0, 0, '', 0, 0, 0, 0, 0, 0),
(877, '2022-04-14', 0, 1, '', 0, 0, 0, '', 0, 0, 0, 0, 0, 0),
(878, '2022-04-14', 0, 2, '', 0, 0, 0, '', 0, 0, 0, 0, 0, 0),
(879, '2022-04-14', 0, 3, '', 0, 0, 0, '', 0, 0, 0, 0, 0, 0),
(880, '2022-04-14', 0, 4, '', 0, 0, 0, '', 0, 0, 0, 0, 0, 0),
(881, '2022-04-14', 0, 5, '', 0, 0, 0, '', 0, 0, 0, 0, 0, 0),
(882, '2022-04-14', 0, 6, '', 0, 0, 0, '', 0, 0, 0, 0, 0, 0),
(883, '2022-04-14', 0, 7, '', 0, 0, 0, '', 0, 0, 0, 0, 0, 0),
(884, '2022-04-14', 0, 8, '', 0, 0, 0, '', 0, 0, 0, 0, 0, 0),
(885, '2022-04-14', 0, 9, '', 0, 0, 0, '', 0, 0, 0, 0, 0, 0),
(886, '2022-04-14', 0, 10, '', 0, 0, 0, '', 0, 0, 0, 0, 0, 0),
(887, '2022-04-14', 0, 11, '', 0, 0, 0, '', 0, 0, 0, 0, 0, 0),
(888, '2022-04-14', 0, 12, '', 0, 0, 0, '', 0, 0, 0, 0, 0, 0),
(889, '2022-04-14', 0, 13, '', 0, 0, 0, '', 0, 0, 0, 0, 0, 0),
(890, '2022-04-14', 0, 14, '', 0, 0, 0, '', 0, 0, 0, 0, 0, 0),
(891, '2022-04-14', 0, 15, '', 0, 0, 0, '', 0, 0, 0, 0, 0, 0),
(892, '2022-04-14', 0, 16, '', 0, 0, 0, '', 0, 0, 0, 0, 0, 0),
(893, '2022-04-14', 0, 17, '', 0, 0, 0, '', 0, 0, 0, 0, 0, 0),
(894, '2022-04-14', 0, 18, '', 0, 0, 0, '', 0, 0, 0, 0, 0, 0),
(895, '2022-04-14', 0, 19, '', 0, 0, 0, '', 0, 0, 0, 0, 0, 0),
(896, '2022-04-14', 0, 20, '', 0, 0, 0, '', 0, 0, 0, 0, 0, 0),
(897, '2022-04-14', 0, 21, '', 0, 0, 0, '', 0, 0, 0, 0, 0, 0),
(898, '2022-04-14', 0, 22, '', 0, 0, 0, '', 0, 0, 0, 0, 0, 0),
(899, '2022-04-14', 0, 23, '', 0, 0, 0, '', 0, 0, 0, 0, 0, 0),
(900, '2022-04-14', 0, 24, '', 0, 0, 0, '', 0, 0, 0, 0, 0, 0),
(901, '2022-04-29', 1, 0, '', 0, 0, 0, '', 0, 0, 0, 0, 0, 0),
(902, '2022-04-29', 0, 1, '', 0, 0, 0, '', 0, 0, 0, 0, 0, 0),
(903, '2022-04-29', 0, 2, '', 0, 0, 0, '', 0, 0, 0, 0, 0, 0),
(904, '2022-04-29', 0, 3, '', 0, 0, 0, '', 0, 0, 0, 0, 0, 0),
(905, '2022-04-29', 0, 4, '', 0, 0, 0, '', 0, 0, 0, 0, 0, 0),
(906, '2022-04-29', 0, 5, '', 0, 0, 0, '', 0, 0, 0, 0, 0, 0),
(907, '2022-04-29', 0, 6, '', 0, 0, 0, '', 0, 0, 0, 0, 0, 0),
(908, '2022-04-29', 0, 7, '', 0, 0, 0, '', 0, 0, 0, 0, 0, 0),
(909, '2022-04-29', 0, 8, '', 0, 0, 0, '', 0, 0, 0, 0, 0, 0),
(910, '2022-04-29', 0, 9, '', 0, 0, 0, '', 0, 0, 0, 0, 0, 0),
(911, '2022-04-29', 0, 10, '', 0, 0, 0, '', 0, 0, 0, 0, 0, 0),
(912, '2022-04-29', 0, 11, '', 0, 0, 0, '', 0, 0, 0, 0, 0, 0),
(913, '2022-04-29', 0, 12, '', 0, 0, 0, '', 0, 0, 0, 0, 0, 0),
(914, '2022-04-29', 0, 13, '', 0, 0, 0, '', 0, 0, 0, 0, 0, 0),
(915, '2022-04-29', 0, 14, '', 0, 0, 0, '', 0, 0, 0, 0, 0, 0),
(916, '2022-04-29', 0, 15, '', 0, 0, 0, '', 0, 0, 0, 0, 0, 0),
(917, '2022-04-29', 0, 16, '', 0, 0, 0, '', 0, 0, 0, 0, 0, 0),
(918, '2022-04-29', 0, 17, '', 0, 0, 0, '', 0, 0, 0, 0, 0, 0),
(919, '2022-04-29', 0, 18, '', 0, 0, 0, '', 0, 0, 0, 0, 0, 0),
(920, '2022-04-29', 0, 19, '', 0, 0, 0, '', 0, 0, 0, 0, 0, 0),
(921, '2022-04-29', 0, 20, '', 0, 0, 0, '', 0, 0, 0, 0, 0, 0),
(922, '2022-04-29', 0, 21, '', 0, 0, 0, '', 0, 0, 0, 0, 0, 0),
(923, '2022-04-29', 0, 22, '', 0, 0, 0, '', 0, 0, 0, 0, 0, 0),
(924, '2022-04-29', 0, 23, '', 0, 0, 0, '', 0, 0, 0, 0, 0, 0),
(925, '2022-04-29', 0, 24, '', 0, 0, 0, '', 0, 0, 0, 0, 0, 0),
(926, '2022-04-30', 1, 0, '', 0, 0, 0, '', 0, 0, 5, 1, 1, 0),
(927, '2022-04-30', 0, 1, '', 0, 0, 0, '', 0, 0, 0, 0, 0, 0),
(928, '2022-04-30', 0, 2, '', 0, 0, 0, '', 0, 0, 0, 0, 0, 0),
(929, '2022-04-30', 0, 3, '', 0, 0, 0, '', 0, 0, 0, 0, 0, 0),
(930, '2022-04-30', 0, 4, '', 0, 0, 0, '', 0, 0, 0, 0, 0, 0),
(931, '2022-04-30', 0, 5, '', 0, 0, 0, '', 0, 0, 0, 0, 0, 0),
(932, '2022-04-30', 0, 6, '', 0, 0, 0, '', 0, 0, 0, 0, 0, 0),
(933, '2022-04-30', 0, 7, '', 0, 0, 0, '', 0, 0, 0, 0, 0, 0),
(934, '2022-04-30', 0, 8, '', 0, 0, 0, '', 0, 0, 0, 0, 0, 0),
(935, '2022-04-30', 0, 9, '', 0, 0, 0, '', 0, 0, 0, 0, 0, 0),
(936, '2022-04-30', 0, 10, '', 0, 0, 0, '', 0, 0, 0, 0, 0, 0),
(937, '2022-04-30', 0, 11, '', 0, 0, 0, '', 0, 0, 0, 0, 0, 0),
(938, '2022-04-30', 0, 12, '', 0, 0, 0, '', 0, 0, 0, 0, 0, 0),
(939, '2022-04-30', 0, 13, '', 0, 0, 0, '', 0, 0, 0, 0, 0, 0),
(940, '2022-04-30', 0, 14, '', 0, 0, 0, '', 0, 0, 5, 1, 1, 0),
(941, '2022-04-30', 0, 15, '', 0, 0, 0, '', 0, 0, 0, 0, 0, 0),
(942, '2022-04-30', 0, 16, '', 0, 0, 0, '', 0, 0, 0, 0, 0, 0),
(943, '2022-04-30', 0, 17, '', 0, 0, 0, '', 0, 0, 0, 0, 0, 0),
(944, '2022-04-30', 0, 18, '', 0, 0, 0, '', 0, 0, 0, 0, 0, 0),
(945, '2022-04-30', 0, 19, '', 0, 0, 0, '', 0, 0, 0, 0, 0, 0),
(946, '2022-04-30', 0, 20, '', 0, 0, 0, '', 0, 0, 0, 0, 0, 0),
(947, '2022-04-30', 0, 21, '', 0, 0, 0, '', 0, 0, 0, 0, 0, 0),
(948, '2022-04-30', 0, 22, '', 0, 0, 0, '', 0, 0, 0, 0, 0, 0),
(949, '2022-04-30', 0, 23, '', 0, 0, 0, '', 0, 0, 0, 0, 0, 0),
(950, '2022-04-30', 0, 24, '', 0, 0, 0, '', 0, 0, 0, 0, 0, 0),
(951, '2022-04-30', 0, 0, '', 2, 0, 0, '', 0, 0, 5, 1, 0, 0),
(952, '2022-04-30', 0, 0, '', 0, 20, 0, '', 0, 0, 5, 1, 0, 0),
(953, '2022-04-30', 0, 0, '', 0, 0, 0, '', 12, 0, 5, 1, 0, 0),
(954, '2022-05-01', 1, 0, '', 0, 0, 0, '', 0, 0, 0, 0, 0, 0),
(955, '2022-05-01', 0, 1, '', 0, 0, 0, '', 0, 0, 0, 0, 0, 0),
(956, '2022-05-01', 0, 2, '', 0, 0, 0, '', 0, 0, 0, 0, 0, 0),
(957, '2022-05-01', 0, 3, '', 0, 0, 0, '', 0, 0, 0, 0, 0, 0),
(958, '2022-05-01', 0, 4, '', 0, 0, 0, '', 0, 0, 0, 0, 0, 0),
(959, '2022-05-01', 0, 5, '', 0, 0, 0, '', 0, 0, 0, 0, 0, 0),
(960, '2022-05-01', 0, 6, '', 0, 0, 0, '', 0, 0, 0, 0, 0, 0),
(961, '2022-05-01', 0, 7, '', 0, 0, 0, '', 0, 0, 0, 0, 0, 0),
(962, '2022-05-01', 0, 8, '', 0, 0, 0, '', 0, 0, 0, 0, 0, 0),
(963, '2022-05-01', 0, 9, '', 0, 0, 0, '', 0, 0, 0, 0, 0, 0),
(964, '2022-05-01', 0, 10, '', 0, 0, 0, '', 0, 0, 0, 0, 0, 0),
(965, '2022-05-01', 0, 11, '', 0, 0, 0, '', 0, 0, 0, 0, 0, 0),
(966, '2022-05-01', 0, 12, '', 0, 0, 0, '', 0, 0, 0, 0, 0, 0),
(967, '2022-05-01', 0, 13, '', 0, 0, 0, '', 0, 0, 0, 0, 0, 0),
(968, '2022-05-01', 0, 14, '', 0, 0, 0, '', 0, 0, 0, 0, 0, 0),
(969, '2022-05-01', 0, 15, '', 0, 0, 0, '', 0, 0, 0, 0, 0, 0),
(970, '2022-05-01', 0, 16, '', 0, 0, 0, '', 0, 0, 0, 0, 0, 0),
(971, '2022-05-01', 0, 17, '', 0, 0, 0, '', 0, 0, 0, 0, 0, 0),
(972, '2022-05-01', 0, 18, '', 0, 0, 0, '', 0, 0, 0, 0, 0, 0),
(973, '2022-05-01', 0, 19, '', 0, 0, 0, '', 0, 0, 0, 0, 0, 0),
(974, '2022-05-01', 0, 20, '', 0, 0, 0, '', 0, 0, 0, 0, 0, 0),
(975, '2022-05-01', 0, 21, '', 0, 0, 0, '', 0, 0, 0, 0, 0, 0),
(976, '2022-05-01', 0, 22, '', 0, 0, 0, '', 0, 0, 0, 0, 0, 0),
(977, '2022-05-01', 0, 23, '', 0, 0, 0, '', 0, 0, 0, 0, 0, 0),
(978, '2022-05-01', 0, 24, '', 0, 0, 0, '', 0, 0, 0, 0, 0, 0),
(979, '2022-05-03', 1, 0, '', 0, 0, 0, '', 0, 0, 0, 0, 0, 0),
(980, '2022-05-03', 0, 1, '', 0, 0, 0, '', 0, 0, 0, 0, 0, 0),
(981, '2022-05-03', 0, 2, '', 0, 0, 0, '', 0, 0, 0, 0, 0, 0),
(982, '2022-05-03', 0, 3, '', 0, 0, 0, '', 0, 0, 0, 0, 0, 0),
(983, '2022-05-03', 0, 4, '', 0, 0, 0, '', 0, 0, 0, 0, 0, 0),
(984, '2022-05-03', 0, 5, '', 0, 0, 0, '', 0, 0, 0, 0, 0, 0),
(985, '2022-05-03', 0, 6, '', 0, 0, 0, '', 0, 0, 0, 0, 0, 0),
(986, '2022-05-03', 0, 7, '', 0, 0, 0, '', 0, 0, 0, 0, 0, 0),
(987, '2022-05-03', 0, 8, '', 0, 0, 0, '', 0, 0, 0, 0, 0, 0),
(988, '2022-05-03', 0, 9, '', 0, 0, 0, '', 0, 0, 0, 0, 0, 0),
(989, '2022-05-03', 0, 10, '', 0, 0, 0, '', 0, 0, 0, 0, 0, 0),
(990, '2022-05-03', 0, 11, '', 0, 0, 0, '', 0, 0, 0, 0, 0, 0),
(991, '2022-05-03', 0, 12, '', 0, 0, 0, '', 0, 0, 0, 0, 0, 0),
(992, '2022-05-03', 0, 13, '', 0, 0, 0, '', 0, 0, 0, 0, 0, 0),
(993, '2022-05-03', 0, 14, '', 0, 0, 0, '', 0, 0, 0, 0, 0, 0),
(994, '2022-05-03', 0, 15, '', 0, 0, 0, '', 0, 0, 0, 0, 0, 0),
(995, '2022-05-03', 0, 16, '', 0, 0, 0, '', 0, 0, 0, 0, 0, 0),
(996, '2022-05-03', 0, 17, '', 0, 0, 0, '', 0, 0, 0, 0, 0, 0),
(997, '2022-05-03', 0, 18, '', 0, 0, 0, '', 0, 0, 0, 0, 0, 0),
(998, '2022-05-03', 0, 19, '', 0, 0, 0, '', 0, 0, 0, 0, 0, 0),
(999, '2022-05-03', 0, 20, '', 0, 0, 0, '', 0, 0, 0, 0, 0, 0),
(1000, '2022-05-03', 0, 21, '', 0, 0, 0, '', 0, 0, 0, 0, 0, 0),
(1001, '2022-05-03', 0, 22, '', 0, 0, 0, '', 0, 0, 0, 0, 0, 0),
(1002, '2022-05-03', 0, 23, '', 0, 0, 0, '', 0, 0, 0, 0, 0, 0),
(1003, '2022-05-03', 0, 24, '', 0, 0, 0, '', 0, 0, 0, 0, 0, 0),
(1004, '2022-07-13', 1, 0, '', 0, 0, 0, '', 0, 0, 0, 0, 0, 0),
(1005, '2022-07-13', 0, 1, '', 0, 0, 0, '', 0, 0, 0, 0, 0, 0),
(1006, '2022-07-13', 0, 2, '', 0, 0, 0, '', 0, 0, 0, 0, 0, 0),
(1007, '2022-07-13', 0, 3, '', 0, 0, 0, '', 0, 0, 0, 0, 0, 0),
(1008, '2022-07-13', 0, 4, '', 0, 0, 0, '', 0, 0, 0, 0, 0, 0),
(1009, '2022-07-13', 0, 5, '', 0, 0, 0, '', 0, 0, 0, 0, 0, 0),
(1010, '2022-07-13', 0, 6, '', 0, 0, 0, '', 0, 0, 0, 0, 0, 0),
(1011, '2022-07-13', 0, 7, '', 0, 0, 0, '', 0, 0, 0, 0, 0, 0),
(1012, '2022-07-13', 0, 8, '', 0, 0, 0, '', 0, 0, 0, 0, 0, 0),
(1013, '2022-07-13', 0, 9, '', 0, 0, 0, '', 0, 0, 0, 0, 0, 0),
(1014, '2022-07-13', 0, 10, '', 0, 0, 0, '', 0, 0, 0, 0, 0, 0),
(1015, '2022-07-13', 0, 11, '', 0, 0, 0, '', 0, 0, 0, 0, 0, 0),
(1016, '2022-07-13', 0, 12, '', 0, 0, 0, '', 0, 0, 0, 0, 0, 0),
(1017, '2022-07-13', 0, 13, '', 0, 0, 0, '', 0, 0, 0, 0, 0, 0),
(1018, '2022-07-13', 0, 14, '', 0, 0, 0, '', 0, 0, 0, 0, 0, 0),
(1019, '2022-07-13', 0, 15, '', 0, 0, 0, '', 0, 0, 0, 0, 0, 0),
(1020, '2022-07-13', 0, 16, '', 0, 0, 0, '', 0, 0, 0, 0, 0, 0),
(1021, '2022-07-13', 0, 17, '', 0, 0, 0, '', 0, 0, 0, 0, 0, 0),
(1022, '2022-07-13', 0, 18, '', 0, 0, 0, '', 0, 0, 0, 0, 0, 0),
(1023, '2022-07-13', 0, 19, '', 0, 0, 0, '', 0, 0, 0, 0, 0, 0),
(1024, '2022-07-13', 0, 20, '', 0, 0, 0, '', 0, 0, 0, 0, 0, 0),
(1025, '2022-07-13', 0, 21, '', 0, 0, 0, '', 0, 0, 0, 0, 0, 0),
(1026, '2022-07-13', 0, 22, '', 0, 0, 0, '', 0, 0, 0, 0, 0, 0),
(1027, '2022-07-13', 0, 23, '', 0, 0, 0, '', 0, 0, 0, 0, 0, 0),
(1028, '2022-07-13', 0, 24, '', 0, 0, 0, '', 0, 0, 0, 0, 0, 0),
(1029, '2022-11-07', 1, 0, '', 0, 0, 0, '', 0, 0, 0, 0, 0, 0),
(1030, '2022-11-07', 0, 1, '', 0, 0, 0, '', 0, 0, 0, 0, 0, 0),
(1031, '2022-11-07', 0, 2, '', 0, 0, 0, '', 0, 0, 0, 0, 0, 0),
(1032, '2022-11-07', 0, 3, '', 0, 0, 0, '', 0, 0, 0, 0, 0, 0),
(1033, '2022-11-07', 0, 4, '', 0, 0, 0, '', 0, 0, 0, 0, 0, 0),
(1034, '2022-11-07', 0, 5, '', 0, 0, 0, '', 0, 0, 0, 0, 0, 0),
(1035, '2022-11-07', 0, 6, '', 0, 0, 0, '', 0, 0, 0, 0, 0, 0),
(1036, '2022-11-07', 0, 7, '', 0, 0, 0, '', 0, 0, 0, 0, 0, 0),
(1037, '2022-11-07', 0, 8, '', 0, 0, 0, '', 0, 0, 0, 0, 0, 0),
(1038, '2022-11-07', 0, 9, '', 0, 0, 0, '', 0, 0, 0, 0, 0, 0),
(1039, '2022-11-07', 0, 10, '', 0, 0, 0, '', 0, 0, 0, 0, 0, 0),
(1040, '2022-11-07', 0, 11, '', 0, 0, 0, '', 0, 0, 0, 0, 0, 0),
(1041, '2022-11-07', 0, 12, '', 0, 0, 0, '', 0, 0, 0, 0, 0, 0),
(1042, '2022-11-07', 0, 13, '', 0, 0, 0, '', 0, 0, 0, 0, 0, 0),
(1043, '2022-11-07', 0, 14, '', 0, 0, 0, '', 0, 0, 0, 0, 0, 0),
(1044, '2022-11-07', 0, 15, '', 0, 0, 0, '', 0, 0, 0, 0, 0, 0),
(1045, '2022-11-07', 0, 16, '', 0, 0, 0, '', 0, 0, 0, 0, 0, 0),
(1046, '2022-11-07', 0, 17, '', 0, 0, 0, '', 0, 0, 0, 0, 0, 0),
(1047, '2022-11-07', 0, 18, '', 0, 0, 0, '', 0, 0, 0, 0, 0, 0),
(1048, '2022-11-07', 0, 19, '', 0, 0, 0, '', 0, 0, 0, 0, 0, 0),
(1049, '2022-11-07', 0, 20, '', 0, 0, 0, '', 0, 0, 0, 0, 0, 0),
(1050, '2022-11-07', 0, 21, '', 0, 0, 0, '', 0, 0, 0, 0, 0, 0),
(1051, '2022-11-07', 0, 22, '', 0, 0, 0, '', 0, 0, 0, 0, 0, 0),
(1052, '2022-11-07', 0, 23, '', 0, 0, 0, '', 0, 0, 0, 0, 0, 0),
(1053, '2022-11-07', 0, 24, '', 0, 0, 0, '', 0, 0, 0, 0, 0, 0),
(1054, '2022-11-09', 1, 0, '', 0, 0, 0, '', 0, 0, 10, 1, 1, 0),
(1055, '2022-11-09', 0, 1, '', 0, 0, 0, '', 0, 0, 0, 0, 0, 0),
(1056, '2022-11-09', 0, 2, '', 0, 0, 0, '', 0, 0, 0, 0, 0, 0),
(1057, '2022-11-09', 0, 3, '', 0, 0, 0, '', 0, 0, 0, 0, 0, 0),
(1058, '2022-11-09', 0, 4, '', 0, 0, 0, '', 0, 0, 0, 0, 0, 0),
(1059, '2022-11-09', 0, 5, '', 0, 0, 0, '', 0, 0, 0, 0, 0, 0),
(1060, '2022-11-09', 0, 6, '', 0, 0, 0, '', 0, 0, 0, 0, 0, 0),
(1061, '2022-11-09', 0, 7, '', 0, 0, 0, '', 0, 0, 0, 0, 0, 0),
(1062, '2022-11-09', 0, 8, '', 0, 0, 0, '', 0, 0, 0, 0, 0, 0),
(1063, '2022-11-09', 0, 9, '', 0, 0, 0, '', 0, 0, 0, 0, 0, 0),
(1064, '2022-11-09', 0, 10, '', 0, 0, 0, '', 0, 0, 0, 0, 0, 0),
(1065, '2022-11-09', 0, 11, '', 0, 0, 0, '', 0, 0, 0, 0, 0, 0),
(1066, '2022-11-09', 0, 12, '', 0, 0, 0, '', 0, 0, 3, 1, 1, 0),
(1067, '2022-11-09', 0, 13, '', 0, 0, 0, '', 0, 0, 7, 1, 0, 0),
(1068, '2022-11-09', 0, 14, '', 0, 0, 0, '', 0, 0, 0, 0, 0, 0),
(1069, '2022-11-09', 0, 15, '', 0, 0, 0, '', 0, 0, 0, 0, 0, 0),
(1070, '2022-11-09', 0, 16, '', 0, 0, 0, '', 0, 0, 0, 0, 0, 0),
(1071, '2022-11-09', 0, 17, '', 0, 0, 0, '', 0, 0, 0, 0, 0, 0),
(1072, '2022-11-09', 0, 18, '', 0, 0, 0, '', 0, 0, 0, 0, 0, 0),
(1073, '2022-11-09', 0, 19, '', 0, 0, 0, '', 0, 0, 0, 0, 0, 0),
(1074, '2022-11-09', 0, 20, '', 0, 0, 0, '', 0, 0, 0, 0, 0, 0),
(1075, '2022-11-09', 0, 21, '', 0, 0, 0, '', 0, 0, 0, 0, 0, 0),
(1076, '2022-11-09', 0, 22, '', 0, 0, 0, '', 0, 0, 0, 0, 0, 0),
(1077, '2022-11-09', 0, 23, '', 0, 0, 0, '', 0, 0, 0, 0, 0, 0),
(1078, '2022-11-09', 0, 24, '', 0, 0, 0, '', 0, 0, 0, 0, 0, 0),
(1079, '2022-11-09', 0, 0, '', 1, 0, 0, '', 0, 0, 10, 1, 0, 0),
(1080, '2022-11-09', 0, 0, '', 0, 20, 0, '', 0, 0, 10, 1, 0, 0),
(1081, '2022-11-09', 0, 0, '', 0, 0, 0, '', 12, 0, 10, 1, 0, 0),
(1082, '2022-11-10', 1, 0, '', 0, 0, 0, '', 0, 0, 3, 2, 2, 0),
(1083, '2022-11-10', 0, 1, '', 0, 0, 0, '', 0, 0, 0, 0, 0, 0),
(1084, '2022-11-10', 0, 2, '', 0, 0, 0, '', 0, 0, 0, 0, 0, 0),
(1085, '2022-11-10', 0, 3, '', 0, 0, 0, '', 0, 0, 0, 0, 0, 0),
(1086, '2022-11-10', 0, 4, '', 0, 0, 0, '', 0, 0, 0, 0, 0, 0),
(1087, '2022-11-10', 0, 5, '', 0, 0, 0, '', 0, 0, 0, 0, 0, 0),
(1088, '2022-11-10', 0, 6, '', 0, 0, 0, '', 0, 0, 0, 0, 0, 0),
(1089, '2022-11-10', 0, 7, '', 0, 0, 0, '', 0, 0, 0, 0, 0, 0),
(1090, '2022-11-10', 0, 8, '', 0, 0, 0, '', 0, 0, 0, 0, 0, 0),
(1091, '2022-11-10', 0, 9, '', 0, 0, 0, '', 0, 0, 0, 0, 0, 0),
(1092, '2022-11-10', 0, 10, '', 0, 0, 0, '', 0, 0, 0, 0, 0, 0),
(1093, '2022-11-10', 0, 11, '', 0, 0, 0, '', 0, 0, 0, 0, 0, 0),
(1094, '2022-11-10', 0, 12, '', 0, 0, 0, '', 0, 0, 0, 0, 0, 0),
(1095, '2022-11-10', 0, 13, '', 0, 0, 0, '', 0, 0, 0, 0, 0, 0),
(1096, '2022-11-10', 0, 14, '', 0, 0, 0, '', 0, 0, 0, 0, 0, 0),
(1097, '2022-11-10', 0, 15, '', 0, 0, 0, '', 0, 0, 0, 0, 0, 0),
(1098, '2022-11-10', 0, 16, '', 0, 0, 0, '', 0, 0, 0, 0, 0, 0),
(1099, '2022-11-10', 0, 17, '', 0, 0, 0, '', 0, 0, 0, 0, 0, 0),
(1100, '2022-11-10', 0, 18, '', 0, 0, 0, '', 0, 0, 0, 0, 0, 0),
(1101, '2022-11-10', 0, 19, '', 0, 0, 0, '', 0, 0, 0, 0, 0, 0),
(1102, '2022-11-10', 0, 20, '', 0, 0, 0, '', 0, 0, 0, 0, 0, 0),
(1103, '2022-11-10', 0, 21, '', 0, 0, 0, '', 0, 0, 3, 2, 2, 0),
(1104, '2022-11-10', 0, 22, '', 0, 0, 0, '', 0, 0, 0, 0, 0, 0),
(1105, '2022-11-10', 0, 23, '', 0, 0, 0, '', 0, 0, 0, 0, 0, 0),
(1106, '2022-11-10', 0, 24, '', 0, 0, 0, '', 0, 0, 0, 0, 0, 0),
(1107, '2022-11-10', 0, 0, '', 1, 0, 0, '', 0, 0, 3, 2, 0, 0),
(1108, '2022-11-10', 0, 0, '', 0, 20, 0, '', 0, 0, 3, 2, 0, 0),
(1109, '2022-11-10', 0, 0, '', 0, 0, 0, '', 12, 0, 3, 2, 0, 0),
(1110, '2022-11-14', 1, 0, '', 0, 0, 0, '', 0, 0, 0, 0, 0, 0),
(1111, '2022-11-14', 0, 1, '', 0, 0, 0, '', 0, 0, 0, 0, 0, 0),
(1112, '2022-11-14', 0, 2, '', 0, 0, 0, '', 0, 0, 0, 0, 0, 0),
(1113, '2022-11-14', 0, 3, '', 0, 0, 0, '', 0, 0, 0, 0, 0, 0),
(1114, '2022-11-14', 0, 4, '', 0, 0, 0, '', 0, 0, 0, 0, 0, 0),
(1115, '2022-11-14', 0, 5, '', 0, 0, 0, '', 0, 0, 0, 0, 0, 0),
(1116, '2022-11-14', 0, 6, '', 0, 0, 0, '', 0, 0, 0, 0, 0, 0),
(1117, '2022-11-14', 0, 7, '', 0, 0, 0, '', 0, 0, 0, 0, 0, 0),
(1118, '2022-11-14', 0, 8, '', 0, 0, 0, '', 0, 0, 0, 0, 0, 0),
(1119, '2022-11-14', 0, 9, '', 0, 0, 0, '', 0, 0, 0, 0, 0, 0),
(1120, '2022-11-14', 0, 10, '', 0, 0, 0, '', 0, 0, 0, 0, 0, 0),
(1121, '2022-11-14', 0, 11, '', 0, 0, 0, '', 0, 0, 0, 0, 0, 0),
(1122, '2022-11-14', 0, 12, '', 0, 0, 0, '', 0, 0, 0, 0, 0, 0),
(1123, '2022-11-14', 0, 13, '', 0, 0, 0, '', 0, 0, 0, 0, 0, 0),
(1124, '2022-11-14', 0, 14, '', 0, 0, 0, '', 0, 0, 0, 0, 0, 0),
(1125, '2022-11-14', 0, 15, '', 0, 0, 0, '', 0, 0, 0, 0, 0, 0),
(1126, '2022-11-14', 0, 16, '', 0, 0, 0, '', 0, 0, 0, 0, 0, 0),
(1127, '2022-11-14', 0, 17, '', 0, 0, 0, '', 0, 0, 0, 0, 0, 0),
(1128, '2022-11-14', 0, 18, '', 0, 0, 0, '', 0, 0, 0, 0, 0, 0),
(1129, '2022-11-14', 0, 19, '', 0, 0, 0, '', 0, 0, 0, 0, 0, 0),
(1130, '2022-11-14', 0, 20, '', 0, 0, 0, '', 0, 0, 0, 0, 0, 0),
(1131, '2022-11-14', 0, 21, '', 0, 0, 0, '', 0, 0, 0, 0, 0, 0),
(1132, '2022-11-14', 0, 22, '', 0, 0, 0, '', 0, 0, 0, 0, 0, 0),
(1133, '2022-11-14', 0, 23, '', 0, 0, 0, '', 0, 0, 0, 0, 0, 0),
(1134, '2022-11-14', 0, 24, '', 0, 0, 0, '', 0, 0, 0, 0, 0, 0),
(1135, '2022-11-19', 1, 0, '', 0, 0, 0, '', 0, 0, 0, 0, 0, 0),
(1136, '2022-11-19', 0, 1, '', 0, 0, 0, '', 0, 0, 0, 0, 0, 0),
(1137, '2022-11-19', 0, 2, '', 0, 0, 0, '', 0, 0, 0, 0, 0, 0),
(1138, '2022-11-19', 0, 3, '', 0, 0, 0, '', 0, 0, 0, 0, 0, 0),
(1139, '2022-11-19', 0, 4, '', 0, 0, 0, '', 0, 0, 0, 0, 0, 0),
(1140, '2022-11-19', 0, 5, '', 0, 0, 0, '', 0, 0, 0, 0, 0, 0),
(1141, '2022-11-19', 0, 6, '', 0, 0, 0, '', 0, 0, 0, 0, 0, 0),
(1142, '2022-11-19', 0, 7, '', 0, 0, 0, '', 0, 0, 0, 0, 0, 0),
(1143, '2022-11-19', 0, 8, '', 0, 0, 0, '', 0, 0, 0, 0, 0, 0),
(1144, '2022-11-19', 0, 9, '', 0, 0, 0, '', 0, 0, 0, 0, 0, 0),
(1145, '2022-11-19', 0, 10, '', 0, 0, 0, '', 0, 0, 0, 0, 0, 0),
(1146, '2022-11-19', 0, 11, '', 0, 0, 0, '', 0, 0, 0, 0, 0, 0),
(1147, '2022-11-19', 0, 12, '', 0, 0, 0, '', 0, 0, 0, 0, 0, 0),
(1148, '2022-11-19', 0, 13, '', 0, 0, 0, '', 0, 0, 0, 0, 0, 0),
(1149, '2022-11-19', 0, 14, '', 0, 0, 0, '', 0, 0, 0, 0, 0, 0),
(1150, '2022-11-19', 0, 15, '', 0, 0, 0, '', 0, 0, 0, 0, 0, 0),
(1151, '2022-11-19', 0, 16, '', 0, 0, 0, '', 0, 0, 0, 0, 0, 0),
(1152, '2022-11-19', 0, 17, '', 0, 0, 0, '', 0, 0, 0, 0, 0, 0),
(1153, '2022-11-19', 0, 18, '', 0, 0, 0, '', 0, 0, 0, 0, 0, 0),
(1154, '2022-11-19', 0, 19, '', 0, 0, 0, '', 0, 0, 0, 0, 0, 0),
(1155, '2022-11-19', 0, 20, '', 0, 0, 0, '', 0, 0, 0, 0, 0, 0),
(1156, '2022-11-19', 0, 21, '', 0, 0, 0, '', 0, 0, 0, 0, 0, 0),
(1157, '2022-11-19', 0, 22, '', 0, 0, 0, '', 0, 0, 0, 0, 0, 0),
(1158, '2022-11-19', 0, 23, '', 0, 0, 0, '', 0, 0, 0, 0, 0, 0),
(1159, '2022-11-19', 0, 24, '', 0, 0, 0, '', 0, 0, 0, 0, 0, 0),
(1160, '2022-12-01', 1, 0, '', 0, 0, 0, '', 0, 0, 0, 0, 0, 0),
(1161, '2022-12-01', 0, 1, '', 0, 0, 0, '', 0, 0, 0, 0, 0, 0),
(1162, '2022-12-01', 0, 2, '', 0, 0, 0, '', 0, 0, 0, 0, 0, 0),
(1163, '2022-12-01', 0, 3, '', 0, 0, 0, '', 0, 0, 0, 0, 0, 0),
(1164, '2022-12-01', 0, 4, '', 0, 0, 0, '', 0, 0, 0, 0, 0, 0),
(1165, '2022-12-01', 0, 5, '', 0, 0, 0, '', 0, 0, 0, 0, 0, 0),
(1166, '2022-12-01', 0, 6, '', 0, 0, 0, '', 0, 0, 0, 0, 0, 0),
(1167, '2022-12-01', 0, 7, '', 0, 0, 0, '', 0, 0, 0, 0, 0, 0),
(1168, '2022-12-01', 0, 8, '', 0, 0, 0, '', 0, 0, 0, 0, 0, 0),
(1169, '2022-12-01', 0, 9, '', 0, 0, 0, '', 0, 0, 0, 0, 0, 0),
(1170, '2022-12-01', 0, 10, '', 0, 0, 0, '', 0, 0, 0, 0, 0, 0),
(1171, '2022-12-01', 0, 11, '', 0, 0, 0, '', 0, 0, 0, 0, 0, 0),
(1172, '2022-12-01', 0, 12, '', 0, 0, 0, '', 0, 0, 0, 0, 0, 0),
(1173, '2022-12-01', 0, 13, '', 0, 0, 0, '', 0, 0, 0, 0, 0, 0),
(1174, '2022-12-01', 0, 14, '', 0, 0, 0, '', 0, 0, 0, 0, 0, 0),
(1175, '2022-12-01', 0, 15, '', 0, 0, 0, '', 0, 0, 0, 0, 0, 0),
(1176, '2022-12-01', 0, 16, '', 0, 0, 0, '', 0, 0, 0, 0, 0, 0),
(1177, '2022-12-01', 0, 17, '', 0, 0, 0, '', 0, 0, 0, 0, 0, 0),
(1178, '2022-12-01', 0, 18, '', 0, 0, 0, '', 0, 0, 0, 0, 0, 0),
(1179, '2022-12-01', 0, 19, '', 0, 0, 0, '', 0, 0, 0, 0, 0, 0),
(1180, '2022-12-01', 0, 20, '', 0, 0, 0, '', 0, 0, 0, 0, 0, 0),
(1181, '2022-12-01', 0, 21, '', 0, 0, 0, '', 0, 0, 0, 0, 0, 0),
(1182, '2022-12-01', 0, 22, '', 0, 0, 0, '', 0, 0, 0, 0, 0, 0),
(1183, '2022-12-01', 0, 23, '', 0, 0, 0, '', 0, 0, 0, 0, 0, 0),
(1184, '2022-12-01', 0, 24, '', 0, 0, 0, '', 0, 0, 0, 0, 0, 0),
(1185, '2022-12-02', 1, 0, '', 0, 0, 0, '', 0, 0, 1, 1, 1, 0),
(1186, '2022-12-02', 0, 1, '', 0, 0, 0, '', 0, 0, 0, 0, 0, 0),
(1187, '2022-12-02', 0, 2, '', 0, 0, 0, '', 0, 0, 0, 0, 0, 0),
(1188, '2022-12-02', 0, 3, '', 0, 0, 0, '', 0, 0, 0, 0, 0, 0),
(1189, '2022-12-02', 0, 4, '', 0, 0, 0, '', 0, 0, 0, 0, 0, 0),
(1190, '2022-12-02', 0, 5, '', 0, 0, 0, '', 0, 0, 0, 0, 0, 0),
(1191, '2022-12-02', 0, 6, '', 0, 0, 0, '', 0, 0, 0, 0, 0, 0),
(1192, '2022-12-02', 0, 7, '', 0, 0, 0, '', 0, 0, 0, 0, 0, 0),
(1193, '2022-12-02', 0, 8, '', 0, 0, 0, '', 0, 0, 0, 0, 0, 0),
(1194, '2022-12-02', 0, 9, '', 0, 0, 0, '', 0, 0, 0, 0, 0, 0),
(1195, '2022-12-02', 0, 10, '', 0, 0, 0, '', 0, 0, 0, 0, 0, 0),
(1196, '2022-12-02', 0, 11, '', 0, 0, 0, '', 0, 0, 1, 1, 1, 0),
(1197, '2022-12-02', 0, 12, '', 0, 0, 0, '', 0, 0, 0, 0, 0, 0),
(1198, '2022-12-02', 0, 13, '', 0, 0, 0, '', 0, 0, 0, 0, 0, 0),
(1199, '2022-12-02', 0, 14, '', 0, 0, 0, '', 0, 0, 0, 0, 0, 0),
(1200, '2022-12-02', 0, 15, '', 0, 0, 0, '', 0, 0, 0, 0, 0, 0),
(1201, '2022-12-02', 0, 16, '', 0, 0, 0, '', 0, 0, 0, 0, 0, 0),
(1202, '2022-12-02', 0, 17, '', 0, 0, 0, '', 0, 0, 0, 0, 0, 0),
(1203, '2022-12-02', 0, 18, '', 0, 0, 0, '', 0, 0, 0, 0, 0, 0),
(1204, '2022-12-02', 0, 19, '', 0, 0, 0, '', 0, 0, 0, 0, 0, 0),
(1205, '2022-12-02', 0, 20, '', 0, 0, 0, '', 0, 0, 0, 0, 0, 0),
(1206, '2022-12-02', 0, 21, '', 0, 0, 0, '', 0, 0, 0, 0, 0, 0),
(1207, '2022-12-02', 0, 22, '', 0, 0, 0, '', 0, 0, 0, 0, 0, 0),
(1208, '2022-12-02', 0, 23, '', 0, 0, 0, '', 0, 0, 0, 0, 0, 0),
(1209, '2022-12-02', 0, 24, '', 0, 0, 0, '', 0, 0, 0, 0, 0, 0),
(1210, '2022-12-02', 0, 0, '', 1, 0, 0, '', 0, 0, 1, 1, 0, 0),
(1211, '2022-12-02', 0, 0, '', 0, 20, 0, '', 0, 0, 1, 1, 0, 0),
(1212, '2022-12-02', 0, 0, '', 0, 0, 0, '', 12, 0, 1, 1, 0, 0),
(1213, '2022-12-06', 1, 0, '', 0, 0, 0, '', 0, 0, 0, 0, 0, 0),
(1214, '2022-12-06', 0, 1, '', 0, 0, 0, '', 0, 0, 0, 0, 0, 0),
(1215, '2022-12-06', 0, 2, '', 0, 0, 0, '', 0, 0, 0, 0, 0, 0),
(1216, '2022-12-06', 0, 3, '', 0, 0, 0, '', 0, 0, 0, 0, 0, 0),
(1217, '2022-12-06', 0, 4, '', 0, 0, 0, '', 0, 0, 0, 0, 0, 0),
(1218, '2022-12-06', 0, 5, '', 0, 0, 0, '', 0, 0, 0, 0, 0, 0),
(1219, '2022-12-06', 0, 6, '', 0, 0, 0, '', 0, 0, 0, 0, 0, 0),
(1220, '2022-12-06', 0, 7, '', 0, 0, 0, '', 0, 0, 0, 0, 0, 0),
(1221, '2022-12-06', 0, 8, '', 0, 0, 0, '', 0, 0, 0, 0, 0, 0),
(1222, '2022-12-06', 0, 9, '', 0, 0, 0, '', 0, 0, 0, 0, 0, 0),
(1223, '2022-12-06', 0, 10, '', 0, 0, 0, '', 0, 0, 0, 0, 0, 0),
(1224, '2022-12-06', 0, 11, '', 0, 0, 0, '', 0, 0, 0, 0, 0, 0),
(1225, '2022-12-06', 0, 12, '', 0, 0, 0, '', 0, 0, 0, 0, 0, 0),
(1226, '2022-12-06', 0, 13, '', 0, 0, 0, '', 0, 0, 0, 0, 0, 0),
(1227, '2022-12-06', 0, 14, '', 0, 0, 0, '', 0, 0, 0, 0, 0, 0),
(1228, '2022-12-06', 0, 15, '', 0, 0, 0, '', 0, 0, 0, 0, 0, 0),
(1229, '2022-12-06', 0, 16, '', 0, 0, 0, '', 0, 0, 0, 0, 0, 0),
(1230, '2022-12-06', 0, 17, '', 0, 0, 0, '', 0, 0, 0, 0, 0, 0),
(1231, '2022-12-06', 0, 18, '', 0, 0, 0, '', 0, 0, 0, 0, 0, 0),
(1232, '2022-12-06', 0, 19, '', 0, 0, 0, '', 0, 0, 0, 0, 0, 0),
(1233, '2022-12-06', 0, 20, '', 0, 0, 0, '', 0, 0, 0, 0, 0, 0),
(1234, '2022-12-06', 0, 21, '', 0, 0, 0, '', 0, 0, 0, 0, 0, 0),
(1235, '2022-12-06', 0, 22, '', 0, 0, 0, '', 0, 0, 0, 0, 0, 0),
(1236, '2022-12-06', 0, 23, '', 0, 0, 0, '', 0, 0, 0, 0, 0, 0),
(1237, '2022-12-06', 0, 24, '', 0, 0, 0, '', 0, 0, 0, 0, 0, 0);

-- --------------------------------------------------------

--
-- Doublure de structure pour la vue `wp_wsm_hourwisefirstvisitors`
-- (Voir ci-dessous la vue réelle)
--
DROP VIEW IF EXISTS `wp_wsm_hourwisefirstvisitors`;
CREATE TABLE IF NOT EXISTS `wp_wsm_hourwisefirstvisitors` (
);

-- --------------------------------------------------------

--
-- Doublure de structure pour la vue `wp_wsm_hourwisepageviews`
-- (Voir ci-dessous la vue réelle)
--
DROP VIEW IF EXISTS `wp_wsm_hourwisepageviews`;
CREATE TABLE IF NOT EXISTS `wp_wsm_hourwisepageviews` (
);

-- --------------------------------------------------------

--
-- Doublure de structure pour la vue `wp_wsm_hourwisevisitors`
-- (Voir ci-dessous la vue réelle)
--
DROP VIEW IF EXISTS `wp_wsm_hourwisevisitors`;
CREATE TABLE IF NOT EXISTS `wp_wsm_hourwisevisitors` (
`hour` int(2)
,`visitors` bigint(21)
);

-- --------------------------------------------------------

--
-- Structure de la table `wp_wsm_loguniquevisit`
--

CREATE TABLE IF NOT EXISTS `wp_wsm_loguniquevisit` (
  `id` bigint(10) UNSIGNED NOT NULL AUTO_INCREMENT,
  `siteId` int(10) UNSIGNED NOT NULL,
  `visitorId` varchar(20) NOT NULL,
  `visitLastActionTime` datetime NOT NULL,
  `configId` varchar(20) NOT NULL,
  `ipAddress` varchar(16) NOT NULL,
  `userId` varchar(200) DEFAULT NULL,
  `firstActionVisitTime` datetime NOT NULL,
  `daysSinceFirstVisit` smallint(5) UNSIGNED DEFAULT NULL,
  `returningVisitor` tinyint(1) DEFAULT NULL,
  `visitCount` int(11) UNSIGNED NOT NULL,
  `visitEntryURLId` int(11) UNSIGNED DEFAULT NULL,
  `visitExitURLId` int(11) UNSIGNED DEFAULT '0',
  `visitTotalActions` int(11) UNSIGNED DEFAULT NULL,
  `refererUrlId` int(11) DEFAULT NULL,
  `browserLang` varchar(20) DEFAULT NULL,
  `browserId` int(11) UNSIGNED DEFAULT NULL,
  `deviceType` varchar(20) DEFAULT NULL,
  `oSystemId` int(11) UNSIGNED DEFAULT NULL,
  `currentLocalTime` time DEFAULT NULL,
  `daysSinceLastVisit` smallint(5) UNSIGNED DEFAULT NULL,
  `totalTimeVisit` int(11) UNSIGNED NOT NULL,
  `resolutionId` int(11) UNSIGNED DEFAULT NULL,
  `cookie` tinyint(1) DEFAULT NULL,
  `director` tinyint(1) DEFAULT NULL,
  `flash` tinyint(1) DEFAULT NULL,
  `gears` tinyint(1) DEFAULT NULL,
  `java` tinyint(1) DEFAULT NULL,
  `pdf` tinyint(1) DEFAULT NULL,
  `quicktime` tinyint(1) DEFAULT NULL,
  `realplayer` tinyint(1) DEFAULT NULL,
  `silverlight` tinyint(1) DEFAULT NULL,
  `windowsmedia` tinyint(1) DEFAULT NULL,
  `city` varchar(255) DEFAULT NULL,
  `countryId` int(3) UNSIGNED NOT NULL,
  `latitude` decimal(9,6) DEFAULT NULL,
  `longitude` decimal(9,6) DEFAULT NULL,
  `regionId` tinyint(2) DEFAULT NULL,
  PRIMARY KEY (`id`),
  KEY `index_config_datetime` (`configId`,`visitLastActionTime`),
  KEY `index_datetime` (`visitLastActionTime`),
  KEY `index_idvisitor` (`visitorId`)
) ENGINE=InnoDB AUTO_INCREMENT=65 DEFAULT CHARSET=utf8;

--
-- Déchargement des données de la table `wp_wsm_loguniquevisit`
--

INSERT INTO `wp_wsm_loguniquevisit` (`id`, `siteId`, `visitorId`, `visitLastActionTime`, `configId`, `ipAddress`, `userId`, `firstActionVisitTime`, `daysSinceFirstVisit`, `returningVisitor`, `visitCount`, `visitEntryURLId`, `visitExitURLId`, `visitTotalActions`, `refererUrlId`, `browserLang`, `browserId`, `deviceType`, `oSystemId`, `currentLocalTime`, `daysSinceLastVisit`, `totalTimeVisit`, `resolutionId`, `cookie`, `director`, `flash`, `gears`, `java`, `pdf`, `quicktime`, `realplayer`, `silverlight`, `windowsmedia`, `city`, `countryId`, `latitude`, `longitude`, `regionId`) VALUES
(1, 1, '2d2f4fa3a93d9b74', '2021-06-15 17:28:28', '1cb38ed6a16849ec', '41.202.219.79', '1', '2021-06-15 17:23:08', 0, 0, 1, 1, 2, 8, 0, 'fr', 1, 'Desktop', 12, '18:23:02', 0, 368, 20, 1, 0, 0, 0, 0, 0, 0, 0, 0, 0, 'Douala', 39, '4.050300', '9.700000', 0),
(2, 1, '1873065367878270', '2021-06-16 00:07:40', 'ded9f78b24550499', '40.77.188.135', '0', '2021-06-16 00:07:40', 0, 0, 1, 1, 1, 1, 0, 'en', 13, 'Desktop', 13, '17:07:39', 0, 0, 2, 1, 0, 0, 0, 0, 0, 0, 0, 0, 0, 'Chicago', 236, '41.848300', '-87.651700', 0),
(3, 1, '2d2f4fa3a93d9b74', '2021-06-16 10:03:16', '1cb38ed6a16849ec', '41.202.219.69', '1', '2021-06-16 09:24:37', 0, 0, 1, 1, 9, 15, 0, 'fr', 1, 'Desktop', 12, '10:24:31', 0, 2623, 20, 1, 0, 0, 0, 0, 0, 0, 0, 0, 0, 'Douala', 39, '4.050300', '9.700000', 0),
(4, 1, '5f2eb6366d23d2d9', '2021-06-16 11:53:00', 'b37d35a38237e1e6', '164.2.255.244', '0', '2021-06-16 11:53:00', 0, 0, 1, 1, 1, 1, 10, 'fr', 1, 'Desktop', 8, '13:53:00', 0, 0, 14, 1, 0, 1, 0, 0, 0, 0, 0, 0, 0, 'Paris', 76, '48.841200', '2.387600', 0),
(5, 1, '2d2f4fa3a93d9b74', '2021-06-17 13:28:20', '1cb38ed6a16849ec', '41.202.219.69', '1', '2021-06-17 13:28:20', 0, 0, 1, 1, 9, 15, 0, 'fr', 1, 'Desktop', 12, '14:28:13', 0, 2623, 20, 1, 0, 0, 0, 0, 0, 0, 0, 0, 0, 'Douala', 39, '4.050300', '9.700000', 0),
(6, 1, '05cb4fd10a44f050', '2021-06-17 19:24:59', 'cd3986f6b51eb154', '41.202.219.77', '0', '2021-06-17 19:24:59', 0, 0, 1, 1, 1, 1, 0, 'fr-FR', 2, 'Mobile', 10, '20:24:49', 0, 0, 25, 1, 0, 0, 0, 0, 0, 0, 0, 0, 0, 'Douala', 39, '4.050300', '9.700000', 0),
(7, 1, '05cb4fd10a44f050', '2021-06-19 12:00:08', 'cd3986f6b51eb154', '41.202.219.77', '0', '2021-06-19 12:00:08', 0, 0, 1, 1, 1, 1, 0, 'fr-FR', 2, 'Mobile', 10, '13:00:04', 0, 386, 25, 1, 0, 0, 0, 0, 0, 0, 0, 0, 0, 'Douala', 39, '4.050300', '9.700000', 0),
(8, 1, '05cb4fd10a44f050', '2021-06-21 21:58:32', 'cd3986f6b51eb154', '41.202.219.77', '0', '2021-06-21 21:58:32', 0, 0, 1, 1, 1, 1, 0, 'fr-FR', 2, 'Mobile', 10, '22:58:28', 0, 386, 25, 1, 0, 0, 0, 0, 0, 0, 0, 0, 0, 'Douala', 39, '4.050300', '9.700000', 0),
(9, 1, '88681735fc61370c', '2021-06-22 04:52:49', 'ded9f78b24550499', '40.77.189.0', '0', '2021-06-22 04:52:49', 0, 0, 1, 1, 1, 1, 0, 'en-US', 13, 'Desktop', 13, '21:52:48', 0, 0, 2, 1, 0, 0, 0, 0, 0, 0, 0, 0, 0, 'Chicago', 236, '41.848300', '-87.651700', 0),
(10, 1, '0b0946fb7510cc62', '2021-06-22 21:03:53', '90a8a105232296ab', '175.44.42.41', '0', '2021-06-22 21:03:53', 1013, 1, 1, 1, 1, 1, 11, 'en-US', 4, 'Mobile', 11, '05:33:22', 1013, 0, 26, 1, 0, 0, 0, 0, 0, 0, 0, 0, 0, 'Putian', 46, '24.987800', '118.498300', 0),
(11, 1, 'df507b0a205e539d', '2021-06-22 23:50:51', '1cb38ed6a16849ec', '129.0.204.102', '1', '2021-06-22 23:38:41', 0, 0, 1, 1, 1, 3, 0, 'fr', 1, 'Desktop', 12, '23:38:31', 0, 813, 20, 1, 0, 0, 0, 0, 0, 0, 0, 0, 0, '', 39, '6.000000', '12.000000', 0),
(12, 1, 'd3173b258a28cf05', '2021-06-22 23:41:18', 'b4a0ca3bf8ff32cc', '129.0.204.102', '0', '2021-06-22 23:41:18', 0, 0, 1, 1, 1, 1, 0, 'fr-FR', 2, 'Desktop', 12, '23:41:07', 0, 0, 20, 1, 0, 0, 0, 0, 1, 0, 0, 0, 0, '', 39, '6.000000', '12.000000', 0),
(13, 1, 'df507b0a205e539d', '2021-06-23 00:24:07', '1cb38ed6a16849ec', '129.0.204.102', '1', '2021-06-23 00:10:33', 0, 0, 1, 1, 1, 5, 0, 'fr', 1, 'Desktop', 12, '01:10:24', 0, 830, 20, 1, 0, 0, 0, 0, 0, 0, 0, 0, 0, '', 39, '6.000000', '12.000000', 0),
(14, 1, '2b5dee035e422d1a', '2021-09-11 16:02:08', '01e222b30c36d46b', '::1', '0', '2021-09-11 16:02:08', 0, 1, 2, 1, 1, 1, 0, 'fr-FR', 2, 'Desktop', 12, '17:02:06', 0, 15, 20, 1, 0, 0, 0, 0, 1, 0, 0, 0, 0, '', 0, '0.000000', '0.000000', 0),
(15, 1, '0e36d38d043595cd', '2021-09-15 15:32:05', 'b1992904153b0b08', '127.0.0.1', '0', '2021-09-15 13:29:04', 4, 1, 16, 1, 6, 8, 0, 'fr', 1, 'Desktop', 12, '14:28:59', 0, 9685, 20, 1, 0, 0, 0, 0, 0, 0, 0, 0, 0, '', 0, '0.000000', '0.000000', 0),
(16, 1, '994c7c23922cf3c3', '2021-09-15 16:13:10', 'b1992904153b0b08', '127.0.0.1', '0', '2021-09-15 16:13:10', 0, 0, 1, 0, 0, 1, 0, 'fr', 1, 'Desktop', 12, '17:13:07', 0, 307, 20, 1, 0, 0, 0, 0, 0, 0, 0, 0, 0, '', 0, '0.000000', '0.000000', 0),
(17, 1, '994c7c23922cf3c3', '2021-09-16 12:42:56', 'b1992904153b0b08', '127.0.0.1', '0', '2021-09-16 07:41:57', 0, 0, 1, 1, 6, 4, 0, 'fr', 1, 'Desktop', 12, '08:41:53', 0, 18157, 20, 1, 0, 0, 0, 0, 0, 0, 0, 0, 0, '', 0, '0.000000', '0.000000', 0),
(18, 1, 'a9e81bfac681db26', '2021-09-16 09:12:48', '01e222b30c36d46b', '::1', '0', '2021-09-16 08:46:07', 0, 0, 1, 1, 1, 3, 0, 'fr-FR', 2, 'Desktop', 12, '09:46:03', 0, 1946, 20, 1, 0, 0, 0, 0, 1, 0, 0, 0, 0, 'Not found', 0, '0.000000', '0.000000', 0),
(19, 1, '994c7c23922cf3c3', '2021-09-17 00:47:23', 'b1992904153b0b08', '127.0.0.1', '0', '2021-09-17 00:47:23', 0, 0, 1, 1, 6, 4, 0, 'fr', 1, 'Desktop', 12, '01:46:54', 0, 12650, 20, 1, 0, 0, 0, 0, 0, 0, 0, 0, 0, '', 0, '0.000000', '0.000000', 0),
(20, 1, '3901e0c2ae8eb47c', '2021-09-20 10:22:01', '01e222b30c36d46b', '::1', '0', '2021-09-20 10:22:01', 3, 1, 9, 1, 1, 1, 0, 'fr-FR', 2, 'Desktop', 12, '11:21:59', 0, 59, 20, 1, 0, 0, 0, 0, 1, 0, 0, 0, 0, '', 0, '0.000000', '0.000000', 0),
(21, 1, '3901e0c2ae8eb47c', '2021-09-22 22:25:11', '01e222b30c36d46b', '::1', '1', '2021-09-22 22:09:38', 3, 1, 9, 1, 1, 4, 0, 'fr-FR', 2, 'Desktop', 12, '23:09:28', 0, 1201, 20, 1, 0, 0, 0, 0, 1, 0, 0, 0, 0, '', 0, '0.000000', '0.000000', 0),
(22, 1, '2e94d8938b750c55', '2021-09-22 23:50:32', '01e222b30c36d46b', '::1', '1', '2021-09-22 22:29:54', 0, 0, 1, 0, 1, 6, 0, 'fr-FR', 2, 'Desktop', 12, '23:29:50', 0, 5305, 20, 1, 0, 0, 0, 0, 1, 0, 0, 0, 0, '', 0, '0.000000', '0.000000', 0),
(23, 1, '2e94d8938b750c55', '2021-09-23 01:15:58', '01e222b30c36d46b', '::1', '1', '2021-09-23 01:15:58', 0, 0, 1, 0, 1, 6, 0, 'fr-FR', 2, 'Desktop', 12, '02:15:55', 0, 5305, 20, 1, 0, 0, 0, 0, 1, 0, 0, 0, 0, '', 0, '0.000000', '0.000000', 0),
(24, 1, '2e94d8938b750c55', '2021-09-24 13:17:09', '01e222b30c36d46b', '::1', '1', '2021-09-24 12:28:20', 0, 0, 1, 2, 19, 9, 0, 'fr-FR', 2, 'Desktop', 12, '13:28:16', 0, 3004, 20, 1, 0, 0, 0, 0, 1, 0, 0, 0, 0, '', 0, '0.000000', '0.000000', 0),
(25, 1, '2e94d8938b750c55', '2021-09-25 10:57:23', '01e222b30c36d46b', '::1', '1', '2021-09-25 10:57:23', 0, 0, 1, 19, 19, 9, 0, 'fr-FR', 2, 'Desktop', 12, '11:57:16', 0, 3004, 20, 1, 0, 0, 0, 0, 1, 0, 0, 0, 0, '', 0, '0.000000', '0.000000', 0),
(26, 1, '2e94d8938b750c55', '2021-09-27 11:12:46', '01e222b30c36d46b', '::1', '1', '2021-09-27 09:34:05', 0, 0, 1, 19, 1, 11, 0, 'fr-FR', 2, 'Desktop', 12, '10:34:03', 0, 9475, 20, 1, 0, 0, 0, 0, 1, 0, 0, 0, 0, '', 0, '0.000000', '0.000000', 0),
(27, 1, '2e94d8938b750c55', '2021-09-28 10:09:30', '01e222b30c36d46b', '::1', '1', '2021-09-28 10:09:30', 0, 0, 1, 1, 1, 11, 0, 'fr-FR', 2, 'Desktop', 12, '11:09:27', 0, 20972, 20, 1, 0, 0, 0, 0, 1, 0, 0, 0, 0, '', 0, '0.000000', '0.000000', 0),
(28, 1, '2e94d8938b750c55', '2021-09-29 07:54:43', '5e5ebeeab8533890', '::1', '1', '2021-09-29 07:54:43', 0, 0, 1, 1, 1, 11, 0, 'fr-FR', 2, 'Desktop', 12, '08:54:41', 0, 20972, 20, 1, 0, 0, 0, 0, 1, 0, 0, 0, 0, '', 0, '0.000000', '0.000000', 0),
(29, 1, '32cade0d0b3a70d5', '2021-09-29 13:06:23', '5e5ebeeab8533890', '::1', '1', '2021-09-29 10:50:06', 0, 0, 1, 1, 1, 2, 0, 'fr-FR', 2, 'Desktop', 12, '11:50:03', 0, 37368, 20, 1, 0, 0, 0, 0, 1, 0, 0, 0, 0, '', 0, '0.000000', '0.000000', 0),
(30, 1, '32cade0d0b3a70d5', '2021-09-29 10:50:06', '5e5ebeeab8533890', '::1', '0', '2021-09-29 10:50:06', 0, 0, 1, 1, 1, 1, 0, 'fr-FR', 2, 'Desktop', 12, '11:50:03', 0, 0, 20, 1, 0, 0, 0, 0, 1, 0, 0, 0, 0, '', 0, '0.000000', '0.000000', 0),
(31, 1, 'dbd2c9216e2c9cf8', '2021-10-04 16:57:28', '5e5ebeeab8533890', '::1', '0', '2021-10-04 09:33:07', 4, 1, 10, 1, 6, 4, 0, 'fr-FR', 2, 'Desktop', 12, '10:33:04', 0, 29607, 20, 1, 0, 0, 0, 0, 1, 0, 0, 0, 0, '', 0, '0.000000', '0.000000', 0),
(32, 1, '458ab586618453bc', '2021-10-05 13:53:31', 'b1992904153b0b08', '127.0.0.1', '0', '2021-10-05 13:52:54', 13, 1, 7, 1, 20, 1, 0, 'fr', 1, 'Desktop', 12, '14:52:48', 0, 38, 20, 1, 0, 0, 0, 0, 0, 0, 0, 0, 0, '', 0, '0.000000', '0.000000', 0),
(33, 1, '6cc1f6399205fad8', '2021-10-28 11:13:49', '5ff43f8b39af5c13', '127.0.0.1', '0', '2021-10-28 11:13:49', 0, 0, 1, 1, 1, 1, 0, 'fr', 1, 'Desktop', 12, '12:13:41', 0, 12, 20, 1, 0, 0, 0, 0, 0, 0, 0, 0, 0, '', 0, '0.000000', '0.000000', 0),
(34, 1, '148321249ba3a3b7', '2021-10-28 15:16:29', 'b30f1b7436d1c35d', '::1', '1', '2021-10-28 15:16:29', 0, 0, 1, 1, 1, 1, 0, 'fr-FR', 2, 'Desktop', 12, '16:16:25', 0, 2388, 20, 1, 0, 0, 0, 0, 1, 0, 0, 0, 0, '', 0, '0.000000', '0.000000', 0),
(35, 1, 'd6ecf9ef48e059c1', '2021-11-03 02:50:16', 'b30f1b7436d1c35d', '::1', '0', '2021-11-03 02:50:16', 0, 0, 1, 1, 1, 1, 0, 'fr-FR', 2, 'Desktop', 12, '03:50:10', 0, 0, 20, 1, 0, 0, 0, 0, 1, 0, 0, 0, 0, '', 0, '0.000000', '0.000000', 0),
(36, 1, 'c4c96afabc62f25a', '2021-11-15 11:35:59', 'b30f1b7436d1c35d', '::1', '0', '2021-11-15 11:35:59', 0, 0, 1, 1, 1, 1, 0, 'fr-FR', 2, 'Desktop', 12, '12:35:56', 0, 4184, 20, 1, 0, 0, 0, 0, 1, 0, 0, 0, 0, 'Not found', 0, '0.000000', '0.000000', 0),
(37, 1, 'c4c96afabc62f25a', '2021-11-16 00:55:51', 'b30f1b7436d1c35d', '::1', '0', '2021-11-16 00:55:51', 0, 0, 1, 1, 1, 1, 0, 'fr-FR', 2, 'Desktop', 12, '01:55:49', 0, 48, 20, 1, 0, 0, 0, 0, 1, 0, 0, 0, 0, 'Not found', 0, '0.000000', '0.000000', 0),
(38, 1, 'd028d908063067b4', '2022-02-16 17:38:50', '23709b560dfe1c60', '::1', '0', '2022-02-16 17:07:25', 13, 1, 4, 1, 6, 3, 0, 'fr-FR', 2, 'Desktop', 12, '18:07:05', 0, 1886, 20, 1, 0, 0, 0, 0, 1, 0, 0, 0, 0, '', 0, '0.000000', '0.000000', 0),
(39, 1, 'd028d908063067b4', '2022-02-17 09:31:19', '23709b560dfe1c60', '::1', '0', '2022-02-17 09:31:19', 13, 1, 4, 6, 6, 3, 0, 'fr-FR', 2, 'Desktop', 12, '10:31:18', 0, 28191, 20, 1, 0, 0, 0, 0, 1, 0, 0, 0, 0, '', 0, '0.000000', '0.000000', 0),
(40, 1, 'd028d908063067b4', '2022-02-18 10:51:08', '23709b560dfe1c60', '::1', '0', '2022-02-18 10:49:53', 13, 1, 4, 6, 9, 5, 0, 'fr-FR', 2, 'Desktop', 12, '11:49:14', 0, 11891, 20, 1, 0, 0, 0, 0, 1, 0, 0, 0, 0, '', 0, '0.000000', '0.000000', 0),
(41, 1, 'd028d908063067b4', '2022-03-01 23:55:30', '23709b560dfe1c60', '::1', '1', '2022-03-01 22:59:56', 13, 1, 4, 1, 1, 48, 0, 'fr-FR', 2, 'Desktop', 12, '23:59:51', 0, 3604, 20, 1, 0, 0, 0, 0, 1, 0, 0, 0, 0, '', 0, '0.000000', '0.000000', 0),
(42, 1, 'd028d908063067b4', '2022-03-02 22:19:00', '23709b560dfe1c60', '::1', '1', '2022-03-02 00:00:15', 13, 1, 4, 1, 1, 53, 0, 'fr-FR', 2, 'Desktop', 12, '01:00:14', 0, 80326, 20, 1, 0, 0, 0, 0, 1, 0, 0, 0, 0, '', 0, '0.000000', '0.000000', 0),
(43, 1, 'd028d908063067b4', '2022-03-03 10:12:42', '23709b560dfe1c60', '::1', '1', '2022-03-03 09:17:58', 13, 1, 4, 29, 1, 55, 0, 'fr-FR', 2, 'Desktop', 12, '10:17:55', 0, 12705, 20, 1, 0, 0, 0, 0, 1, 0, 0, 0, 0, '', 0, '0.000000', '0.000000', 0),
(44, 1, 'd028d908063067b4', '2022-03-01 11:38:14', '23709b560dfe1c60', '::1', '0', '2022-03-01 11:38:14', 13, 1, 4, 6, 9, 5, 0, 'fr-FR', 2, 'Desktop', 12, '12:38:13', 0, 11891, 20, 1, 0, 0, 0, 0, 1, 0, 0, 0, 0, '', 0, '0.000000', '0.000000', 0),
(45, 1, 'd028d908063067b4', '2022-03-09 12:50:41', '23709b560dfe1c60', '::1', '1', '2022-03-09 12:50:41', 13, 1, 4, 29, 1, 55, 0, 'fr-FR', 2, 'Desktop', 12, '13:50:39', 0, 241, 20, 1, 0, 0, 0, 0, 1, 0, 0, 0, 0, '', 0, '0.000000', '0.000000', 0),
(46, 1, '981d01014d3d7c61', '2022-04-03 13:10:40', '23709b560dfe1c60', '::1', '1', '2022-04-03 13:10:40', 30, 1, 3, 0, 0, 1, 0, 'fr-FR', 2, 'Desktop', 12, '14:10:38', 31, 0, 20, 1, 0, 0, 0, 0, 1, 0, 0, 0, 0, '', 0, '0.000000', '0.000000', 0),
(47, 1, '981d01014d3d7c61', '2022-03-03 17:38:05', '23709b560dfe1c60', '::1', '1', '2022-03-03 17:38:05', 0, 1, 6, 0, 0, 1, 0, 'fr-FR', 2, 'Desktop', 12, '18:38:05', 0, 0, 20, 1, 0, 0, 0, 0, 1, 0, 0, 0, 0, '', 0, '0.000000', '0.000000', 0),
(48, 1, '981d01014d3d7c61', '2022-03-04 17:52:17', '23709b560dfe1c60', '::1', '0', '2022-03-04 17:48:13', 0, 1, 6, 1, 17, 2, 0, 'fr-FR', 2, 'Desktop', 12, '18:48:07', 0, 909, 20, 1, 0, 0, 0, 0, 1, 0, 0, 0, 0, '', 0, '0.000000', '0.000000', 0),
(49, 1, '981d01014d3d7c61', '2022-03-05 18:47:14', '23709b560dfe1c60', '::1', '1', '2022-03-05 12:22:36', 0, 1, 6, 1, 21, 109, 0, 'fr-FR', 2, 'Desktop', 12, '13:22:34', 0, 23249, 20, 1, 0, 0, 0, 0, 1, 0, 0, 0, 0, '', 0, '0.000000', '0.000000', 0),
(50, 1, '981d01014d3d7c61', '2022-03-22 09:35:09', 'c22ca1a41d770eba', '::1', '0', '2022-03-22 09:10:27', 0, 1, 6, 1, 1, 113, 0, 'fr-FR', 2, 'Desktop', 12, '10:10:20', 0, 1483, 20, 1, 0, 0, 0, 0, 1, 0, 0, 0, 0, '', 0, '0.000000', '0.000000', 0),
(51, 1, '04c215fe77a2524f', '2022-03-22 09:59:10', 'a328b7f7fca5a573', '127.0.0.1', '1', '2022-03-22 09:17:07', 0, 0, 1, 1, 1, 15, 0, 'fr', 1, 'Desktop', 12, '10:17:05', 0, 35524, 27, 1, 0, 0, 0, 0, 0, 0, 0, 0, 0, '', 0, '0.000000', '0.000000', 0),
(52, 1, '41e2c819fdb3efbd', '2022-04-04 22:58:49', '883509df1af98214', '::1', '0', '2022-04-04 22:58:49', 0, 0, 1, 1, 1, 1, 0, 'fr-FR', 2, 'Desktop', 12, '23:58:33', 0, 113, 20, 1, 0, 0, 0, 0, 1, 0, 0, 0, 0, '', 0, '0.000000', '0.000000', 0),
(53, 1, '64504eccda84d1f8', '2022-04-15 15:39:18', '5a92f18391399599', '127.0.0.1', '0', '2022-04-15 15:36:03', 0, 0, 1, 1, 17, 2, 0, 'fr', 1, 'Desktop', 12, '16:35:59', 0, 627, 20, 1, 0, 0, 0, 0, 1, 0, 0, 0, 0, '', 0, '0.000000', '0.000000', 0),
(54, 1, '0bc3d907647247f7', '2022-04-30 11:16:34', '883509df1af98214', '::1', '1', '2022-04-30 11:11:27', 0, 1, 4, 1, 6, 5, 0, 'fr-FR', 2, 'Desktop', 12, '12:11:12', 0, 391, 20, 1, 0, 0, 0, 0, 1, 0, 0, 0, 0, '', 0, '0.000000', '0.000000', 0),
(55, 1, '0bc3d907647247f7', '2022-05-04 14:41:10', '883509df1af98214', '::1', '1', '2022-05-04 14:39:58', 0, 1, 4, 1, 45, 6, 0, 'fr-FR', 2, 'Desktop', 12, '15:39:52', 0, 88, 20, 1, 0, 0, 0, 0, 1, 0, 0, 0, 0, '', 0, '0.000000', '0.000000', 0),
(56, 1, '79bff58d73732014', '2022-11-08 20:38:29', '1cea6e7099b5d9f8', '127.0.0.1', '0', '2022-11-08 20:37:25', 1, 1, 2, 1, 2, 5, 0, 'fr', 1, 'Desktop', 12, '21:37:20', 0, 77, 20, 1, 0, 0, 0, 0, 1, 0, 0, 0, 0, '', 0, '0.000000', '0.000000', 0),
(57, 1, '79bff58d73732014', '2022-11-09 11:36:39', '1cea6e7099b5d9f8', '127.0.0.1', '1', '2022-11-09 10:41:47', 1, 1, 2, 1, 2, 14, 0, 'fr', 1, 'Desktop', 12, '11:41:43', 0, 3373, 20, 1, 0, 0, 0, 0, 1, 0, 0, 0, 0, '', 0, '0.000000', '0.000000', 0),
(58, 1, 'b2c54d0e9caa9980', '2022-11-10 19:28:33', '1cea6e7099b5d9f8', '127.0.0.1', '1', '2022-11-10 19:27:25', 0, 0, 1, 2, 2, 2, 0, 'fr', 1, 'Desktop', 12, '20:27:13', 0, 352, 20, 1, 0, 0, 0, 0, 1, 0, 0, 0, 0, '', 0, '0.000000', '0.000000', 0),
(59, 1, '464edaea524cab36', '2022-11-10 19:34:10', '1cea6e7099b5d9f8', '127.0.0.1', '1', '2022-11-10 19:34:10', 0, 0, 1, 0, 0, 1, 0, 'fr', 1, 'Desktop', 12, '20:34:04', 0, 0, 20, 1, 0, 0, 0, 0, 1, 0, 0, 0, 0, '', 0, '0.000000', '0.000000', 0),
(60, 1, '464edaea524cab36', '2022-11-11 10:32:46', '1cea6e7099b5d9f8', '127.0.0.1', '1', '2022-11-11 10:32:46', 0, 0, 1, 2, 0, 1, 0, 'fr', 1, 'Desktop', 12, '11:32:42', 0, 4769, 20, 1, 0, 0, 0, 0, 1, 0, 0, 0, 0, '', 0, '0.000000', '0.000000', 0),
(61, 1, '464edaea524cab36', '2022-11-20 06:11:47', '1cea6e7099b5d9f8', '127.0.0.1', '1', '2022-11-20 03:54:33', 0, 0, 1, 1, 1, 5, 0, 'fr', 1, 'Desktop', 12, '04:54:30', 0, 58226, 20, 1, 0, 0, 0, 0, 1, 0, 0, 0, 0, '', 0, '0.000000', '0.000000', 0),
(62, 1, 'a1e4a9f6e355cec6', '2022-12-02 09:26:00', 'd3770b6b1e862a83', '127.0.0.1', '0', '2022-12-02 09:26:00', 3, 1, 4, 1, 1, 1, 0, 'fr', 1, 'Desktop', 12, '10:25:49', 0, 0, 20, 1, 0, 0, 0, 0, 1, 0, 0, 0, 0, '', 0, '0.000000', '0.000000', 0),
(63, 1, '114999b6dd1b51d8', '2022-12-03 13:26:42', 'd3770b6b1e862a83', '127.0.0.1', '0', '2022-12-03 13:26:42', 0, 0, 1, 1, 1, 1, 0, 'fr', 1, 'Desktop', 12, '14:26:36', 0, 376, 20, 1, 0, 0, 0, 0, 1, 0, 0, 0, 0, '', 0, '0.000000', '0.000000', 0),
(64, 1, '114999b6dd1b51d8', '2022-12-07 17:53:16', 'd3770b6b1e862a83', '127.0.0.1', '0', '2022-12-07 17:53:16', 0, 0, 1, 1, 1, 1, 0, 'fr', 1, 'Desktop', 12, '18:52:25', 0, 3747, 20, 1, 0, 0, 0, 0, 1, 0, 0, 0, 0, '', 0, '0.000000', '0.000000', 0);

-- --------------------------------------------------------

--
-- Structure de la table `wp_wsm_logvisit`
--

CREATE TABLE IF NOT EXISTS `wp_wsm_logvisit` (
  `id` bigint(10) UNSIGNED NOT NULL AUTO_INCREMENT,
  `siteId` int(10) UNSIGNED NOT NULL,
  `visitorId` varchar(20) NOT NULL,
  `visitId` bigint(10) UNSIGNED NOT NULL,
  `refererUrlId` int(10) UNSIGNED DEFAULT '0',
  `keyword` varchar(200) DEFAULT NULL,
  `serverTime` datetime NOT NULL,
  `timeSpentRef` int(11) UNSIGNED NOT NULL,
  `URLId` int(10) UNSIGNED DEFAULT NULL,
  PRIMARY KEY (`id`),
  KEY `index_visitId` (`visitId`),
  KEY `index_siteId_serverTime` (`siteId`,`serverTime`)
) ENGINE=InnoDB AUTO_INCREMENT=318 DEFAULT CHARSET=utf8;

--
-- Déchargement des données de la table `wp_wsm_logvisit`
--

INSERT INTO `wp_wsm_logvisit` (`id`, `siteId`, `visitorId`, `visitId`, `refererUrlId`, `keyword`, `serverTime`, `timeSpentRef`, `URLId`) VALUES
(1, 1, '2d2f4fa3a93d9b74', 1, 0, '-', '2021-06-15 17:23:08', 1, 1),
(2, 1, '2d2f4fa3a93d9b74', 1, 0, '-', '2021-06-15 17:23:18', 3, 4),
(3, 1, '2d2f4fa3a93d9b74', 1, 0, '-', '2021-06-15 17:23:40', 23, 2),
(4, 1, '2d2f4fa3a93d9b74', 1, 0, '-', '2021-06-15 17:23:45', 236, 3),
(5, 1, '2d2f4fa3a93d9b74', 1, 0, '-', '2021-06-15 17:27:41', 0, 2),
(6, 1, '2d2f4fa3a93d9b74', 1, 0, '-', '2021-06-15 17:28:14', 5, 1),
(7, 1, '2d2f4fa3a93d9b74', 1, 0, '-', '2021-06-15 17:28:27', 7, 3),
(8, 1, '2d2f4fa3a93d9b74', 1, 0, '-', '2021-06-15 17:28:28', 47, 6),
(9, 1, '1873065367878270', 2, 0, '-', '2021-06-16 00:07:40', 0, 1),
(10, 1, '2d2f4fa3a93d9b74', 3, 0, '-', '2021-06-16 09:24:37', 50, 0),
(11, 1, '2d2f4fa3a93d9b74', 3, 0, '-', '2021-06-16 09:25:28', 1, 1),
(12, 1, '2d2f4fa3a93d9b74', 3, 0, '-', '2021-06-16 09:25:30', 2, 2),
(13, 1, '2d2f4fa3a93d9b74', 3, 0, '-', '2021-06-16 09:25:31', 0, 3),
(14, 1, '2d2f4fa3a93d9b74', 3, 0, '-', '2021-06-16 09:25:31', 674, 4),
(15, 1, '2d2f4fa3a93d9b74', 3, 0, '-', '2021-06-16 09:36:46', 1135, 1),
(16, 1, '2d2f4fa3a93d9b74', 3, 0, '-', '2021-06-16 09:55:52', 428, 1),
(17, 1, '2d2f4fa3a93d9b74', 3, 0, '-', '2021-06-16 10:03:16', 303, 9),
(18, 1, '5f2eb6366d23d2d9', 4, 10, '-', '2021-06-16 11:53:00', 0, 1),
(19, 1, '2d2f4fa3a93d9b74', 5, 0, '-', '2021-06-17 13:28:20', 0, 1),
(20, 1, '05cb4fd10a44f050', 6, 0, '-', '2021-06-17 19:24:58', 0, 1),
(21, 1, '05cb4fd10a44f050', 7, 0, '-', '2021-06-19 12:00:08', 385, 1),
(22, 1, '05cb4fd10a44f050', 8, 0, '-', '2021-06-21 21:58:32', 0, 1),
(23, 1, '88681735fc61370c', 9, 0, '-', '2021-06-22 04:52:49', 0, 1),
(24, 1, '0b0946fb7510cc62', 10, 11, '-', '2021-06-22 21:03:53', 0, 1),
(25, 1, 'df507b0a205e539d', 11, 0, '-', '2021-06-22 23:38:41', 60, 1),
(26, 1, 'df507b0a205e539d', 11, 0, '-', '2021-06-22 23:39:49', 369, 1),
(27, 1, 'd3173b258a28cf05', 12, 0, '-', '2021-06-22 23:41:18', 0, 1),
(28, 1, 'df507b0a205e539d', 11, 0, '-', '2021-06-22 23:50:51', 82, 1),
(29, 1, 'df507b0a205e539d', 13, 0, '-', '2021-06-23 00:10:33', 73, 0),
(30, 1, 'df507b0a205e539d', 13, 0, '-', '2021-06-23 00:12:01', 640, 1),
(31, 1, 'df507b0a205e539d', 13, 0, '-', '2021-06-23 00:24:07', 15, 1),
(32, 1, '2b5dee035e422d1a', 14, 0, '-', '2021-09-11 16:02:08', 14, 1),
(33, 1, '0e36d38d043595cd', 15, 0, '-', '2021-09-15 13:29:03', 1800, 1),
(34, 1, '0e36d38d043595cd', 15, 0, '-', '2021-09-15 15:28:43', 1800, 1),
(35, 1, '0e36d38d043595cd', 15, 0, '-', '2021-09-15 15:28:44', 92, 1),
(36, 1, '0e36d38d043595cd', 15, 0, '-', '2021-09-15 15:31:03', 103, 4),
(37, 1, '0e36d38d043595cd', 15, 0, '-', '2021-09-15 15:31:05', 104, 2),
(38, 1, '0e36d38d043595cd', 15, 0, '-', '2021-09-15 15:31:06', 1, 9),
(39, 1, '0e36d38d043595cd', 15, 0, '-', '2021-09-15 15:31:27', 22, 3),
(40, 1, '0e36d38d043595cd', 15, 0, '-', '2021-09-15 15:32:05', 1800, 6),
(41, 1, '994c7c23922cf3c3', 16, 0, '-', '2021-09-15 16:13:10', 306, 0),
(42, 1, '994c7c23922cf3c3', 17, 0, '-', '2021-09-16 07:41:57', 1800, 1),
(43, 1, 'a9e81bfac681db26', 18, 0, '-', '2021-09-16 08:46:06', 148, 1),
(44, 1, 'a9e81bfac681db26', 18, 0, '-', '2021-09-16 08:48:53', 36, 1),
(45, 1, 'a9e81bfac681db26', 18, 0, '-', '2021-09-16 09:12:48', 344, 1),
(46, 1, '994c7c23922cf3c3', 17, 0, '-', '2021-09-16 10:30:57', 1800, 1),
(47, 1, '994c7c23922cf3c3', 17, 0, '-', '2021-09-16 12:42:13', 30, 1),
(48, 1, '994c7c23922cf3c3', 17, 0, '-', '2021-09-16 12:42:55', 97, 6),
(49, 1, '994c7c23922cf3c3', 19, 0, '-', '2021-09-17 00:47:23', 1800, 0),
(50, 1, '3901e0c2ae8eb47c', 20, 0, '-', '2021-09-20 10:22:01', 58, 1),
(51, 1, '3901e0c2ae8eb47c', 21, 0, '-', '2021-09-22 22:09:38', 61, 1),
(52, 1, '3901e0c2ae8eb47c', 21, 0, '-', '2021-09-22 22:10:41', 252, 1),
(53, 1, '3901e0c2ae8eb47c', 21, 0, '-', '2021-09-22 22:20:50', 233, 1),
(54, 1, '3901e0c2ae8eb47c', 21, 0, '-', '2021-09-22 22:25:11', 267, 1),
(55, 1, '2e94d8938b750c55', 22, 0, '-', '2021-09-22 22:29:54', 153, 0),
(56, 1, '2e94d8938b750c55', 22, 0, '-', '2021-09-22 22:32:28', 126, 1),
(57, 1, '2e94d8938b750c55', 22, 0, '-', '2021-09-22 22:34:37', 1800, 1),
(58, 1, '2e94d8938b750c55', 22, 0, '-', '2021-09-22 23:31:38', 8, 1),
(59, 1, '2e94d8938b750c55', 22, 0, '-', '2021-09-22 23:31:42', 2, 6),
(60, 1, '2e94d8938b750c55', 22, 0, '-', '2021-09-22 23:50:32', 466, 1),
(61, 1, '2e94d8938b750c55', 23, 0, '-', '2021-09-23 01:15:58', 0, 0),
(62, 1, '2e94d8938b750c55', 24, 0, '-', '2021-09-24 12:28:19', 80, 2),
(63, 1, '2e94d8938b750c55', 24, 0, '-', '2021-09-24 13:16:33', 10, 1),
(64, 1, '2e94d8938b750c55', 24, 0, '-', '2021-09-24 13:16:46', 19, 2),
(65, 1, '2e94d8938b750c55', 24, 0, '-', '2021-09-24 13:17:09', 74, 19),
(66, 1, '2e94d8938b750c55', 25, 0, '-', '2021-09-25 10:57:23', 0, 19),
(67, 1, '2e94d8938b750c55', 26, 0, '-', '2021-09-27 09:34:04', 1800, 19),
(68, 1, '2e94d8938b750c55', 26, 0, '-', '2021-09-27 10:47:26', 443, 1),
(69, 1, '2e94d8938b750c55', 26, 0, '-', '2021-09-27 11:12:45', 1800, 1),
(70, 1, '2e94d8938b750c55', 27, 0, '-', '2021-09-28 10:09:29', 1800, 1),
(71, 1, '2e94d8938b750c55', 28, 0, '-', '2021-09-29 07:54:43', 0, 1),
(72, 1, '32cade0d0b3a70d5', 29, 0, '-', '2021-09-29 10:50:04', 1800, 1),
(73, 1, '32cade0d0b3a70d5', 30, 0, '-', '2021-09-29 10:50:04', 0, 1),
(74, 1, '32cade0d0b3a70d5', 29, 0, '-', '2021-09-29 13:06:23', 1800, 1),
(75, 1, 'dbd2c9216e2c9cf8', 31, 0, '-', '2021-10-04 09:33:05', 1201, 1),
(76, 1, 'dbd2c9216e2c9cf8', 31, 0, '-', '2021-10-04 15:48:15', 1800, 1),
(77, 1, 'dbd2c9216e2c9cf8', 31, 0, '-', '2021-10-04 16:57:11', 1800, 1),
(78, 1, 'dbd2c9216e2c9cf8', 31, 0, '-', '2021-10-04 16:57:28', 1800, 6),
(79, 1, '458ab586618453bc', 32, 0, '-', '2021-10-05 13:52:53', 37, 1),
(80, 1, '6cc1f6399205fad8', 33, 0, '-', '2021-10-28 11:13:48', 11, 1),
(81, 1, '148321249ba3a3b7', 34, 0, '-', '2021-10-28 15:16:28', 1800, 1),
(82, 1, 'd6ecf9ef48e059c1', 35, 0, '-', '2021-11-03 02:50:15', 0, 1),
(83, 1, 'c4c96afabc62f25a', 36, 0, '-', '2021-11-15 11:35:59', 1800, 1),
(84, 1, 'c4c96afabc62f25a', 37, 0, '-', '2021-11-16 00:55:51', 47, 1),
(85, 1, 'd028d908063067b4', 38, 0, '-', '2022-02-16 17:07:25', 1800, 1),
(86, 1, 'd028d908063067b4', 38, 0, '-', '2022-02-16 17:38:18', 1800, 1),
(87, 1, 'd028d908063067b4', 38, 0, '-', '2022-02-16 17:38:49', 30, 6),
(88, 1, 'd028d908063067b4', 39, 0, '-', '2022-02-17 09:31:19', 1800, 6),
(89, 1, 'd028d908063067b4', 40, 0, '-', '2022-02-18 10:49:52', 0, 0),
(90, 1, 'd028d908063067b4', 40, 0, '-', '2022-02-18 10:49:52', 0, 6),
(91, 1, 'd028d908063067b4', 40, 0, '-', '2022-02-18 10:51:08', 1800, 9),
(92, 1, 'd028d908063067b4', 41, 0, '-', '2022-03-01 22:59:56', 273, 1),
(93, 1, 'd028d908063067b4', 41, 0, '-', '2022-03-01 23:05:03', 15, 1),
(94, 1, 'd028d908063067b4', 41, 0, '-', '2022-03-01 23:05:35', 18, 22),
(95, 1, 'd028d908063067b4', 41, 0, '-', '2022-03-01 23:05:46', 17, 23),
(96, 1, 'd028d908063067b4', 41, 0, '-', '2022-03-01 23:06:27', 67, 1),
(97, 1, 'd028d908063067b4', 41, 0, '-', '2022-03-01 23:07:39', 47, 23),
(98, 1, 'd028d908063067b4', 41, 0, '-', '2022-03-01 23:08:32', 15, 2),
(99, 1, 'd028d908063067b4', 41, 0, '-', '2022-03-01 23:08:52', 124, 22),
(100, 1, 'd028d908063067b4', 41, 0, '-', '2022-03-01 23:11:24', 18, 1),
(101, 1, 'd028d908063067b4', 41, 0, '-', '2022-03-01 23:11:52', 165, 22),
(102, 1, 'd028d908063067b4', 41, 0, '-', '2022-03-01 23:14:40', 15, 23),
(103, 1, 'd028d908063067b4', 41, 0, '-', '2022-03-01 23:15:07', 71, 22),
(104, 1, 'd028d908063067b4', 41, 0, '-', '2022-03-01 23:16:20', 13, 22),
(105, 1, 'd028d908063067b4', 41, 0, '-', '2022-03-01 23:16:23', 3, 1),
(106, 1, 'd028d908063067b4', 41, 0, '-', '2022-03-01 23:16:41', 64, 23),
(107, 1, 'd028d908063067b4', 41, 0, '-', '2022-03-01 23:17:48', 198, 22),
(108, 1, 'd028d908063067b4', 41, 0, '-', '2022-03-01 23:21:14', 4, 22),
(109, 1, 'd028d908063067b4', 41, 0, '-', '2022-03-01 23:21:20', 39, 3),
(110, 1, 'd028d908063067b4', 41, 0, '-', '2022-03-01 23:22:14', 19, 22),
(111, 1, 'd028d908063067b4', 41, 0, '-', '2022-03-01 23:22:22', 15, 3),
(112, 1, 'd028d908063067b4', 41, 0, '-', '2022-03-01 23:22:59', 245, 27),
(113, 1, 'd028d908063067b4', 41, 0, '-', '2022-03-01 23:27:07', 248, 27),
(114, 1, 'd028d908063067b4', 41, 0, '-', '2022-03-01 23:27:10', 327, 1),
(115, 1, 'd028d908063067b4', 41, 0, '-', '2022-03-01 23:32:56', 193, 1),
(116, 1, 'd028d908063067b4', 41, 0, '-', '2022-03-01 23:36:20', 83, 1),
(117, 1, 'd028d908063067b4', 41, 0, '-', '2022-03-01 23:37:46', 221, 1),
(118, 1, 'd028d908063067b4', 41, 0, '-', '2022-03-01 23:41:33', 227, 1),
(119, 1, 'd028d908063067b4', 41, 0, '-', '2022-03-01 23:41:40', 64, 2),
(120, 1, 'd028d908063067b4', 41, 0, '-', '2022-03-01 23:42:48', 68, 2),
(121, 1, 'd028d908063067b4', 41, 0, '-', '2022-03-01 23:42:50', 148, 23),
(122, 1, 'd028d908063067b4', 41, 0, '-', '2022-03-01 23:45:20', 15, 23),
(123, 1, 'd028d908063067b4', 41, 0, '-', '2022-03-01 23:45:46', 334, 29),
(124, 1, 'd028d908063067b4', 41, 0, '-', '2022-03-01 23:51:25', 16, 1),
(125, 1, 'd028d908063067b4', 41, 0, '-', '2022-03-01 23:51:27', 8, 2),
(126, 1, 'd028d908063067b4', 41, 0, '-', '2022-03-01 23:51:38', 34, 6),
(127, 1, 'd028d908063067b4', 41, 0, '-', '2022-03-01 23:52:47', 25, 6),
(128, 1, 'd028d908063067b4', 41, 0, '-', '2022-03-01 23:52:50', 12, 32),
(129, 1, 'd028d908063067b4', 41, 0, '-', '2022-03-01 23:53:06', 2, 33),
(130, 1, 'd028d908063067b4', 41, 0, '-', '2022-03-01 23:53:34', 0, 2),
(131, 1, 'd028d908063067b4', 41, 0, '-', '2022-03-01 23:53:48', 4, 19),
(132, 1, 'd028d908063067b4', 41, 0, '-', '2022-03-01 23:53:52', 23, 29),
(133, 1, 'd028d908063067b4', 41, 0, '-', '2022-03-01 23:54:20', 4, 6),
(134, 1, 'd028d908063067b4', 41, 0, '-', '2022-03-01 23:54:26', 15, 1),
(135, 1, 'd028d908063067b4', 41, 0, '-', '2022-03-01 23:55:30', 269, 1),
(136, 1, 'd028d908063067b4', 42, 0, '-', '2022-03-02 00:00:15', 74, 0),
(137, 1, 'd028d908063067b4', 42, 0, '-', '2022-03-02 00:01:34', 96, 1),
(138, 1, 'd028d908063067b4', 42, 0, '-', '2022-03-02 08:58:51', 127, 1),
(139, 1, 'd028d908063067b4', 42, 0, '-', '2022-03-02 09:31:38', 7, 1),
(140, 1, 'd028d908063067b4', 42, 0, '-', '2022-03-02 09:31:41', 1800, 29),
(141, 1, 'd028d908063067b4', 42, 0, '-', '2022-03-02 22:19:00', 1800, 1),
(142, 1, 'd028d908063067b4', 43, 0, '-', '2022-03-03 09:17:58', 0, 29),
(143, 1, 'd028d908063067b4', 43, 0, '-', '2022-03-03 09:17:59', 1800, 1),
(144, 1, 'd028d908063067b4', 43, 0, '-', '2022-03-03 10:12:41', 1800, 1),
(145, 1, 'd028d908063067b4', 44, 0, '-', '2022-03-01 11:38:14', 0, 0),
(146, 1, 'd028d908063067b4', 45, 0, '-', '2022-03-09 12:50:41', 240, 0),
(147, 1, '981d01014d3d7c61', 46, 0, '-', '2022-04-03 13:10:40', 0, 0),
(148, 1, '981d01014d3d7c61', 47, 0, '-', '2022-03-03 17:38:05', 0, 0),
(149, 1, '981d01014d3d7c61', 48, 0, '-', '2022-03-04 17:48:12', 243, 1),
(150, 1, '981d01014d3d7c61', 48, 0, '-', '2022-03-04 17:52:17', 664, 1),
(151, 1, '981d01014d3d7c61', 49, 0, '-', '2022-03-05 12:22:35', 30, 1),
(152, 1, '981d01014d3d7c61', 49, 0, '-', '2022-03-05 12:23:44', 2, 1),
(153, 1, '981d01014d3d7c61', 49, 0, '-', '2022-03-05 12:23:49', 22, 2),
(154, 1, '981d01014d3d7c61', 49, 0, '-', '2022-03-05 12:24:26', 79, 23),
(155, 1, '981d01014d3d7c61', 49, 0, '-', '2022-03-05 12:26:22', 300, 1),
(156, 1, '981d01014d3d7c61', 49, 0, '-', '2022-03-05 12:31:24', 2, 2),
(157, 1, '981d01014d3d7c61', 49, 0, '-', '2022-03-05 12:32:04', 104, 1),
(158, 1, '981d01014d3d7c61', 49, 0, '-', '2022-03-05 12:33:52', 249, 1),
(159, 1, '981d01014d3d7c61', 49, 0, '-', '2022-03-05 12:38:18', 44, 1),
(160, 1, '981d01014d3d7c61', 49, 0, '-', '2022-03-05 12:39:28', 49, 1),
(161, 1, '981d01014d3d7c61', 49, 0, '-', '2022-03-05 12:40:19', 108, 2),
(162, 1, '981d01014d3d7c61', 49, 0, '-', '2022-03-05 12:42:10', 41, 1),
(163, 1, '981d01014d3d7c61', 49, 0, '-', '2022-03-05 12:42:12', 78, 2),
(164, 1, '981d01014d3d7c61', 49, 0, '-', '2022-03-05 12:44:15', 82, 1),
(165, 1, '981d01014d3d7c61', 49, 0, '-', '2022-03-05 12:44:19', 2, 2),
(166, 1, '981d01014d3d7c61', 49, 0, '-', '2022-03-05 12:44:27', 7, 23),
(167, 1, '981d01014d3d7c61', 49, 0, '-', '2022-03-05 12:44:32', 2, 19),
(168, 1, '981d01014d3d7c61', 49, 0, '-', '2022-03-05 12:44:36', 1, 29),
(169, 1, '981d01014d3d7c61', 49, 0, '-', '2022-03-05 12:44:37', 1, 33),
(170, 1, '981d01014d3d7c61', 49, 0, '-', '2022-03-05 12:46:44', 91, 33),
(171, 1, '981d01014d3d7c61', 49, 0, '-', '2022-03-05 12:48:20', 96, 1),
(172, 1, '981d01014d3d7c61', 49, 0, '-', '2022-03-05 12:48:23', 3, 2),
(173, 1, '981d01014d3d7c61', 49, 0, '-', '2022-03-05 12:48:37', 17, 23),
(174, 1, '981d01014d3d7c61', 49, 0, '-', '2022-03-05 12:48:43', 1, 19),
(175, 1, '981d01014d3d7c61', 49, 0, '-', '2022-03-05 12:48:47', 1, 29),
(176, 1, '981d01014d3d7c61', 49, 0, '-', '2022-03-05 12:48:50', 91, 33),
(177, 1, '981d01014d3d7c61', 49, 0, '-', '2022-03-05 12:51:06', 2, 2),
(178, 1, '981d01014d3d7c61', 49, 0, '-', '2022-03-05 12:51:30', 4, 33),
(179, 1, '981d01014d3d7c61', 49, 0, '-', '2022-03-05 12:51:35', 9, 29),
(180, 1, '981d01014d3d7c61', 49, 0, '-', '2022-03-05 12:51:38', 3, 19),
(181, 1, '981d01014d3d7c61', 49, 0, '-', '2022-03-05 12:51:43', 48, 23),
(182, 1, '981d01014d3d7c61', 49, 0, '-', '2022-03-05 12:52:54', 5, 2),
(183, 1, '981d01014d3d7c61', 49, 0, '-', '2022-03-05 12:52:57', 4, 23),
(184, 1, '981d01014d3d7c61', 49, 0, '-', '2022-03-05 12:54:01', 7, 23),
(185, 1, '981d01014d3d7c61', 49, 0, '-', '2022-03-05 12:54:12', 3, 2),
(186, 1, '981d01014d3d7c61', 49, 0, '-', '2022-03-05 12:54:15', 0, 19),
(187, 1, '981d01014d3d7c61', 49, 0, '-', '2022-03-05 12:54:20', 3, 29),
(188, 1, '981d01014d3d7c61', 49, 0, '-', '2022-03-05 12:54:22', 49, 33),
(189, 1, '981d01014d3d7c61', 49, 0, '-', '2022-03-05 12:55:19', 2, 2),
(190, 1, '981d01014d3d7c61', 49, 0, '-', '2022-03-05 12:55:34', 3, 23),
(191, 1, '981d01014d3d7c61', 49, 0, '-', '2022-03-05 12:55:38', 9, 19),
(192, 1, '981d01014d3d7c61', 49, 0, '-', '2022-03-05 12:55:41', 7, 29),
(193, 1, '981d01014d3d7c61', 49, 0, '-', '2022-03-05 12:55:43', 51, 33),
(194, 1, '981d01014d3d7c61', 49, 0, '-', '2022-03-05 12:56:59', 53, 1),
(195, 1, '981d01014d3d7c61', 49, 0, '-', '2022-03-05 12:57:02', 141, 6),
(196, 1, '981d01014d3d7c61', 49, 0, '-', '2022-03-05 12:59:25', 1, 1),
(197, 1, '981d01014d3d7c61', 49, 0, '-', '2022-03-05 12:59:28', 62, 6),
(198, 1, '981d01014d3d7c61', 49, 0, '-', '2022-03-05 13:00:58', 24, 6),
(199, 1, '981d01014d3d7c61', 49, 0, '-', '2022-03-05 13:01:41', 14, 1),
(200, 1, '981d01014d3d7c61', 49, 0, '-', '2022-03-05 13:02:50', 15, 1),
(201, 1, '981d01014d3d7c61', 49, 0, '-', '2022-03-05 13:04:03', 104, 1),
(202, 1, '981d01014d3d7c61', 49, 0, '-', '2022-03-05 13:06:28', 108, 1),
(203, 1, '981d01014d3d7c61', 49, 0, '-', '2022-03-05 13:06:30', 99, 3),
(204, 1, '981d01014d3d7c61', 49, 0, '-', '2022-03-05 13:08:37', 103, 3),
(205, 1, '981d01014d3d7c61', 49, 0, '-', '2022-03-05 13:10:24', 107, 3),
(206, 1, '981d01014d3d7c61', 49, 0, '-', '2022-03-05 13:10:26', 62, 1),
(207, 1, '981d01014d3d7c61', 49, 0, '-', '2022-03-05 13:11:40', 20, 1),
(208, 1, '981d01014d3d7c61', 49, 0, '-', '2022-03-05 13:14:35', 14, 1),
(209, 1, '981d01014d3d7c61', 49, 0, '-', '2022-03-05 13:15:21', 2, 9),
(210, 1, '981d01014d3d7c61', 49, 0, '-', '2022-03-05 13:15:25', 60, 4),
(211, 1, '981d01014d3d7c61', 49, 0, '-', '2022-03-05 13:17:09', 22, 4),
(212, 1, '981d01014d3d7c61', 49, 0, '-', '2022-03-05 13:18:11', 40, 4),
(213, 1, '981d01014d3d7c61', 49, 0, '-', '2022-03-05 13:18:13', 16, 6),
(214, 1, '981d01014d3d7c61', 49, 0, '-', '2022-03-05 13:18:31', 13, 1),
(215, 1, '981d01014d3d7c61', 49, 0, '-', '2022-03-05 13:18:46', 20, 2),
(216, 1, '981d01014d3d7c61', 49, 0, '-', '2022-03-05 13:18:52', 517, 23),
(217, 1, '981d01014d3d7c61', 49, 0, '-', '2022-03-05 13:27:56', 87, 2),
(218, 1, '981d01014d3d7c61', 49, 0, '-', '2022-03-05 13:29:25', 33, 2),
(219, 1, '981d01014d3d7c61', 49, 0, '-', '2022-03-05 13:30:37', 47, 2),
(220, 1, '981d01014d3d7c61', 49, 0, '-', '2022-03-05 13:31:57', 7, 2),
(221, 1, '981d01014d3d7c61', 49, 0, '-', '2022-03-05 13:32:06', 38, 33),
(222, 1, '981d01014d3d7c61', 49, 0, '-', '2022-03-05 13:33:08', 115, 33),
(223, 1, '981d01014d3d7c61', 49, 0, '-', '2022-03-05 13:35:23', 110, 2),
(224, 1, '981d01014d3d7c61', 49, 0, '-', '2022-03-05 13:37:17', 464, 2),
(225, 1, '981d01014d3d7c61', 49, 0, '-', '2022-03-05 13:45:06', 105, 2),
(226, 1, '981d01014d3d7c61', 49, 0, '-', '2022-03-05 13:47:12', 29, 2),
(227, 1, '981d01014d3d7c61', 49, 0, '-', '2022-03-05 13:47:14', 25, 1),
(228, 1, '981d01014d3d7c61', 49, 0, '-', '2022-03-05 13:48:46', 25, 1),
(229, 1, '981d01014d3d7c61', 49, 0, '-', '2022-03-05 13:49:14', 50, 33),
(230, 1, '981d01014d3d7c61', 49, 0, '-', '2022-03-05 13:50:08', 13, 1),
(231, 1, '981d01014d3d7c61', 49, 0, '-', '2022-03-05 13:50:34', 15, 2),
(232, 1, '981d01014d3d7c61', 49, 0, '-', '2022-03-05 13:51:12', 2, 1),
(233, 1, '981d01014d3d7c61', 49, 0, '-', '2022-03-05 13:51:45', 30, 52),
(234, 1, '981d01014d3d7c61', 49, 0, '-', '2022-03-05 13:52:49', 114, 1),
(235, 1, '981d01014d3d7c61', 49, 0, '-', '2022-03-05 13:54:45', 297, 2),
(236, 1, '981d01014d3d7c61', 49, 0, '-', '2022-03-05 13:59:45', 3, 33),
(237, 1, '981d01014d3d7c61', 49, 0, '-', '2022-03-05 14:00:04', 14, 2),
(238, 1, '981d01014d3d7c61', 49, 0, '-', '2022-03-05 14:00:36', 60, 22),
(239, 1, '981d01014d3d7c61', 49, 0, '-', '2022-03-05 14:01:41', 5, 22),
(240, 1, '981d01014d3d7c61', 49, 0, '-', '2022-03-05 14:01:43', 28, 1),
(241, 1, '981d01014d3d7c61', 49, 0, '-', '2022-03-05 14:02:14', 74, 2),
(242, 1, '981d01014d3d7c61', 49, 0, '-', '2022-03-05 14:03:33', 79, 2),
(243, 1, '981d01014d3d7c61', 49, 0, '-', '2022-03-05 14:03:35', 6, 23),
(244, 1, '981d01014d3d7c61', 49, 0, '-', '2022-03-05 14:04:03', 1800, 22),
(245, 1, '981d01014d3d7c61', 49, 0, '-', '2022-03-05 15:04:11', 3, 23),
(246, 1, '981d01014d3d7c61', 49, 0, '-', '2022-03-05 15:04:17', 2, 9),
(247, 1, '981d01014d3d7c61', 49, 0, '-', '2022-03-05 15:04:49', 87, 1),
(248, 1, '981d01014d3d7c61', 49, 0, '-', '2022-03-05 15:06:22', 171, 9),
(249, 1, '981d01014d3d7c61', 49, 0, '-', '2022-03-05 15:24:30', 1800, 1),
(250, 1, '981d01014d3d7c61', 49, 0, '-', '2022-03-05 18:27:02', 1800, 9),
(251, 1, '981d01014d3d7c61', 49, 0, '-', '2022-03-05 18:27:07', 266, 1),
(252, 1, '981d01014d3d7c61', 49, 0, '-', '2022-03-05 18:31:36', 269, 1),
(253, 1, '981d01014d3d7c61', 49, 0, '-', '2022-03-05 18:31:38', 60, 4),
(254, 1, '981d01014d3d7c61', 49, 0, '-', '2022-03-05 18:32:46', 68, 4),
(255, 1, '981d01014d3d7c61', 49, 0, '-', '2022-03-05 18:32:48', 2, 3),
(256, 1, '981d01014d3d7c61', 49, 0, '-', '2022-03-05 18:32:56', 330, 22),
(257, 1, '981d01014d3d7c61', 49, 0, '-', '2022-03-05 18:38:30', 334, 22),
(258, 1, '981d01014d3d7c61', 49, 0, '-', '2022-03-05 18:38:34', 448, 1),
(259, 1, '981d01014d3d7c61', 49, 0, '-', '2022-03-05 18:46:06', 59, 1),
(260, 1, '981d01014d3d7c61', 49, 0, '-', '2022-03-05 18:47:14', 170, 1),
(261, 1, '981d01014d3d7c61', 50, 0, '-', '2022-03-22 09:10:27', 35, 1),
(262, 1, '981d01014d3d7c61', 50, 0, '-', '2022-03-22 09:12:39', 234, 1),
(263, 1, '981d01014d3d7c61', 50, 0, '-', '2022-03-22 09:16:45', 992, 1),
(264, 1, '04c215fe77a2524f', 51, 0, '-', '2022-03-22 09:17:07', 21, 1),
(265, 1, '04c215fe77a2524f', 51, 0, '-', '2022-03-22 09:18:50', 849, 1),
(266, 1, '04c215fe77a2524f', 51, 0, '-', '2022-03-22 09:33:02', 103, 1),
(267, 1, '981d01014d3d7c61', 50, 0, '-', '2022-03-22 09:33:22', 71, 1),
(268, 1, '981d01014d3d7c61', 50, 0, '-', '2022-03-22 09:35:09', 107, 1),
(269, 1, '04c215fe77a2524f', 51, 0, '-', '2022-03-22 09:35:12', 41, 1),
(270, 1, '04c215fe77a2524f', 51, 0, '-', '2022-03-22 09:36:23', 57, 1),
(271, 1, '04c215fe77a2524f', 51, 0, '-', '2022-03-22 09:38:15', 6, 1),
(272, 1, '04c215fe77a2524f', 51, 0, '-', '2022-03-22 09:39:32', 48, 1),
(273, 1, '04c215fe77a2524f', 51, 0, '-', '2022-03-22 09:41:36', 248, 1),
(274, 1, '04c215fe77a2524f', 51, 0, '-', '2022-03-22 09:46:10', 309, 1),
(275, 1, '04c215fe77a2524f', 51, 0, '-', '2022-03-22 09:51:27', 29, 1),
(276, 1, '04c215fe77a2524f', 51, 0, '-', '2022-03-22 09:52:57', 76, 1),
(277, 1, '04c215fe77a2524f', 51, 0, '-', '2022-03-22 09:55:22', 67, 1),
(278, 1, '04c215fe77a2524f', 51, 0, '-', '2022-03-22 09:56:33', 22, 1),
(279, 1, '04c215fe77a2524f', 51, 0, '-', '2022-03-22 09:57:37', 23, 1),
(280, 1, '04c215fe77a2524f', 51, 0, '-', '2022-03-22 09:58:42', 1800, 1),
(281, 1, '41e2c819fdb3efbd', 52, 0, '-', '2022-04-04 22:58:47', 112, 1),
(282, 1, '64504eccda84d1f8', 53, 0, '-', '2022-04-15 15:36:02', 194, 1),
(283, 1, '64504eccda84d1f8', 53, 0, '-', '2022-04-15 15:39:18', 431, 1),
(284, 1, '0bc3d907647247f7', 54, 0, '-', '2022-04-30 11:11:24', 160, 1),
(285, 1, '0bc3d907647247f7', 54, 0, '-', '2022-04-30 11:14:14', 167, 6),
(286, 1, '0bc3d907647247f7', 54, 0, '-', '2022-04-30 11:14:15', 3, 1),
(287, 1, '0bc3d907647247f7', 54, 0, '-', '2022-04-30 11:15:29', 11, 1),
(288, 1, '0bc3d907647247f7', 54, 0, '-', '2022-04-30 11:16:29', 83, 6),
(289, 1, '0bc3d907647247f7', 55, 0, '-', '2022-05-04 14:39:55', 58, 1),
(290, 1, '0bc3d907647247f7', 55, 0, '-', '2022-05-04 14:41:09', 15, 1),
(291, 1, '79bff58d73732014', 56, 0, '-', '2022-11-08 20:37:24', 1, 1),
(292, 1, '79bff58d73732014', 56, 0, '-', '2022-11-08 20:38:10', 4, 4),
(293, 1, '79bff58d73732014', 56, 0, '-', '2022-11-08 20:38:10', 1, 9),
(294, 1, '79bff58d73732014', 56, 0, '-', '2022-11-08 20:38:15', 8, 6),
(295, 1, '79bff58d73732014', 56, 0, '-', '2022-11-08 20:38:27', 12, 2),
(296, 1, '79bff58d73732014', 57, 0, '-', '2022-11-09 10:41:46', 243, 1),
(297, 1, '79bff58d73732014', 57, 0, '-', '2022-11-09 10:45:54', 0, 1),
(298, 1, '79bff58d73732014', 57, 0, '-', '2022-11-09 10:45:56', 1448, 2),
(299, 1, '79bff58d73732014', 57, 0, '-', '2022-11-09 11:11:01', 436, 1),
(300, 1, '79bff58d73732014', 57, 0, '-', '2022-11-09 11:18:38', 92, 2),
(301, 1, '79bff58d73732014', 57, 0, '-', '2022-11-09 11:20:15', 312, 2),
(302, 1, '79bff58d73732014', 57, 0, '-', '2022-11-09 11:25:31', 147, 2),
(303, 1, '79bff58d73732014', 57, 0, '-', '2022-11-09 11:28:00', 286, 2),
(304, 1, '79bff58d73732014', 57, 0, '-', '2022-11-09 11:32:51', 226, 2),
(305, 1, '79bff58d73732014', 57, 0, '-', '2022-11-09 11:36:39', 80, 2),
(306, 1, 'b2c54d0e9caa9980', 58, 0, '-', '2022-11-10 19:27:25', 24, 2),
(307, 1, 'b2c54d0e9caa9980', 58, 0, '-', '2022-11-10 19:28:33', 283, 2),
(308, 1, '464edaea524cab36', 59, 0, '-', '2022-11-10 19:34:10', 0, 0),
(309, 1, '464edaea524cab36', 60, 0, '-', '2022-11-11 10:32:44', 1800, 2),
(310, 1, '464edaea524cab36', 61, 0, '-', '2022-11-20 03:54:33', 0, 1),
(311, 1, '464edaea524cab36', 61, 0, '-', '2022-11-20 03:54:51', 6, 57),
(312, 1, '464edaea524cab36', 61, 0, '-', '2022-11-20 03:55:01', 1800, 6),
(313, 1, '464edaea524cab36', 61, 0, '-', '2022-11-20 06:04:33', 419, 1),
(314, 1, '464edaea524cab36', 61, 0, '-', '2022-11-20 06:11:38', 1800, 1),
(315, 1, 'a1e4a9f6e355cec6', 62, 0, '-', '2022-12-02 09:26:00', 0, 1),
(316, 1, '114999b6dd1b51d8', 63, 0, '-', '2022-12-03 13:26:42', 375, 1),
(317, 1, '114999b6dd1b51d8', 64, 0, '-', '2022-12-07 17:53:15', 1800, 1);

-- --------------------------------------------------------

--
-- Structure de la table `wp_wsm_monthlydailyreport`
--

CREATE TABLE IF NOT EXISTS `wp_wsm_monthlydailyreport` (
  `id` int(10) UNSIGNED NOT NULL AUTO_INCREMENT,
  `name` varchar(50) NOT NULL,
  `reportMonthYear` varchar(50) NOT NULL,
  `content` text NOT NULL,
  `timezone` varchar(20) NOT NULL,
  PRIMARY KEY (`id`)
) ENGINE=InnoDB DEFAULT CHARSET=utf8;

-- --------------------------------------------------------

--
-- Doublure de structure pour la vue `wp_wsm_monthwisefirstvisitors`
-- (Voir ci-dessous la vue réelle)
--
DROP VIEW IF EXISTS `wp_wsm_monthwisefirstvisitors`;
CREATE TABLE IF NOT EXISTS `wp_wsm_monthwisefirstvisitors` (
);

-- --------------------------------------------------------

--
-- Doublure de structure pour la vue `wp_wsm_monthwisepageviews`
-- (Voir ci-dessous la vue réelle)
--
DROP VIEW IF EXISTS `wp_wsm_monthwisepageviews`;
CREATE TABLE IF NOT EXISTS `wp_wsm_monthwisepageviews` (
);

-- --------------------------------------------------------

--
-- Doublure de structure pour la vue `wp_wsm_monthwisevisitors`
-- (Voir ci-dessous la vue réelle)
--
DROP VIEW IF EXISTS `wp_wsm_monthwisevisitors`;
CREATE TABLE IF NOT EXISTS `wp_wsm_monthwisevisitors` (
`recordMonth` varchar(7)
,`visitors` bigint(21)
);

-- --------------------------------------------------------

--
-- Structure de la table `wp_wsm_monthwise_report`
--

CREATE TABLE IF NOT EXISTS `wp_wsm_monthwise_report` (
  `id` int(10) UNSIGNED NOT NULL AUTO_INCREMENT,
  `date` date NOT NULL,
  `normal` int(2) NOT NULL DEFAULT '0',
  `hour` int(2) NOT NULL DEFAULT '0',
  `search_engine` varchar(255) NOT NULL DEFAULT '',
  `browser` int(2) NOT NULL DEFAULT '0',
  `screen` int(2) NOT NULL DEFAULT '0',
  `country` int(3) NOT NULL DEFAULT '0',
  `city` varchar(255) NOT NULL DEFAULT '',
  `operating_system` int(2) NOT NULL DEFAULT '0',
  `url_id` int(11) NOT NULL DEFAULT '0',
  `total_page_views` int(11) NOT NULL DEFAULT '0',
  `total_visitors` int(11) NOT NULL DEFAULT '0',
  `total_first_time_visitors` int(11) NOT NULL DEFAULT '0',
  `total_bounce` int(11) NOT NULL DEFAULT '0',
  PRIMARY KEY (`id`)
) ENGINE=InnoDB AUTO_INCREMENT=27 DEFAULT CHARSET=utf8;

--
-- Déchargement des données de la table `wp_wsm_monthwise_report`
--

INSERT INTO `wp_wsm_monthwise_report` (`id`, `date`, `normal`, `hour`, `search_engine`, `browser`, `screen`, `country`, `city`, `operating_system`, `url_id`, `total_page_views`, `total_visitors`, `total_first_time_visitors`, `total_bounce`) VALUES
(1, '0000-00-00', 1, 0, '', 0, 0, 0, '', 0, 0, 4, 2, 2, 0),
(2, '0000-00-00', 0, 0, '', 2, 0, 0, '', 0, 0, 4, 2, 0, 0),
(3, '0000-00-00', 0, 0, '', 0, 20, 0, '', 0, 0, 4, 2, 0, 0),
(4, '0000-00-00', 0, 0, '', 0, 0, 0, '', 12, 0, 4, 2, 0, 0),
(5, '2022-02-15', 0, 1, '', 0, 0, 0, '', 0, 0, 0, 0, 0, 0),
(6, '2022-02-16', 0, 1, '', 0, 0, 0, '', 0, 0, 3, 1, 1, 0),
(7, '2022-02-17', 0, 1, '', 0, 0, 0, '', 0, 0, 1, 1, 1, 0),
(8, '2022-02-28', 0, 1, '', 0, 0, 0, '', 0, 0, 0, 0, 0, 0),
(9, '0000-00-00', 1, 0, '', 0, 0, 0, '', 0, 0, 6, 2, 2, 0),
(10, '0000-00-00', 0, 0, '', 2, 0, 0, '', 0, 0, 6, 2, 0, 0),
(11, '0000-00-00', 0, 0, '', 0, 20, 0, '', 0, 0, 6, 2, 0, 0),
(12, '0000-00-00', 0, 0, '', 0, 0, 0, '', 12, 0, 6, 2, 0, 0),
(13, '2022-04-02', 0, 1, '', 0, 0, 0, '', 0, 0, 0, 0, 0, 0),
(14, '2022-04-03', 0, 1, '', 0, 0, 0, '', 0, 0, 1, 1, 1, 0),
(15, '2022-04-14', 0, 1, '', 0, 0, 0, '', 0, 0, 0, 0, 0, 0),
(16, '2022-04-29', 0, 1, '', 0, 0, 0, '', 0, 0, 0, 0, 0, 0),
(17, '2022-04-30', 0, 1, '', 0, 0, 0, '', 0, 0, 5, 1, 1, 0),
(18, '0000-00-00', 1, 0, '', 0, 0, 0, '', 0, 0, 13, 3, 3, 0),
(19, '0000-00-00', 0, 0, '', 1, 0, 0, '', 0, 0, 13, 3, 0, 0),
(20, '0000-00-00', 0, 0, '', 0, 20, 0, '', 0, 0, 13, 3, 0, 0),
(21, '0000-00-00', 0, 0, '', 0, 0, 0, '', 12, 0, 13, 3, 0, 0),
(22, '2022-11-07', 0, 1, '', 0, 0, 0, '', 0, 0, 0, 0, 0, 0),
(23, '2022-11-09', 0, 1, '', 0, 0, 0, '', 0, 0, 10, 2, 1, 0),
(24, '2022-11-10', 0, 1, '', 0, 0, 0, '', 0, 0, 3, 2, 2, 0),
(25, '2022-11-14', 0, 1, '', 0, 0, 0, '', 0, 0, 0, 0, 0, 0),
(26, '2022-11-19', 0, 1, '', 0, 0, 0, '', 0, 0, 0, 0, 0, 0);

-- --------------------------------------------------------

--
-- Structure de la table `wp_wsm_osystems`
--

CREATE TABLE IF NOT EXISTS `wp_wsm_osystems` (
  `id` tinyint(2) UNSIGNED NOT NULL AUTO_INCREMENT,
  `name` varchar(255) DEFAULT NULL,
  PRIMARY KEY (`id`)
) ENGINE=InnoDB AUTO_INCREMENT=14 DEFAULT CHARSET=utf8;

--
-- Déchargement des données de la table `wp_wsm_osystems`
--

INSERT INTO `wp_wsm_osystems` (`id`, `name`) VALUES
(1, 'Windows 98'),
(2, 'Windows CE'),
(3, 'Linux'),
(4, 'Unix'),
(5, 'Windows 2000'),
(6, 'Windows XP'),
(7, 'Windows 8'),
(8, 'Windows 10'),
(9, 'Mac OS'),
(10, 'Android'),
(11, 'IOS'),
(12, 'Windows 8.1'),
(13, 'Windows 7');

-- --------------------------------------------------------

--
-- Doublure de structure pour la vue `wp_wsm_pageviews`
-- (Voir ci-dessous la vue réelle)
--
DROP VIEW IF EXISTS `wp_wsm_pageviews`;
CREATE TABLE IF NOT EXISTS `wp_wsm_pageviews` (
);

-- --------------------------------------------------------

--
-- Structure de la table `wp_wsm_regions`
--

CREATE TABLE IF NOT EXISTS `wp_wsm_regions` (
  `id` tinyint(1) UNSIGNED NOT NULL AUTO_INCREMENT,
  `code` char(2) NOT NULL COMMENT 'Region code',
  `name` varchar(255) DEFAULT NULL,
  PRIMARY KEY (`id`)
) ENGINE=InnoDB AUTO_INCREMENT=8 DEFAULT CHARSET=utf8;

--
-- Déchargement des données de la table `wp_wsm_regions`
--

INSERT INTO `wp_wsm_regions` (`id`, `code`, `name`) VALUES
(1, 'AF', 'Africa'),
(2, 'AN', 'Antarctica'),
(3, 'AS', 'Asia'),
(4, 'EU', 'Europe'),
(5, 'NA', 'North America'),
(6, 'OC', 'Oceania'),
(7, 'SA', 'South America');

-- --------------------------------------------------------

--
-- Structure de la table `wp_wsm_resolutions`
--

CREATE TABLE IF NOT EXISTS `wp_wsm_resolutions` (
  `id` tinyint(2) UNSIGNED NOT NULL AUTO_INCREMENT,
  `name` varchar(255) DEFAULT NULL,
  PRIMARY KEY (`id`)
) ENGINE=InnoDB AUTO_INCREMENT=28 DEFAULT CHARSET=utf8;

--
-- Déchargement des données de la table `wp_wsm_resolutions`
--

INSERT INTO `wp_wsm_resolutions` (`id`, `name`) VALUES
(1, '640x480'),
(2, '800x600'),
(3, '960x720'),
(4, '1024x768'),
(5, '1280x960'),
(6, '1400x1050'),
(7, '1440x1080'),
(8, '1600x1200'),
(9, '1856x1392'),
(10, '1920x1440'),
(11, '2048x1536'),
(12, '1280x800'),
(13, '1440x900'),
(14, '1680x1050'),
(15, '1920x1200'),
(16, '2560x1600'),
(17, '1024x576'),
(18, '1152x648'),
(19, '1280x720'),
(20, '1366x768'),
(21, '1600x900'),
(22, '1920x1080'),
(23, '2560x1440'),
(24, '3840x2160'),
(25, '412x869'),
(26, '375x667'),
(27, '320x480');

-- --------------------------------------------------------

--
-- Structure de la table `wp_wsm_searchengines`
--

CREATE TABLE IF NOT EXISTS `wp_wsm_searchengines` (
  `id` tinyint(2) UNSIGNED NOT NULL AUTO_INCREMENT,
  `name` varchar(255) DEFAULT NULL,
  PRIMARY KEY (`id`)
) ENGINE=InnoDB AUTO_INCREMENT=13 DEFAULT CHARSET=utf8;

--
-- Déchargement des données de la table `wp_wsm_searchengines`
--

INSERT INTO `wp_wsm_searchengines` (`id`, `name`) VALUES
(1, 'Google'),
(2, 'Bing'),
(3, 'Yahoo'),
(4, 'Baidu'),
(5, 'AOL'),
(6, 'Ask'),
(7, 'Excite'),
(8, 'Duck Duck Go'),
(9, 'WolframAlpha'),
(10, 'Yandex'),
(11, 'Lycos'),
(12, 'Chacha');

-- --------------------------------------------------------

--
-- Structure de la table `wp_wsm_toolbars`
--

CREATE TABLE IF NOT EXISTS `wp_wsm_toolbars` (
  `id` tinyint(2) UNSIGNED NOT NULL AUTO_INCREMENT,
  `name` varchar(255) DEFAULT NULL,
  PRIMARY KEY (`id`)
) ENGINE=InnoDB AUTO_INCREMENT=10 DEFAULT CHARSET=utf8;

--
-- Déchargement des données de la table `wp_wsm_toolbars`
--

INSERT INTO `wp_wsm_toolbars` (`id`, `name`) VALUES
(1, 'Alexa'),
(2, 'AOL'),
(3, 'Bing'),
(4, 'Data'),
(5, 'Google'),
(6, 'Kiwee'),
(7, 'Mirar'),
(8, 'Windows Live'),
(9, 'Yahoo');

-- --------------------------------------------------------

--
-- Doublure de structure pour la vue `wp_wsm_uniquevisitors`
-- (Voir ci-dessous la vue réelle)
--
DROP VIEW IF EXISTS `wp_wsm_uniquevisitors`;
CREATE TABLE IF NOT EXISTS `wp_wsm_uniquevisitors` (
);

-- --------------------------------------------------------

--
-- Structure de la table `wp_wsm_url_log`
--

CREATE TABLE IF NOT EXISTS `wp_wsm_url_log` (
  `id` int(10) UNSIGNED NOT NULL AUTO_INCREMENT,
  `pageId` int(10) UNSIGNED DEFAULT NULL,
  `title` text,
  `hash` varchar(20) NOT NULL,
  `protocol` varchar(10) NOT NULL,
  `url` text,
  `searchEngine` int(2) UNSIGNED DEFAULT NULL,
  `toolBar` int(2) UNSIGNED DEFAULT NULL,
  PRIMARY KEY (`id`),
  KEY `index_type_hash` (`pageId`,`hash`,`searchEngine`),
  KEY `index_tb_hash` (`pageId`,`hash`,`searchEngine`)
) ENGINE=InnoDB AUTO_INCREMENT=58 DEFAULT CHARSET=utf8;

--
-- Déchargement des données de la table `wp_wsm_url_log`
--

INSERT INTO `wp_wsm_url_log` (`id`, `pageId`, `title`, `hash`, `protocol`, `url`, `searchEngine`, `toolBar`) VALUES
(1, 32, 'Accueil', 'a3188d919aba2556', 'https://', 'closdanthonyresidence.com', 0, 0),
(2, 14, 'Logements', 'fee20debe2e8f6d4', 'https://', 'closdanthonyresidence.com/logements', 0, 0),
(3, 15, 'Reservations', '5df64370893e42b4', 'https://', 'closdanthonyresidence.com/recherche-disponibilite', 0, 0),
(4, 61, 'Galerie', 'a051900870e089cb', 'https://', 'closdanthonyresidence.com/galerie', 0, 0),
(5, NULL, 'Galerie', 'e0154094dfc577fd', 'https://', 'closdanthonyresidence.com/wp-admin/post.php?post=14&action=edit', 0, 0),
(6, 59, 'A propos de nous', '7e5b503af38c6dd2', 'https://', 'closdanthonyresidence.com/a-propos-de-nous', 0, 0),
(7, NULL, 'A propos de nous', 'db7e4c9198d448dd', 'https://', 'closdanthonyresidence.com/wp-admin/admin.php?page=lw-settings', 0, 0),
(8, NULL, 'A propos de nous', 'd84a79d8ccd4212b', 'https://', 'closdanthonyresidence.com/wp-admin/admin.php?page=wsm_traffic', 0, 0),
(9, 63, 'Contacts', 'a7ee3f6a9dcc1217', 'https://', 'closdanthonyresidence.com/contacts', 0, 0),
(10, NULL, 'Contacts', '1d5920f4b44b27a8', 'https://', 'google.com', 1, 5),
(11, NULL, 'Contacts', '788eeb6fd0aefa6b', 'http://', 'hzoelc.ahar.net', 0, 0),
(12, 14, 'Logements', '2ecdc5928b399980', 'http://', 'localhost/closdanthonyresidence.com/logements', 0, 0),
(13, 59, 'A propos de nous', 'f59c59bb0dc72f94', 'http://', 'localhost/closdanthonyresidence.com/a-propos-de-nous', 0, 0),
(14, 61, 'Galerie', 'f083d2b4eed68083', 'http://', 'localhost/closdanthonyresidence.com/galerie', 0, 0),
(15, 15, 'Reservations', 'b59c391f687493d8', 'http://', 'localhost/closdanthonyresidence.com/recherche-disponibilite', 0, 0),
(16, 63, 'Contacts', '90184f92587df9e0', 'http://', 'localhost/closdanthonyresidence.com/contacts', 0, 0),
(17, 32, 'Accueil', 'abddf44cd4240a77', 'http://', 'localhost/closdanthonyresidence.com/#', 0, 0),
(18, 32, 'Accueil', '1444b4f154c06c85', 'http://', 'localhost/closdanthonyresidence.com/wp-admin/post.php?post=59&action=edit', 0, 0),
(19, 180, 'Studio meublé rez de chaussée gauche', '7611289fd04098ef', 'http://', 'localhost/closdanthonyresidence.com/accommodation/studio-meuble-rc-gauche', 0, 0),
(20, NULL, 'Studio meublé rez de chaussée gauche', '2e8ada13390e4847', 'http://', 'localhost/closdanthonyresidence.com/wp-content/grand-media/image/stud_meub_-rc_sal3.jpg', 0, 0),
(21, NULL, 'Studio meublé rez de chaussée gauche', '5212faf35d4fda8e', 'http://', 'localhost/closdanthonyresidence.com/wp-admin/customize.php?url=localhost/closdanthonyresidence.com', 0, 0),
(22, 16, 'Résultats de la recherche', '65c207b9caf181aa', 'http://', 'localhost/closdanthonyresidence.com/resultats-de-la-recherche/?mphb_check_in_date=03/03/2022&mphb_check_out_date=13/05/2022&mphb_adults=1&mphb_children=1&mphb_check_in_date=2022-03-03&mphb_check_out_date=2022-05-13', 0, 0),
(23, 182, 'Studio meublé 2ème étage', '030db2479f151a5d', 'http://', 'localhost/closdanthonyresidence.com/accommodation/studio-meuble-haut/?#booking-form-182', 0, 0),
(24, NULL, 'Studio meublé 2ème étage', 'ee51563b5e97e1cb', 'http://', 'localhost/closdanthonyresidence.com/wp-admin/post.php?post=182&action=edit', 0, 0),
(25, NULL, 'Studio meublé 2ème étage', 'f1431741a4d90c66', 'http://', 'localhost/closdanthonyresidence.com/wp-admin/post.php?post=14&action=edit', 0, 0),
(26, 32, 'Accueil', 'e69a5311aed93329', 'http://', 'localhost/closdanthonyresidence.com', 0, 0),
(27, 32, 'Accueil', '6b19213833a61792', 'http://', 'localhost/closdanthonyresidence.com/confirmation-de-reservation', 0, 0),
(28, 182, 'Studio meublé 2ème étage', 'f5e2724ba74c8ff2', 'http://', 'localhost/closdanthonyresidence.com/accommodation/studio-meuble-haut', 0, 0),
(29, 155, 'Studio rez de chaussée droit', '8d5ec420944bd630', 'http://', 'localhost/closdanthonyresidence.com/accommodation/studio-meuble-rc-droit/?#booking-form-155', 0, 0),
(30, 14, 'Logements', 'c9e716111ef7b253', 'http://', 'localhost/closdanthonyresidence.com/logements/?customize_changeset_uuid=757713d0-3415-46ab-a70c-513afacd0ecf&customize_autosaved=on&customize_messenger_channel=preview-6', 0, 0),
(31, 59, 'A propos de nous', '31a1b40a90999cd3', 'http://', 'localhost/closdanthonyresidence.com/a-propos-de-nous/?customize_changeset_uuid=81c6043e-b83f-4095-bc4b-947d7e6f7396&customize_autosaved=on&customize_messenger_channel=preview-7', 0, 0),
(32, 59, 'A propos de nous', '644d886b6d1f9161', 'http://', 'localhost/closdanthonyresidence.com/2021/03/05/appartement-meuble', 0, 0),
(33, 156, 'Appartement meublé 2ème étage', 'c99f5e294e29d27d', 'http://', 'localhost/closdanthonyresidence.com/accommodation/appartements-meubles', 0, 0),
(34, 155, 'Studio rez de chaussée droit', '9d15e451db4f394b', 'http://', 'localhost/closdanthonyresidence.com/accommodation/studio-meuble-rc-droit', 0, 0),
(35, 32, 'Accueil', 'cddb3ed760653d79', 'http://', 'localhost/closdanthonyresidence.com/?customize_changeset_uuid=81c6043e-b83f-4095-bc4b-947d7e6f7396&customize_autosaved=on&customize_messenger_channel=preview-11', 0, 0),
(36, 32, 'Accueil', '013dcbf558e2021d', 'https://', 'wa.me/15146213903/?text=hello!!residence clos anthony j\'aimerais louer un appartement chez vous.', 0, 0),
(37, NULL, 'Accueil', '42f5af8c5014ace9', 'http://', 'localhost/closdanthonyresidence.com/wp-admin/customize.php?url=localhost/closdanthonyresidence.com/logements', 0, 0),
(38, 32, 'Accueil', 'acd7a778da2f457c', 'http://', 'localhost/closdanthonyresidence.com/?customize_changeset_uuid=15bd0fee-d7fa-499e-a0ba-4d1739757102&customize_messenger_channel=preview-0', 0, 0),
(39, 32, 'Accueil', 'ab8136d4cd864073', 'https://', 'web.whatsapp.com/send?phone=15146213903&text=hello!!residence clos anthony j\'aimerais louer un appartement chez vous.', 0, 0),
(40, 32, 'Accueil', 'd52337417fc04f2f', 'http://', 'localhost/closdanthonyresidence.com/wp-admin/nav-menus.php', 0, 0),
(41, 32, 'Accueil', 'b32fcd1f88161403', 'http://', 'localhost/closdanthonyresidence.com/wp-admin/post-new.php?post_type=page', 0, 0),
(42, 32, 'Accueil', 'dbd1aae472ce425e', 'http://', 'localhost/closdanthonyresidence.com/wp-admin/post.php?post=156&action=edit', 0, 0),
(43, 32, 'Accueil', 'bca26ffb3a8a720c', 'http://', 'localhost/closdanthonyresidence.com/wp-admin/post.php?post=180&action=edit', 0, 0),
(44, 32, 'Accueil', 'f914b1d15af5a39c', 'http://', 'localhost/closdanthonyresidence.com/wp-admin/post.php?post=155&action=edit', 0, 0),
(45, 32, 'Accueil', '0621155dad204143', 'http://', 'localhost/closdanthonyresidence.com/wp-admin/widgets.php', 0, 0),
(46, 32, 'Accueil', '78145c3df9060817', 'http://', 'localhost/closdanthonyresidence.com/wp-admin/post.php?post=61&action=edit', 0, 0),
(47, 32, 'Accueil', '6d20e097c2ec9d1a', 'http://', 'localhost/closdanthonyresidence.com/wp-admin/admin.php?page=lw-settings', 0, 0),
(48, 32, 'Accueil', '6890391b9bb217d9', 'http://', 'localhost/closdanthonyresidence.com/?customize_changeset_uuid=ed8a01e4-db00-4ac9-acae-389b15c9c5b3&customize_messenger_channel=preview-0', 0, 0),
(49, 32, 'Accueil', '4fc5c5ef631531e0', 'http://', 'localhost/closdanthonyresidence.com/wp-admin', 0, 0),
(50, 32, 'Accueil', 'e9f4aa69982a9e59', 'http://', 'localhost/closdanthonyresidence.com/?customize_changeset_uuid=e8efe373-1871-4868-a5b6-0aca8c8411ca&customize_messenger_channel=preview-0', 0, 0),
(51, 730, 'Appartement meublé au 3<sup>ème </sup>étage', '80261b593867fa92', 'http://', 'localhost/closdanthonyresidence.com/2021/03/05/appartement-meuble/?customize_changeset_uuid=92e84b62-d77e-48f6-b57e-a262453179a2&customize_autosaved=on&customize_messenger_channel=preview-3', 0, 0),
(52, 730, 'Appartement meublé au 3<sup>ème </sup>étage', '29543dcddcb22ef8', 'http://', 'localhost/closdanthonyresidence.com/2021/03/05/appartement-meuble/?customize_changeset_uuid=92e84b62-d77e-48f6-b57e-a262453179a2&customize_theme=hotel-galaxy&customize_messenger_channel=preview-4&customize_autosaved=on', 0, 0),
(53, 32, 'Accueil', '1e320e357bf480ec', 'http://', 'localhost/closdanthonyresidence.com/?customize_changeset_uuid=92e84b62-d77e-48f6-b57e-a262453179a2&customize_autosaved=on&customize_messenger_channel=preview-4', 0, 0),
(54, 32, 'Accueil', '96c6b605a900f3fd', 'http://', 'localhost/closdanthonyresidence.com/wp-admin/post.php?post=63&action=edit', 0, 0),
(55, NULL, 'Accueil', '0b294d77bab740a4', 'http://', 'localhost/closdanthonyresidence.com/wp-admin/post.php?post=32&action=edit', 0, 0),
(56, NULL, 'Accueil', 'af56add495aca10a', 'http://', 'localhost/closdanthonyresidence.com/wp-admin/edit.php?post_status=all&post_type=shop_order&filter_booking=booking&filter_action=filter', 0, 0),
(57, 0, 'Accueil', '2187e5eeeceaab78', 'http://', 'localhost/closdanthonyresidence.com_test', 0, 0);

-- --------------------------------------------------------

--
-- Doublure de structure pour la vue `wp_wsm_visitorinfo`
-- (Voir ci-dessous la vue réelle)
--
DROP VIEW IF EXISTS `wp_wsm_visitorinfo`;
CREATE TABLE IF NOT EXISTS `wp_wsm_visitorinfo` (
);

-- --------------------------------------------------------

--
-- Structure de la table `wp_wsm_yearlymonthlyreport`
--

CREATE TABLE IF NOT EXISTS `wp_wsm_yearlymonthlyreport` (
  `id` int(10) UNSIGNED NOT NULL AUTO_INCREMENT,
  `name` varchar(50) NOT NULL,
  `reportYear` varchar(10) NOT NULL,
  `content` text NOT NULL,
  `timezone` varchar(20) NOT NULL,
  PRIMARY KEY (`id`)
) ENGINE=InnoDB DEFAULT CHARSET=utf8;

-- --------------------------------------------------------

--
-- Structure de la table `wp_wsm_yearwise_report`
--

CREATE TABLE IF NOT EXISTS `wp_wsm_yearwise_report` (
  `id` int(10) UNSIGNED NOT NULL AUTO_INCREMENT,
  `date` date NOT NULL,
  `normal` int(2) NOT NULL DEFAULT '0',
  `hour` int(2) NOT NULL DEFAULT '0',
  `search_engine` varchar(255) NOT NULL DEFAULT '',
  `browser` int(2) NOT NULL DEFAULT '0',
  `screen` int(2) NOT NULL DEFAULT '0',
  `country` int(3) NOT NULL DEFAULT '0',
  `city` varchar(255) NOT NULL DEFAULT '',
  `operating_system` int(2) NOT NULL DEFAULT '0',
  `url_id` int(11) NOT NULL DEFAULT '0',
  `total_page_views` int(11) NOT NULL DEFAULT '0',
  `total_visitors` int(11) NOT NULL DEFAULT '0',
  `total_first_time_visitors` int(11) NOT NULL DEFAULT '0',
  `total_bounce` int(11) NOT NULL DEFAULT '0',
  PRIMARY KEY (`id`)
) ENGINE=InnoDB DEFAULT CHARSET=utf8;

-- --------------------------------------------------------

--
-- Structure de la vue `wp_wsm_bouncevisits`
--

CREATE ALGORITHM=UNDEFINED DEFINER=`closda2288_cluse`@`localhost` SQL SECURITY DEFINER VIEW `wp_wsm_bouncevisits`  AS  select `wp_wsm_pageviews`.`visitId` AS `visitId`,`wp_wsm_pageviews`.`visitLastActionTime` AS `visitLastActionTime` from `wp_wsm_pageviews` group by `wp_wsm_pageviews`.`visitId` having (count(`wp_wsm_pageviews`.`URLId`) = 1) ;

-- --------------------------------------------------------

--
-- Structure de la vue `wp_wsm_datewisefirstvisitors`
--

CREATE ALGORITHM=UNDEFINED DEFINER=`closda2288_cluse`@`localhost` SQL SECURITY DEFINER VIEW `wp_wsm_datewisefirstvisitors`  AS  select date_format(convert_tz(`wp_wsm_uniquevisitors`.`firstVisitTime`,'+00:00','+02:00'),'%Y-%m-%d') AS `recordDate`,count(`wp_wsm_uniquevisitors`.`visitorId`) AS `visitors` from `wp_wsm_uniquevisitors` group by date_format(convert_tz(`wp_wsm_uniquevisitors`.`firstVisitTime`,'+00:00','+02:00'),'%Y-%m-%d') ;

-- --------------------------------------------------------

--
-- Structure de la vue `wp_wsm_datewisepageviews`
--

CREATE ALGORITHM=UNDEFINED DEFINER=`closda2288_cluse`@`localhost` SQL SECURITY DEFINER VIEW `wp_wsm_datewisepageviews`  AS  select date_format(convert_tz(`wp_wsm_pageviews`.`visitLastActionTime`,'+00:00','+02:00'),'%Y-%m-%d') AS `recordDate`,sum(`wp_wsm_pageviews`.`totalViews`) AS `pageViews` from `wp_wsm_pageviews` group by date_format(convert_tz(`wp_wsm_pageviews`.`visitLastActionTime`,'+00:00','+02:00'),'%Y-%m-%d') ;

-- --------------------------------------------------------

--
-- Structure de la vue `wp_wsm_datewisevisitors`
--

CREATE ALGORITHM=UNDEFINED DEFINER=`root`@`localhost` SQL SECURITY DEFINER VIEW `wp_wsm_datewisevisitors`  AS  select date_format(convert_tz(`wp_wsm_loguniquevisit`.`visitLastActionTime`,'+00:00','+01:00'),'%Y-%m-%d') AS `recordDate`,count(0) AS `visitors` from `wp_wsm_loguniquevisit` group by date_format(convert_tz(`wp_wsm_loguniquevisit`.`visitLastActionTime`,'+00:00','+01:00'),'%Y-%m-%d') ;

-- --------------------------------------------------------

--
-- Structure de la vue `wp_wsm_hourwisefirstvisitors`
--

CREATE ALGORITHM=UNDEFINED DEFINER=`closda2288_cluse`@`localhost` SQL SECURITY DEFINER VIEW `wp_wsm_hourwisefirstvisitors`  AS  select hour(convert_tz(`wp_wsm_uniquevisitors`.`firstVisitTime`,'+00:00','+02:00')) AS `hour`,count(0) AS `visitors` from `wp_wsm_uniquevisitors` where (convert_tz(`wp_wsm_uniquevisitors`.`firstVisitTime`,'+00:00','+02:00') >= '2021-06-23 00:00:00') group by hour(convert_tz(`wp_wsm_uniquevisitors`.`firstVisitTime`,'+00:00','+02:00')) ;

-- --------------------------------------------------------

--
-- Structure de la vue `wp_wsm_hourwisepageviews`
--

CREATE ALGORITHM=UNDEFINED DEFINER=`closda2288_cluse`@`localhost` SQL SECURITY DEFINER VIEW `wp_wsm_hourwisepageviews`  AS  select hour(convert_tz(`wp_wsm_pageviews`.`visitLastActionTime`,'+00:00','+02:00')) AS `hour`,sum(`wp_wsm_pageviews`.`totalViews`) AS `pageViews` from `wp_wsm_pageviews` where (convert_tz(`wp_wsm_pageviews`.`visitLastActionTime`,'+00:00','+02:00') >= '2021-06-23 00:00:00') group by hour(convert_tz(`wp_wsm_pageviews`.`visitLastActionTime`,'+00:00','+02:00')) ;

-- --------------------------------------------------------

--
-- Structure de la vue `wp_wsm_hourwisevisitors`
--

CREATE ALGORITHM=UNDEFINED DEFINER=`root`@`localhost` SQL SECURITY DEFINER VIEW `wp_wsm_hourwisevisitors`  AS  select hour(convert_tz(`wp_wsm_loguniquevisit`.`firstActionVisitTime`,'+00:00','+01:00')) AS `hour`,count(0) AS `visitors` from `wp_wsm_loguniquevisit` where (convert_tz(`wp_wsm_loguniquevisit`.`firstActionVisitTime`,'+00:00','+01:00') >= '2022-12-07 00:00:00') group by hour(convert_tz(`wp_wsm_loguniquevisit`.`firstActionVisitTime`,'+00:00','+01:00')) ;

-- --------------------------------------------------------

--
-- Structure de la vue `wp_wsm_monthwisefirstvisitors`
--

CREATE ALGORITHM=UNDEFINED DEFINER=`closda2288_cluse`@`localhost` SQL SECURITY DEFINER VIEW `wp_wsm_monthwisefirstvisitors`  AS  select date_format(convert_tz(`wp_wsm_uniquevisitors`.`firstVisitTime`,'+00:00','+02:00'),'%Y-%m') AS `recordMonth`,count(`wp_wsm_uniquevisitors`.`visitorId`) AS `visitors` from `wp_wsm_uniquevisitors` group by date_format(convert_tz(`wp_wsm_uniquevisitors`.`firstVisitTime`,'+00:00','+02:00'),'%Y-%m') ;

-- --------------------------------------------------------

--
-- Structure de la vue `wp_wsm_monthwisepageviews`
--

CREATE ALGORITHM=UNDEFINED DEFINER=`closda2288_cluse`@`localhost` SQL SECURITY DEFINER VIEW `wp_wsm_monthwisepageviews`  AS  select date_format(convert_tz(`wp_wsm_pageviews`.`visitLastActionTime`,'+00:00','+02:00'),'%Y-%m') AS `recordMonth`,sum(`wp_wsm_pageviews`.`totalViews`) AS `pageViews` from `wp_wsm_pageviews` group by date_format(convert_tz(`wp_wsm_pageviews`.`visitLastActionTime`,'+00:00','+02:00'),'%Y-%m') ;

-- --------------------------------------------------------

--
-- Structure de la vue `wp_wsm_monthwisevisitors`
--

CREATE ALGORITHM=UNDEFINED DEFINER=`root`@`localhost` SQL SECURITY DEFINER VIEW `wp_wsm_monthwisevisitors`  AS  select date_format(convert_tz(`wp_wsm_loguniquevisit`.`visitLastActionTime`,'+00:00','+02:00'),'%Y-%m') AS `recordMonth`,count(0) AS `visitors` from `wp_wsm_loguniquevisit` group by date_format(convert_tz(`wp_wsm_loguniquevisit`.`visitLastActionTime`,'+00:00','+02:00'),'%Y-%m') ;

-- --------------------------------------------------------

--
-- Structure de la vue `wp_wsm_pageviews`
--

CREATE ALGORITHM=UNDEFINED DEFINER=`closda2288_cluse`@`localhost` SQL SECURITY DEFINER VIEW `wp_wsm_pageviews`  AS  select `lv`.`visitId` AS `visitId`,`lv`.`URLId` AS `URLId`,`lv`.`keyword` AS `keyword`,`lv`.`refererUrlId` AS `refererUrlId`,`lu`.`countryId` AS `countryId`,`lu`.`regionId` AS `regionId`,count(0) AS `totalViews`,max(`lv`.`serverTime`) AS `visitLastActionTime` from (`wp_wsm_logvisit` `lv` left join `wp_wsm_loguniquevisit` `lu` on((`lv`.`visitId` = `lu`.`id`))) group by `lv`.`visitId`,`lv`.`URLId` ;

-- --------------------------------------------------------

--
-- Structure de la vue `wp_wsm_uniquevisitors`
--

CREATE ALGORITHM=UNDEFINED DEFINER=`closda2288_cluse`@`localhost` SQL SECURITY DEFINER VIEW `wp_wsm_uniquevisitors`  AS  select `lu`.`id` AS `id`,`lu`.`visitorId` AS `visitorId`,sum(`lu`.`totalTimeVisit`) AS `totalTimeVisit`,min(`lv`.`serverTime`) AS `firstVisitTime`,`lu`.`refererUrlId` AS `refererUrlId` from (`wp_wsm_loguniquevisit` `lu` left join `wp_wsm_logvisit` `lv` on((`lv`.`visitId` = `lu`.`id`))) group by `lu`.`visitorId` ;

-- --------------------------------------------------------

--
-- Structure de la vue `wp_wsm_visitorinfo`
--

CREATE ALGORITHM=UNDEFINED DEFINER=`closda2288_cluse`@`localhost` SQL SECURITY DEFINER VIEW `wp_wsm_visitorinfo`  AS  select `lv`.`visitId` AS `visitId`,`lu`.`userId` AS `userId`,`lv`.`serverTime` AS `serverTime`,`lu`.`visitLastActionTime` AS `visitLastActionTime`,`lv`.`URLId` AS `urlId`,count(`lv`.`URLId`) AS `hits`,`ul`.`title` AS `title`,concat(`ul`.`protocol`,`ul`.`url`) AS `url`,concat(`ul2`.`protocol`,`ul2`.`url`) AS `refUrl`,`lu`.`visitorId` AS `visitorId`,`lu`.`ipAddress` AS `ipAddress`,`lu`.`city` AS `city`,`c`.`alpha2Code` AS `alpha2Code`,`c`.`name` AS `country`,`lu`.`deviceType` AS `deviceType`,`b`.`name` AS `browser`,`os`.`name` AS `osystem`,`lu`.`latitude` AS `latitude`,`lu`.`longitude` AS `longitude`,`r`.`name` AS `resolution`,`se`.`name` AS `searchEngine`,`tb`.`name` AS `toolBar` from (((((((((`wp_wsm_logvisit` `lv` left join `wp_wsm_loguniquevisit` `lu` on((`lu`.`id` = `lv`.`visitId`))) left join `wp_wsm_countries` `c` on((`c`.`id` = `lu`.`countryId`))) left join `wp_wsm_browsers` `b` on((`b`.`id` = `lu`.`browserId`))) left join `wp_wsm_resolutions` `r` on((`r`.`id` = `lu`.`resolutionId`))) left join `wp_wsm_url_log` `ul` on((`lv`.`URLId` = `ul`.`id`))) left join `wp_wsm_url_log` `ul2` on((`lv`.`refererUrlId` = `ul2`.`id`))) left join `wp_wsm_searchengines` `se` on((`se`.`id` = `ul`.`searchEngine`))) left join `wp_wsm_toolbars` `tb` on((`tb`.`id` = `ul`.`toolBar`))) left join `wp_wsm_osystems` `os` on((`os`.`id` = `lu`.`oSystemId`))) group by `lv`.`visitId`,`lv`.`URLId` order by `lv`.`visitId` desc,`lv`.`serverTime` desc ;
COMMIT;

